{"id":733655,"date":"2025-08-27T22:14:18","date_gmt":"2025-08-27T19:14:18","guid":{"rendered":"https:\/\/roveyayinevi.com.tr\/index.php\/urun\/hakki-nerede\/"},"modified":"2026-04-16T02:41:33","modified_gmt":"2026-04-15T23:41:33","slug":"hakki-nerede","status":"publish","type":"product","link":"https:\/\/roveyayinevi.com.tr\/index.php\/urun\/hakki-nerede\/","title":{"rendered":"Hakk\u0131 Nerede ?"},"content":{"rendered":"<p>Can ve Hakk\u0131, birbirlerinden hi\u00e7 ayr\u0131lmam\u0131\u015f, iki \u00e7ok yak\u0131n arkada\u015f! Hep beraberler: Parkta, tatilde, banyoda, uykuda\u2026 Ama bir g\u00fcn Canlar\u2019\u0131n evleri boyan\u0131r ve bak\u0131n neler olur? Ger\u00e7ek bir olaydan esinlenerek yaz\u0131lm\u0131\u015f bu hik\u00e2yede, Can ve Hakk\u0131\u2019n\u0131n ayr\u0131lma ve yeniden bulu\u015fma maceras\u0131na e\u015flik edeceksiniz. Kitab\u0131m\u0131z\u0131n bir de \u015fark\u0131s\u0131n\u0131 yapt\u0131k. Kitap i\u00e7indeki kare koddan rahatl\u0131kla ula\u015f\u0131p dinleyebilirsiniz.<\/p>\n","protected":false},"excerpt":{"rendered":"<p>Can ve Hakk\u0131, birbirlerinden hi\u00e7 ayr\u0131lmam\u0131\u015f, iki \u00e7ok yak\u0131n arkada\u015f! Hep beraberler: Parkta, tatilde, banyoda, uykuda\u2026 Ama bir g\u00fcn Canlar\u2019\u0131n evleri boyan\u0131r ve bak\u0131n neler olur?<span class=\"excerpt-hellip\"> [\u2026]<\/span><\/p>\n","protected":false},"featured_media":0,"template":"","meta":{"_monsterinsights_skip_tracking":false,"_monsterinsights_sitenote_active":false,"_monsterinsights_sitenote_note":"","_monsterinsights_sitenote_category":0},"product_brand":[],"product_cat":[12913,12274],"product_tag":[],"class_list":{"0":"post-733655","1":"product","2":"type-product","3":"status-publish","5":"product_cat-3-6-yas-kitaplari","6":"product_cat-cocuk-ve-genclik-kitaplari","7":"pa_cilt-ciltsiz","8":"pa_tur-kitap","9":"pa_yayinevi-potikare-yayincilik","10":"pa_yazar-sema-ates","12":"first","13":"instock","14":"sale","15":"shipping-taxable","16":"purchasable","17":"product-type-simple"},"_links":{"self":[{"href":"https:\/\/roveyayinevi.com.tr\/index.php\/wp-json\/wp\/v2\/product\/733655","targetHints":{"allow":["GET"]}}],"collection":[{"href":"https:\/\/roveyayinevi.com.tr\/index.php\/wp-json\/wp\/v2\/product"}],"about":[{"href":"https:\/\/roveyayinevi.com.tr\/index.php\/wp-json\/wp\/v2\/types\/product"}],"wp:attachment":[{"href":"https:\/\/roveyayinevi.com.tr\/index.php\/wp-json\/wp\/v2\/media?parent=733655"}],"wp:term":[{"taxonomy":"product_brand","embeddable":true,"href":"https:\/\/roveyayinevi.com.tr\/index.php\/wp-json\/wp\/v2\/product_brand?post=733655"},{"taxonomy":"product_cat","embeddable":true,"href":"https:\/\/roveyayinevi.com.tr\/index.php\/wp-json\/wp\/v2\/product_cat?post=733655"},{"taxonomy":"product_tag","embeddable":true,"href":"https:\/\/roveyayinevi.com.tr\/index.php\/wp-json\/wp\/v2\/product_tag?post=733655"}],"curies":[{"name":"wp","href":"https:\/\/api.w.org\/{rel}","templated":true}]}}