{"id":733654,"date":"2025-08-27T22:14:17","date_gmt":"2025-08-27T19:14:17","guid":{"rendered":"https:\/\/roveyayinevi.com.tr\/index.php\/urun\/her-kalp-kirilir\/"},"modified":"2026-04-16T02:41:33","modified_gmt":"2026-04-15T23:41:33","slug":"her-kalp-kirilir","status":"publish","type":"product","link":"https:\/\/roveyayinevi.com.tr\/index.php\/urun\/her-kalp-kirilir\/","title":{"rendered":"Her Kalp K\u0131r\u0131l\u0131r"},"content":{"rendered":"<p>Bu ya\u015f\u0131na dek kendi ba\u015f\u0131na ayakta kalmay\u0131 ba\u015farm\u0131\u015f olan Beyah\u2019n\u0131n tek iste\u011fi ge\u00e7mi\u015fi ard\u0131nda b\u0131rak\u0131p hayal etti\u011fi gelece\u011fe ad\u0131m atmakt\u0131r.   Ancak beklenmedik bir olay t\u00fcm planlar\u0131n\u0131 alt\u00fcsteder ve Beyah yaz aylar\u0131n\u0131 ge\u00e7irmek \u00fczere Teksas\u2019ta bir yar\u0131madada ya\u015fayan, neredeyse hi\u00e7 tan\u0131mad\u0131\u011f\u0131 babas\u0131n\u0131n yan\u0131na gitmek zorunda kal\u0131r. Oradaki g\u00fcnlerine sab\u0131rla katlan\u0131p kendi yoluna gidece\u011fi an\u0131 beklerken yeni kom\u015fular\u0131 Samson\u2019la tan\u0131\u015f\u0131r.   G\u00f6r\u00fcn\u00fcrde benzer hi\u00e7bir y\u00f6nleri olmayan Samsonve Beyah, birbirlerini ke\u015ffederlerken hik\u00e2yeleri yaln\u0131zca bir yaz ka\u00e7ama\u011f\u0131 olarak m\u0131 kalacakt\u0131ryoksa bunun \u00f6tesine ge\u00e7ecek ve yakla\u015fan ak\u0131nt\u0131 kalplerini a\u00e7\u0131klara m\u0131 s\u00fcr\u00fckleyecektir? <\/p>\n","protected":false},"excerpt":{"rendered":"<p>Bu ya\u015f\u0131na dek kendi ba\u015f\u0131na ayakta kalmay\u0131 ba\u015farm\u0131\u015f olan Beyah\u2019n\u0131n tek iste\u011fi ge\u00e7mi\u015fi ard\u0131nda b\u0131rak\u0131p hayal etti\u011fi gelece\u011fe ad\u0131m atmakt\u0131r. Ancak beklenmedik bir olay t\u00fcm planlar\u0131n\u0131<span class=\"excerpt-hellip\"> [\u2026]<\/span><\/p>\n","protected":false},"featured_media":0,"template":"","meta":{"_monsterinsights_skip_tracking":false,"_monsterinsights_sitenote_active":false,"_monsterinsights_sitenote_note":"","_monsterinsights_sitenote_category":0},"product_brand":[],"product_cat":[12291,12711],"product_tag":[],"class_list":{"0":"post-733654","1":"product","2":"type-product","3":"status-publish","5":"product_cat-edebiyat","6":"product_cat-roman-oyku","7":"pa_cilt-ciltsiz","8":"pa_tur-kitap","9":"pa_yayinevi-ephesus-yayinlari","10":"pa_yazar-colleen-hoover","12":"first","13":"instock","14":"sale","15":"shipping-taxable","16":"purchasable","17":"product-type-simple"},"_links":{"self":[{"href":"https:\/\/roveyayinevi.com.tr\/index.php\/wp-json\/wp\/v2\/product\/733654","targetHints":{"allow":["GET"]}}],"collection":[{"href":"https:\/\/roveyayinevi.com.tr\/index.php\/wp-json\/wp\/v2\/product"}],"about":[{"href":"https:\/\/roveyayinevi.com.tr\/index.php\/wp-json\/wp\/v2\/types\/product"}],"wp:attachment":[{"href":"https:\/\/roveyayinevi.com.tr\/index.php\/wp-json\/wp\/v2\/media?parent=733654"}],"wp:term":[{"taxonomy":"product_brand","embeddable":true,"href":"https:\/\/roveyayinevi.com.tr\/index.php\/wp-json\/wp\/v2\/product_brand?post=733654"},{"taxonomy":"product_cat","embeddable":true,"href":"https:\/\/roveyayinevi.com.tr\/index.php\/wp-json\/wp\/v2\/product_cat?post=733654"},{"taxonomy":"product_tag","embeddable":true,"href":"https:\/\/roveyayinevi.com.tr\/index.php\/wp-json\/wp\/v2\/product_tag?post=733654"}],"curies":[{"name":"wp","href":"https:\/\/api.w.org\/{rel}","templated":true}]}}