{"id":733645,"date":"2025-08-27T22:14:07","date_gmt":"2025-08-27T19:14:07","guid":{"rendered":"https:\/\/roveyayinevi.com.tr\/index.php\/urun\/bilinc-gokten-dusmedi\/"},"modified":"2026-04-16T02:41:33","modified_gmt":"2026-04-15T23:41:33","slug":"bilinc-gokten-dusmedi","status":"publish","type":"product","link":"https:\/\/roveyayinevi.com.tr\/index.php\/urun\/bilinc-gokten-dusmedi\/","title":{"rendered":"Bilin\u00e7 G\u00f6kten D\u00fc\u015fmedi"},"content":{"rendered":"<p>\u201cBeynimiz haz\u0131r, bir \u015fekilde g\u00f6kten d\u00fc\u015fmedi. Beynimiz yakla\u015f\u0131k bir milyon y\u0131l \u00f6nce kendi varl\u0131\u011f\u0131n\u0131n bilincine varmaya ba\u015flad\u0131\u011f\u0131nda en az\u0131ndan bir milyar ya\u015f\u0131ndayd\u0131. \u00d6znenin ya\u015fant\u0131s\u0131nda ilk kez d\u00fcnyan\u0131n bir t\u00fcr izd\u00fc\u015f\u00fcm\u00fc, bir t\u00fcr kopyas\u0131 ya da imgesi ortaya \u00e7\u0131kt\u0131\u011f\u0131nda, bu imgenin neye benzeyece\u011fi konusundaki kararlar evrimce \u00e7oktan al\u0131nm\u0131\u015ft\u0131\u2026 Her hal\u00fck\u00e2rda bunlar biyolojik kararlard\u0131.\u201d\u2013Hoimar von Ditfurth\u201cHoimar von Ditfurth, bilimsel bilgilerin i\u00e7inden ilerleyerek d\u00fcnyan\u0131n b\u00fct\u00fcnsel bir resmini \u00e7\u0131kart\u0131yor kar\u015f\u0131m\u0131z. Burada bize aktar\u0131lan \u015fey \u2018bilimin ne dedi\u011fi\u2019 de\u011fil. Bilimden yararlanarak ve bilimsel bilgiden en k\u00fc\u00e7\u00fck bir \u00f6d\u00fcn vermeyerek d\u00fcnyay\u0131 kavray\u0131\u015f\u0131m\u0131za ili\u015fkin bir \u00f6yk\u00fc, hatta bir roman yaz\u0131yor Ditfurth. Bu nedenle onun kitaplar\u0131na \u2018pop\u00fcler bilim\u2019 s\u0131fat\u0131n\u0131n ne kadar uydu\u011funu sormadan edemiyorum. Ya da acaba \u2018as\u0131l pop\u00fcler bilim budur\u2019 mu demek gerekiyor?\u201d\u2013Turgay Kurultay<\/p>\n","protected":false},"excerpt":{"rendered":"<p>\u201cBeynimiz haz\u0131r, bir \u015fekilde g\u00f6kten d\u00fc\u015fmedi. Beynimiz yakla\u015f\u0131k bir milyon y\u0131l \u00f6nce kendi varl\u0131\u011f\u0131n\u0131n bilincine varmaya ba\u015flad\u0131\u011f\u0131nda en az\u0131ndan bir milyar ya\u015f\u0131ndayd\u0131. \u00d6znenin ya\u015fant\u0131s\u0131nda ilk kez<span class=\"excerpt-hellip\"> [\u2026]<\/span><\/p>\n","protected":false},"featured_media":0,"template":"","meta":{"_monsterinsights_skip_tracking":false,"_monsterinsights_sitenote_active":false,"_monsterinsights_sitenote_note":"","_monsterinsights_sitenote_category":0},"product_brand":[],"product_cat":[13005,37328],"product_tag":[],"class_list":{"0":"post-733645","1":"product","2":"type-product","3":"status-publish","5":"product_cat-bilim-muhendislik","6":"product_cat-diger-bilim-muhendislik","7":"pa_cilt-ciltsiz","8":"pa_tur-kitap","9":"pa_yayinevi-alfa-yayinlari","10":"pa_yazar-hoimar-von-ditfurth","12":"first","13":"instock","14":"sale","15":"shipping-taxable","16":"purchasable","17":"product-type-simple"},"_links":{"self":[{"href":"https:\/\/roveyayinevi.com.tr\/index.php\/wp-json\/wp\/v2\/product\/733645","targetHints":{"allow":["GET"]}}],"collection":[{"href":"https:\/\/roveyayinevi.com.tr\/index.php\/wp-json\/wp\/v2\/product"}],"about":[{"href":"https:\/\/roveyayinevi.com.tr\/index.php\/wp-json\/wp\/v2\/types\/product"}],"wp:attachment":[{"href":"https:\/\/roveyayinevi.com.tr\/index.php\/wp-json\/wp\/v2\/media?parent=733645"}],"wp:term":[{"taxonomy":"product_brand","embeddable":true,"href":"https:\/\/roveyayinevi.com.tr\/index.php\/wp-json\/wp\/v2\/product_brand?post=733645"},{"taxonomy":"product_cat","embeddable":true,"href":"https:\/\/roveyayinevi.com.tr\/index.php\/wp-json\/wp\/v2\/product_cat?post=733645"},{"taxonomy":"product_tag","embeddable":true,"href":"https:\/\/roveyayinevi.com.tr\/index.php\/wp-json\/wp\/v2\/product_tag?post=733645"}],"curies":[{"name":"wp","href":"https:\/\/api.w.org\/{rel}","templated":true}]}}