{"id":733558,"date":"2025-08-27T22:12:14","date_gmt":"2025-08-27T19:12:14","guid":{"rendered":"https:\/\/roveyayinevi.com.tr\/index.php\/urun\/kok-3\/"},"modified":"2026-04-16T02:41:31","modified_gmt":"2026-04-15T23:41:31","slug":"kok-3","status":"publish","type":"product","link":"https:\/\/roveyayinevi.com.tr\/index.php\/urun\/kok-3\/","title":{"rendered":"K\u00f6k"},"content":{"rendered":"<p>Ser\u00fcven on y\u0131l sonra Konstantiniyye\u2019de devam ediyor. Elena\u2019y\u0131 iyile\u015ftirmek i\u00e7in Piri Reis haritas\u0131n\u0131n rehberli\u011finde d\u00fcnyay\u0131 dola\u015fan kafadarlar insanl\u0131\u011f\u0131n k\u00f6kenini ararken Guatemala\u2019dan, \u0130ngiltere\u2019ye, M\u0131s\u0131r\u2019dan Anadolu\u2019ya kadar savruluyor. &#8230; \u201cDo\u011fruldu masan\u0131n \u00f6b\u00fcr ucuna ge\u00e7ip, t\u00fcy kalemini m\u00fcrekkebe son kez dald\u0131rd\u0131. Fazla m\u00fcrekkebin hokkaya damlamas\u0131n\u0131 sab\u0131rla bekledi. Haritada Kolomb\u2019un \u00fclkesi olarak an\u0131lan ama Kolomb\u2019un hi\u00e7 ayak basmad\u0131\u011f\u0131 topraklara \u015funlar\u0131 yazd\u0131; \u201cBu haritay\u0131 Kemal Reis\u2019in erkek karde\u015finin o\u011flu olarak tan\u0131nan Hac\u0131 Mehmet o\u011flu Piri Reis 1513 y\u0131l\u0131n\u0131n Mart ve Nisan aylar\u0131nda Gelibolu\u2019da \u00e7izmi\u015ftir.\u201d<\/p>\n","protected":false},"excerpt":{"rendered":"<p>Ser\u00fcven on y\u0131l sonra Konstantiniyye\u2019de devam ediyor. Elena\u2019y\u0131 iyile\u015ftirmek i\u00e7in Piri Reis haritas\u0131n\u0131n rehberli\u011finde d\u00fcnyay\u0131 dola\u015fan kafadarlar insanl\u0131\u011f\u0131n k\u00f6kenini ararken Guatemala\u2019dan, \u0130ngiltere\u2019ye, M\u0131s\u0131r\u2019dan Anadolu\u2019ya kadar savruluyor.<span class=\"excerpt-hellip\"> [\u2026]<\/span><\/p>\n","protected":false},"featured_media":0,"template":"","meta":{"_monsterinsights_skip_tracking":false,"_monsterinsights_sitenote_active":false,"_monsterinsights_sitenote_note":"","_monsterinsights_sitenote_category":0},"product_brand":[],"product_cat":[12291,12745],"product_tag":[],"class_list":{"0":"post-733558","1":"product","2":"type-product","3":"status-publish","5":"product_cat-edebiyat","6":"product_cat-tarihi-roman","7":"pa_cilt-ciltsiz","8":"pa_tur-kitap","9":"pa_yayinevi-abis-yayincilik","10":"pa_yazar-ozgur-vural","12":"first","13":"instock","14":"sale","15":"shipping-taxable","16":"purchasable","17":"product-type-simple"},"_links":{"self":[{"href":"https:\/\/roveyayinevi.com.tr\/index.php\/wp-json\/wp\/v2\/product\/733558","targetHints":{"allow":["GET"]}}],"collection":[{"href":"https:\/\/roveyayinevi.com.tr\/index.php\/wp-json\/wp\/v2\/product"}],"about":[{"href":"https:\/\/roveyayinevi.com.tr\/index.php\/wp-json\/wp\/v2\/types\/product"}],"wp:attachment":[{"href":"https:\/\/roveyayinevi.com.tr\/index.php\/wp-json\/wp\/v2\/media?parent=733558"}],"wp:term":[{"taxonomy":"product_brand","embeddable":true,"href":"https:\/\/roveyayinevi.com.tr\/index.php\/wp-json\/wp\/v2\/product_brand?post=733558"},{"taxonomy":"product_cat","embeddable":true,"href":"https:\/\/roveyayinevi.com.tr\/index.php\/wp-json\/wp\/v2\/product_cat?post=733558"},{"taxonomy":"product_tag","embeddable":true,"href":"https:\/\/roveyayinevi.com.tr\/index.php\/wp-json\/wp\/v2\/product_tag?post=733558"}],"curies":[{"name":"wp","href":"https:\/\/api.w.org\/{rel}","templated":true}]}}