{"id":733545,"date":"2025-08-27T22:12:00","date_gmt":"2025-08-27T19:12:00","guid":{"rendered":"https:\/\/roveyayinevi.com.tr\/index.php\/urun\/martin-eden-olmak\/"},"modified":"2026-04-16T02:41:30","modified_gmt":"2026-04-15T23:41:30","slug":"martin-eden-olmak","status":"publish","type":"product","link":"https:\/\/roveyayinevi.com.tr\/index.php\/urun\/martin-eden-olmak\/","title":{"rendered":"Martin Eden Olmak"},"content":{"rendered":"<p>\u201cSEN\u0130N DE F\u0130K\u0130RLER\u0130N TIPKI G\u0130YS\u0130LER\u0130N G\u0130B\u0130 BA\u015eKALARI TARAFINDAN \u00dcRET\u0130LM\u0130\u015e.\u201d Yar\u0131 otobiyografik bir eser say\u0131lan Martin Eden, Jack London\u2019\u0131n yaratt\u0131\u011f\u0131 en ger\u00e7ek\u00e7i ve otantik karakterlerdendir. Martin bizden biridir; tan\u0131d\u0131kt\u0131r, karde\u015ftir, arkada\u015ft\u0131r, i\u015f\u00e7idir. \u00d6mr\u00fc m\u00fccadeleyle ge\u00e7mi\u015f, sokaklarda yani ger\u00e7e\u011fin ta kendisinden \u00f6\u011frenmi\u015f hayat\u0131. Martin, \u00e2\u015f\u0131k oldu\u011fu burjuva kad\u0131n\u0131 ve onun elit \u00e7evresini etkilemek i\u00e7in tak\u0131nt\u0131l\u0131 say\u0131labilecek bir azimle kendini entelekt\u00fcel anlamda geli\u015ftiren ve me\u015fhur bir yazar olma hayalinin pe\u015finden t\u00fcm imk\u00e2ns\u0131zl\u0131klara ra\u011fmen pes etmeden ko\u015fan fakir bir denizci. Ait olmak istedi\u011fi s\u0131n\u0131f\u0131n ahlak\u0131n\u0131 ve de\u011ferlerini anlad\u0131k\u00e7a ba\u015fta g\u00f6rd\u00fc\u011f\u00fc g\u00fczelli\u011fin asl\u0131nda ne kadar i\u00e7i bo\u015f bir d\u00fcnya oldu\u011funu fark etmeye ba\u015flar ve bu fark\u0131ndal\u0131k onu i\u00e7inden \u00e7\u0131kamayaca\u011f\u0131 kadar karanl\u0131k bir kuyunun i\u00e7ine hapseder. Martin Eden karakteri s\u0131n\u0131fsal farkl\u0131l\u0131klar\u0131n temelini, bireycili\u011fin hazin sonunu bizlere en ger\u00e7ek ve yal\u0131n haliyle g\u00f6steriyor. Bireysel devrime giden yolda ustaca kurgulanan MART\u0130N EDEN, asl\u0131nda ger\u00e7e\u011fin en ac\u0131mas\u0131z y\u00fcz\u00fcne tan\u0131kl\u0131k etti\u011fimiz bir varolu\u015f m\u00fccadelesidir. Onunla yeniden tan\u0131\u015fmaya ne dersiniz? <\/p>\n","protected":false},"excerpt":{"rendered":"<p>\u201cSEN\u0130N DE F\u0130K\u0130RLER\u0130N TIPKI G\u0130YS\u0130LER\u0130N G\u0130B\u0130 BA\u015eKALARI TARAFINDAN \u00dcRET\u0130LM\u0130\u015e.\u201d Yar\u0131 otobiyografik bir eser say\u0131lan Martin Eden, Jack London\u2019\u0131n yaratt\u0131\u011f\u0131 en ger\u00e7ek\u00e7i ve otantik karakterlerdendir. Martin bizden<span class=\"excerpt-hellip\"> [\u2026]<\/span><\/p>\n","protected":false},"featured_media":0,"template":"","meta":{"_monsterinsights_skip_tracking":false,"_monsterinsights_sitenote_active":false,"_monsterinsights_sitenote_note":"","_monsterinsights_sitenote_category":0},"product_brand":[],"product_cat":[13072,12291],"product_tag":[],"class_list":{"0":"post-733545","1":"product","2":"type-product","3":"status-publish","5":"product_cat-arastirma-inceleme-referans","6":"product_cat-edebiyat","7":"pa_cilt-ciltsiz","8":"pa_tur-kitap","9":"pa_yayinevi-destek-yayinlari","10":"pa_yazar-veysi-elban","12":"first","13":"instock","14":"sale","15":"shipping-taxable","16":"purchasable","17":"product-type-simple"},"_links":{"self":[{"href":"https:\/\/roveyayinevi.com.tr\/index.php\/wp-json\/wp\/v2\/product\/733545","targetHints":{"allow":["GET"]}}],"collection":[{"href":"https:\/\/roveyayinevi.com.tr\/index.php\/wp-json\/wp\/v2\/product"}],"about":[{"href":"https:\/\/roveyayinevi.com.tr\/index.php\/wp-json\/wp\/v2\/types\/product"}],"wp:attachment":[{"href":"https:\/\/roveyayinevi.com.tr\/index.php\/wp-json\/wp\/v2\/media?parent=733545"}],"wp:term":[{"taxonomy":"product_brand","embeddable":true,"href":"https:\/\/roveyayinevi.com.tr\/index.php\/wp-json\/wp\/v2\/product_brand?post=733545"},{"taxonomy":"product_cat","embeddable":true,"href":"https:\/\/roveyayinevi.com.tr\/index.php\/wp-json\/wp\/v2\/product_cat?post=733545"},{"taxonomy":"product_tag","embeddable":true,"href":"https:\/\/roveyayinevi.com.tr\/index.php\/wp-json\/wp\/v2\/product_tag?post=733545"}],"curies":[{"name":"wp","href":"https:\/\/api.w.org\/{rel}","templated":true}]}}