{"id":733544,"date":"2025-08-27T22:11:59","date_gmt":"2025-08-27T19:11:59","guid":{"rendered":"https:\/\/roveyayinevi.com.tr\/index.php\/urun\/gucune-gelsin\/"},"modified":"2026-04-16T02:41:30","modified_gmt":"2026-04-15T23:41:30","slug":"gucune-gelsin","status":"publish","type":"product","link":"https:\/\/roveyayinevi.com.tr\/index.php\/urun\/gucune-gelsin\/","title":{"rendered":"G\u00fcc\u00fcne Gelsin"},"content":{"rendered":"<p>G\u00fc\u00e7 cesaretsiz, cesaret umutsuz, umut g\u00fc\u00e7s\u00fcz var olamaz&#8230; Danimarkal\u0131 filozof S\u00f8ren Aabye Kierkegaard\u2019a atfedilen bir anekdot vard\u0131r. Bir tiyatroda, kuliste yang\u0131n \u00e7\u0131kar. Kabarenin emektar palya\u00e7osu seyircileri uyarmaya \u00e7al\u0131\u015f\u0131r ama onlar bunun bir \u015faka oldu\u011funu sanarak alk\u0131\u015flarlar. Palya\u00e7o uyar\u0131s\u0131n\u0131 tekrarlar, bu seferki alk\u0131\u015f ise daha da b\u00fcy\u00fck olur. Kierkegaard da der ki: \u201cBen d\u00fcnyan\u0131n sonunun i\u015fte b\u00f6yle gelece\u011fini d\u00fc\u015f\u00fcn\u00fcyorum, her \u015feyin bir \u015faka oldu\u011funu zannedenlerin alk\u0131\u015flar\u0131 aras\u0131nda&#8230;\u201d \u0130\u015fte bu harika anekdottaki uyar\u0131 g\u00f6revi yaz\u0131dad\u0131r, kitaptad\u0131r, okumaktad\u0131r, anlamakta, muhakeme etmektedir. Ben de bu g\u00fc\u00e7l\u00fc kitab\u0131n cesur yazarlar\u0131n\u0131 umut dolu c\u00fcmleler e\u015fli\u011finde ve \u201ciyi ki\u201dlerle selaml\u0131yorum. \u2013 U\u011fur Bat\u0131   Edebiyata g\u00f6n\u00fcl vermi\u015f yeni kalemlerin yolculu\u011funa tan\u0131k oluyoruz bu kitapta. Her yolculuk cesaret ister, umut bar\u0131nd\u0131r\u0131r. Bu yolculu\u011fa inanmak gerekiyor. Bu p\u0131r\u0131lt\u0131ya da&#8230; Gelece\u011fe inanmak i\u00e7in&#8230; \u2013 Mario Levi Yazmak \u201ccesaret\u201d ister. \u201cG\u00fc\u00e7\u201d olmadan cesaret olmaz. \u201cUmut\u201d ise g\u00fcc\u00fcn sakl\u0131 oldu\u011fu odan\u0131n kap\u0131s\u0131n\u0131 a\u00e7ar, cesaretin ortaya \u00e7\u0131kmas\u0131n\u0131 sa\u011flar. Bu kitapta okuyaca\u011f\u0131n\u0131z yaz\u0131lar cesur, g\u00fc\u00e7l\u00fc, umutlu kalemlere ait. Ku\u015fkusuz her biri bir ba\u015flang\u0131\u00e7. \u00d6te yandan hi\u00e7bir b\u00fcy\u00fck kalem g\u00f6kten zembille inmedi. \u2013 Osman Balc\u0131gil   Karanl\u0131k zamanlarda umuda tutunmay\u0131, tozpembe bir nafileli\u011fe ba\u011flayanlara hep \u00fcz\u00fcl\u00fcr\u00fcm. Alt\u0131na cesaretle elini koydu\u011fu ta\u015f\u0131, var g\u00fcc\u00fcyle kald\u0131rmaya \u00e7al\u0131\u015fanlar\u0131n buland\u0131\u011f\u0131 kirin, pas\u0131n tozudur o pembedeki. Bu kitaptaki \u00f6yk\u00fcler, ta\u015flar\u0131 yerinden oynatma g\u00fcc\u00fcne gelsin. \u2013 Sibel Algan   Karanl\u0131\u011f\u0131n sonunu yaln\u0131zca cesurlar g\u00f6r\u00fcr. Edebiyat, insan\u0131n i\u00e7indeki karanl\u0131\u011fa keskin bir bak\u0131\u015f atmakt\u0131r. Bu c\u00fcreti g\u00f6sterenler, ayd\u0131nl\u0131\u011fa yakla\u015f\u0131rlar. Bu kitapta okuyaca\u011f\u0131n\u0131z \u00f6yk\u00fcler i\u015fte b\u00f6ylesi g\u00fc\u00e7 bir \u00e7aban\u0131n \u00f6zg\u00fcn \u00f6rnekleri&#8230; \u2013 G\u00fcl\u015fah Elikbank   Belirsizlik f\u0131rt\u0131nas\u0131n\u0131n g\u00f6z\u00fcndeki dinginli\u011fi bulmu\u015f yazarlar\u0131n \u00f6yk\u00fcleri, hepimize cesaret, umut ve g\u00fc\u00e7 verdi. \u2013 Zuhal G\u00fcr\u00e7imen   Bu kitapta insan do\u011fas\u0131n\u0131n en kuvvetli y\u00f6nleri olan g\u00fc\u00e7, umut ve cesaret \u00fczerine hik\u00e2yeler yaz\u0131ld\u0131 ve hayaller kuruldu. \u2013 Hasan G\u00fcmen   G\u00fc\u00e7, Umut ve Cesaret, ya\u015famam\u0131z i\u00e7in bize gereken hava, su ve sevgi kadar elzem. Bu \u00fc\u00e7 kelimenin hakk\u0131n\u0131 veren arkada\u015flar\u0131m\u0131 g\u00f6n\u00fclden tebrik ediyorum. \u2013 Selda Terek <\/p>\n","protected":false},"excerpt":{"rendered":"<p>G\u00fc\u00e7 cesaretsiz, cesaret umutsuz, umut g\u00fc\u00e7s\u00fcz var olamaz&#8230; Danimarkal\u0131 filozof S\u00f8ren Aabye Kierkegaard\u2019a atfedilen bir anekdot vard\u0131r. Bir tiyatroda, kuliste yang\u0131n \u00e7\u0131kar. Kabarenin emektar palya\u00e7osu seyircileri<span class=\"excerpt-hellip\"> [\u2026]<\/span><\/p>\n","protected":false},"featured_media":0,"template":"","meta":{"_monsterinsights_skip_tracking":false,"_monsterinsights_sitenote_active":false,"_monsterinsights_sitenote_note":"","_monsterinsights_sitenote_category":0},"product_brand":[],"product_cat":[12291,12711],"product_tag":[],"class_list":{"0":"post-733544","1":"product","2":"type-product","3":"status-publish","5":"product_cat-edebiyat","6":"product_cat-roman-oyku","7":"pa_cilt-ciltsiz","8":"pa_tur-kitap","9":"pa_yayinevi-destek-yayinlari","10":"pa_yazar-destek-yayinlari-kolektif","12":"first","13":"instock","14":"sale","15":"shipping-taxable","16":"purchasable","17":"product-type-simple"},"_links":{"self":[{"href":"https:\/\/roveyayinevi.com.tr\/index.php\/wp-json\/wp\/v2\/product\/733544","targetHints":{"allow":["GET"]}}],"collection":[{"href":"https:\/\/roveyayinevi.com.tr\/index.php\/wp-json\/wp\/v2\/product"}],"about":[{"href":"https:\/\/roveyayinevi.com.tr\/index.php\/wp-json\/wp\/v2\/types\/product"}],"wp:attachment":[{"href":"https:\/\/roveyayinevi.com.tr\/index.php\/wp-json\/wp\/v2\/media?parent=733544"}],"wp:term":[{"taxonomy":"product_brand","embeddable":true,"href":"https:\/\/roveyayinevi.com.tr\/index.php\/wp-json\/wp\/v2\/product_brand?post=733544"},{"taxonomy":"product_cat","embeddable":true,"href":"https:\/\/roveyayinevi.com.tr\/index.php\/wp-json\/wp\/v2\/product_cat?post=733544"},{"taxonomy":"product_tag","embeddable":true,"href":"https:\/\/roveyayinevi.com.tr\/index.php\/wp-json\/wp\/v2\/product_tag?post=733544"}],"curies":[{"name":"wp","href":"https:\/\/api.w.org\/{rel}","templated":true}]}}