{"id":733542,"date":"2025-08-27T22:11:58","date_gmt":"2025-08-27T19:11:58","guid":{"rendered":"https:\/\/roveyayinevi.com.tr\/index.php\/urun\/ankaranin-kordugumu-sakarya\/"},"modified":"2026-04-16T02:41:30","modified_gmt":"2026-04-15T23:41:30","slug":"ankaranin-kordugumu-sakarya","status":"publish","type":"product","link":"https:\/\/roveyayinevi.com.tr\/index.php\/urun\/ankaranin-kordugumu-sakarya\/","title":{"rendered":"Ankara\u2019n\u0131n K\u00f6rd\u00fc\u011f\u00fcm\u00fc Sakarya"},"content":{"rendered":"<p>Sakarya Meydan Muharebesi\u2019nin ya\u015fand\u0131\u011f\u0131 topraklarda uzun y\u0131llard\u0131r bizzat ara\u015ft\u0131rmalar yapan, 22 g\u00fcn s\u00fcren sava\u015f\u0131n g\u00fcn g\u00fcn haritaland\u0131r\u0131lmas\u0131n\u0131 sa\u011flayan Kadim Ko\u00e7, \u00e7al\u0131\u015fmalar\u0131n\u0131n t\u00fcm sonu\u00e7lar\u0131n\u0131 bu kitapta toplad\u0131. Bu de\u011ferli eseri Sakarya Meydan Muharebesi\u2019nin 100. y\u0131ld\u00f6n\u00fcm\u00fcnde okurlar\u0131m\u0131za sunuyoruz. Sakarya Meydan Muharebesi, Osmanl\u0131\u2019n\u0131n son d\u00f6nemindeki s\u00fcrekli gerileyi\u015fimizin durduruldu\u011fu bir destand\u0131r ve bu \u00f6zelli\u011fiyle yak\u0131n tarihimizin en \u00f6nemli sava\u015f\u0131d\u0131r. Bu sava\u015f; T\u00fcrk \u0130stiklal Sava\u015f\u0131\u2019n\u0131n genel zayiat\u0131 i\u00e7erisinde \u015fehitlerin %35\u2019i, yaral\u0131lar\u0131n %43,68\u2019ni kapsamaktad\u0131r. Bu kitap; isimlerini mezar ta\u015flar\u0131na yazamad\u0131\u011f\u0131m\u0131z \u015fehitlerimizin ve sahne arkas\u0131nda kalan kahramanlar\u0131n o destans\u0131 g\u00fcnlerde ya\u015fad\u0131klar\u0131n\u0131 anlatmaktad\u0131r. Belgeler, haritalar, krokiler, resimlerle zenginle\u015ftirilen i\u00e7eri\u011fiyle her zaman ba\u015fvurulacak bir kaynak kitap niteli\u011findedir. <\/p>\n","protected":false},"excerpt":{"rendered":"<p>Sakarya Meydan Muharebesi\u2019nin ya\u015fand\u0131\u011f\u0131 topraklarda uzun y\u0131llard\u0131r bizzat ara\u015ft\u0131rmalar yapan, 22 g\u00fcn s\u00fcren sava\u015f\u0131n g\u00fcn g\u00fcn haritaland\u0131r\u0131lmas\u0131n\u0131 sa\u011flayan Kadim Ko\u00e7, \u00e7al\u0131\u015fmalar\u0131n\u0131n t\u00fcm sonu\u00e7lar\u0131n\u0131 bu kitapta toplad\u0131.<span class=\"excerpt-hellip\"> [\u2026]<\/span><\/p>\n","protected":false},"featured_media":0,"template":"","meta":{"_monsterinsights_skip_tracking":false,"_monsterinsights_sitenote_active":false,"_monsterinsights_sitenote_note":"","_monsterinsights_sitenote_category":0},"product_brand":[],"product_cat":[12370,12304],"product_tag":[],"class_list":{"0":"post-733542","1":"product","2":"type-product","3":"status-publish","5":"product_cat-arastirma-inceleme","6":"product_cat-tarih","7":"pa_cilt-ciltsiz","8":"pa_tur-kitap","9":"pa_yayinevi-bilgi-yayinevi","10":"pa_yazar-kadim-koc","12":"first","13":"instock","14":"sale","15":"shipping-taxable","16":"purchasable","17":"product-type-simple"},"_links":{"self":[{"href":"https:\/\/roveyayinevi.com.tr\/index.php\/wp-json\/wp\/v2\/product\/733542","targetHints":{"allow":["GET"]}}],"collection":[{"href":"https:\/\/roveyayinevi.com.tr\/index.php\/wp-json\/wp\/v2\/product"}],"about":[{"href":"https:\/\/roveyayinevi.com.tr\/index.php\/wp-json\/wp\/v2\/types\/product"}],"wp:attachment":[{"href":"https:\/\/roveyayinevi.com.tr\/index.php\/wp-json\/wp\/v2\/media?parent=733542"}],"wp:term":[{"taxonomy":"product_brand","embeddable":true,"href":"https:\/\/roveyayinevi.com.tr\/index.php\/wp-json\/wp\/v2\/product_brand?post=733542"},{"taxonomy":"product_cat","embeddable":true,"href":"https:\/\/roveyayinevi.com.tr\/index.php\/wp-json\/wp\/v2\/product_cat?post=733542"},{"taxonomy":"product_tag","embeddable":true,"href":"https:\/\/roveyayinevi.com.tr\/index.php\/wp-json\/wp\/v2\/product_tag?post=733542"}],"curies":[{"name":"wp","href":"https:\/\/api.w.org\/{rel}","templated":true}]}}