{"id":733527,"date":"2025-08-27T22:11:41","date_gmt":"2025-08-27T19:11:41","guid":{"rendered":"https:\/\/roveyayinevi.com.tr\/index.php\/urun\/geceleyin-bir-mumkun\/"},"modified":"2026-04-16T02:41:30","modified_gmt":"2026-04-15T23:41:30","slug":"geceleyin-bir-mumkun","status":"publish","type":"product","link":"https:\/\/roveyayinevi.com.tr\/index.php\/urun\/geceleyin-bir-mumkun\/","title":{"rendered":"Geceleyin Bir M\u00fcmk\u00fcn"},"content":{"rendered":"<p>Geceleyin Bir M\u00fcmk\u00fcn, bu d\u00fcnyadan ve bu d\u00fcnyan\u0131n \u00e7ok uza\u011f\u0131ndan bize ula\u015fan \u00f6yk\u00fclerden olu\u015fmaktad\u0131r. Yazar, okuru kahramanlar\u0131n\u0131n kaderine ortak eder ve olaylar\u0131n sars\u0131c\u0131l\u0131\u011f\u0131yla ku\u015fat\u0131r.\u201c\u0130nsan\u0131n en sevdi\u011fi hik\u00e2ye kendi hik\u00e2yesidir\u201d diyen Aynur Dilber, \u00f6yk\u00fclerini kendi hik\u00e2yemiz gibi sevdirmeyi ba\u015far\u0131yor. Muhit Kitap, yazar\u0131n ikinci \u00f6yk\u00fc kitab\u0131n\u0131 okurla bulu\u015fturman\u0131n sevincini ya\u015f\u0131yor.\u201c\u0130nsan kaybede kaybede tamamlanan bir varl\u0131km\u0131\u015f.\u201d\u201cHi\u00e7bir e\u015fyay\u0131 y\u00fck etmedim kendime. Kendim yeterdim bana y\u00fck olarak.\u201d<\/p>\n","protected":false},"excerpt":{"rendered":"<p>Geceleyin Bir M\u00fcmk\u00fcn, bu d\u00fcnyadan ve bu d\u00fcnyan\u0131n \u00e7ok uza\u011f\u0131ndan bize ula\u015fan \u00f6yk\u00fclerden olu\u015fmaktad\u0131r. Yazar, okuru kahramanlar\u0131n\u0131n kaderine ortak eder ve olaylar\u0131n sars\u0131c\u0131l\u0131\u011f\u0131yla ku\u015fat\u0131r.\u201c\u0130nsan\u0131n en sevdi\u011fi<span class=\"excerpt-hellip\"> [\u2026]<\/span><\/p>\n","protected":false},"featured_media":0,"template":"","meta":{"_monsterinsights_skip_tracking":false,"_monsterinsights_sitenote_active":false,"_monsterinsights_sitenote_note":"","_monsterinsights_sitenote_category":0},"product_brand":[],"product_cat":[12291,12711],"product_tag":[],"class_list":{"0":"post-733527","1":"product","2":"type-product","3":"status-publish","5":"product_cat-edebiyat","6":"product_cat-roman-oyku","7":"pa_cilt-ciltsiz","8":"pa_tur-kitap","9":"pa_yayinevi-muhit-kitap","10":"pa_yazar-aynur-dilber","12":"first","13":"instock","14":"sale","15":"shipping-taxable","16":"purchasable","17":"product-type-simple"},"_links":{"self":[{"href":"https:\/\/roveyayinevi.com.tr\/index.php\/wp-json\/wp\/v2\/product\/733527","targetHints":{"allow":["GET"]}}],"collection":[{"href":"https:\/\/roveyayinevi.com.tr\/index.php\/wp-json\/wp\/v2\/product"}],"about":[{"href":"https:\/\/roveyayinevi.com.tr\/index.php\/wp-json\/wp\/v2\/types\/product"}],"wp:attachment":[{"href":"https:\/\/roveyayinevi.com.tr\/index.php\/wp-json\/wp\/v2\/media?parent=733527"}],"wp:term":[{"taxonomy":"product_brand","embeddable":true,"href":"https:\/\/roveyayinevi.com.tr\/index.php\/wp-json\/wp\/v2\/product_brand?post=733527"},{"taxonomy":"product_cat","embeddable":true,"href":"https:\/\/roveyayinevi.com.tr\/index.php\/wp-json\/wp\/v2\/product_cat?post=733527"},{"taxonomy":"product_tag","embeddable":true,"href":"https:\/\/roveyayinevi.com.tr\/index.php\/wp-json\/wp\/v2\/product_tag?post=733527"}],"curies":[{"name":"wp","href":"https:\/\/api.w.org\/{rel}","templated":true}]}}