{"id":733521,"date":"2025-08-27T22:11:35","date_gmt":"2025-08-27T19:11:35","guid":{"rendered":"https:\/\/roveyayinevi.com.tr\/index.php\/urun\/sekillerin-oyunu\/"},"modified":"2026-04-16T02:41:30","modified_gmt":"2026-04-15T23:41:30","slug":"sekillerin-oyunu","status":"publish","type":"product","link":"https:\/\/roveyayinevi.com.tr\/index.php\/urun\/sekillerin-oyunu\/","title":{"rendered":"\u015eekillerin Oyunu"},"content":{"rendered":"<p>Hippo, yeni e\u011fitim \u00f6\u011fretim d\u00f6nemini \u00e7ocuklar i\u00e7in geometriyi e\u011flenceli bir hale getiren bir kitapla kar\u015f\u0131l\u0131yor. Birbirine hi\u00e7 benzemeyen ama birbirinden hi\u00e7 ayr\u0131lmayan d\u00f6rt arkada\u015f: Karel, D\u00fckd\u00f6rtgen, G\u00fc\u00e7gen ve Zaire. G\u00fcnleri t\u00fcrl\u00fc oyunlar oynayarak ge\u00e7iren bu d\u00f6rt arkada\u015f bir g\u00fcn yepyeni bir \u015fey yapmaya karar verdi. Yeni oyunlar\u0131n\u0131, oyunun kurallar\u0131n\u0131 kendileri belirleyecekti. Her birinin biricikli\u011fi bu yeni oyuna farkl\u0131 bir boyut katacakt\u0131. Oyunu birlikte oynay\u0131nca herkesin hem e\u011flenece\u011fine hem de kazanaca\u011f\u0131na de\u011finen \u015eekillerin Oyunu, tecr\u00fcbeli kalem Ra\u015fel Maseri\u2019nin s\u00f6zc\u00fckleri ve Eda \u00c7a\u011f\u0131l \u00c7a\u011flar\u0131rmak\u2019\u0131n yenilik\u00e7i \u00e7izgileriyle renk buluyor. Kitap 6 ya\u015f \u00fcst\u00fc \u00e7ocuklara hitap ediyor. <\/p>\n","protected":false},"excerpt":{"rendered":"<p>Hippo, yeni e\u011fitim \u00f6\u011fretim d\u00f6nemini \u00e7ocuklar i\u00e7in geometriyi e\u011flenceli bir hale getiren bir kitapla kar\u015f\u0131l\u0131yor. Birbirine hi\u00e7 benzemeyen ama birbirinden hi\u00e7 ayr\u0131lmayan d\u00f6rt arkada\u015f: Karel, D\u00fckd\u00f6rtgen,<span class=\"excerpt-hellip\"> [\u2026]<\/span><\/p>\n","protected":false},"featured_media":0,"template":"","meta":{"_monsterinsights_skip_tracking":false,"_monsterinsights_sitenote_active":false,"_monsterinsights_sitenote_note":"","_monsterinsights_sitenote_category":0},"product_brand":[],"product_cat":[12913,12274],"product_tag":[],"class_list":{"0":"post-733521","1":"product","2":"type-product","3":"status-publish","5":"product_cat-3-6-yas-kitaplari","6":"product_cat-cocuk-ve-genclik-kitaplari","7":"pa_cilt-ciltsiz","8":"pa_tur-kitap","9":"pa_yayinevi-hippo-yayinlari","10":"pa_yazar-rasel-meseri","12":"first","13":"instock","14":"sale","15":"shipping-taxable","16":"purchasable","17":"product-type-simple"},"_links":{"self":[{"href":"https:\/\/roveyayinevi.com.tr\/index.php\/wp-json\/wp\/v2\/product\/733521","targetHints":{"allow":["GET"]}}],"collection":[{"href":"https:\/\/roveyayinevi.com.tr\/index.php\/wp-json\/wp\/v2\/product"}],"about":[{"href":"https:\/\/roveyayinevi.com.tr\/index.php\/wp-json\/wp\/v2\/types\/product"}],"wp:attachment":[{"href":"https:\/\/roveyayinevi.com.tr\/index.php\/wp-json\/wp\/v2\/media?parent=733521"}],"wp:term":[{"taxonomy":"product_brand","embeddable":true,"href":"https:\/\/roveyayinevi.com.tr\/index.php\/wp-json\/wp\/v2\/product_brand?post=733521"},{"taxonomy":"product_cat","embeddable":true,"href":"https:\/\/roveyayinevi.com.tr\/index.php\/wp-json\/wp\/v2\/product_cat?post=733521"},{"taxonomy":"product_tag","embeddable":true,"href":"https:\/\/roveyayinevi.com.tr\/index.php\/wp-json\/wp\/v2\/product_tag?post=733521"}],"curies":[{"name":"wp","href":"https:\/\/api.w.org\/{rel}","templated":true}]}}