{"id":733517,"date":"2025-08-27T22:11:30","date_gmt":"2025-08-27T19:11:30","guid":{"rendered":"https:\/\/roveyayinevi.com.tr\/index.php\/urun\/agu-tasindaki-bal\/"},"modified":"2026-04-16T02:41:30","modified_gmt":"2026-04-15T23:41:30","slug":"agu-tasindaki-bal","status":"publish","type":"product","link":"https:\/\/roveyayinevi.com.tr\/index.php\/urun\/agu-tasindaki-bal\/","title":{"rendered":"A\u011fu Tas\u0131ndaki Bal"},"content":{"rendered":"<p>\u201cKitab\u0131n, g\u00f6z a\u00e7\u0131c\u0131 ele\u015ftirinin, k\u0131lavuzlu\u011fu makbul takdirin, okuma, \u00f6\u011frenme ve payla\u015fma sevgisinin yer ald\u0131\u011f\u0131 yirmi yaz\u0131 var bu kitapta. Baz\u0131s\u0131 epeyce a\u011f\u0131rba\u015fl\u0131, baz\u0131s\u0131 fazlas\u0131yla muzip. Kimisinde hat\u0131ra, kimisinde sohbet edas\u0131 bask\u0131n. Tarihin farkl\u0131 bur\u00e7lar\u0131ndan selam \u00e7akanlar da var, g\u00fcncelin pazar\u0131ndaki \u00e7\u0131\u011f\u0131rtkan esnafa el ense \u00e7ekenler de. Hepsinin emirberi, samimiyet elbette. Yirmi mevzunun mayas\u0131na saklanm\u0131\u015f, yirmi damla bal. Bulduysak, kovan\u0131m\u0131z ya\u011fma olsun.\u201d\u015eiirleri ve tarih\u00ee romanlar\u0131yla dikkati \u00e7eken Ali Emre, A\u011fu Tas\u0131ndaki Bal\u2019da i\u00e7ten ve canl\u0131 bir anlat\u0131mla \u00f6rd\u00fc\u011f\u00fc denemeleriyle selaml\u0131yor okuru.<\/p>\n","protected":false},"excerpt":{"rendered":"<p>\u201cKitab\u0131n, g\u00f6z a\u00e7\u0131c\u0131 ele\u015ftirinin, k\u0131lavuzlu\u011fu makbul takdirin, okuma, \u00f6\u011frenme ve payla\u015fma sevgisinin yer ald\u0131\u011f\u0131 yirmi yaz\u0131 var bu kitapta. Baz\u0131s\u0131 epeyce a\u011f\u0131rba\u015fl\u0131, baz\u0131s\u0131 fazlas\u0131yla muzip. Kimisinde<span class=\"excerpt-hellip\"> [\u2026]<\/span><\/p>\n","protected":false},"featured_media":0,"template":"","meta":{"_monsterinsights_skip_tracking":false,"_monsterinsights_sitenote_active":false,"_monsterinsights_sitenote_note":"","_monsterinsights_sitenote_category":0},"product_brand":[],"product_cat":[12777,12291],"product_tag":[],"class_list":{"0":"post-733517","1":"product","2":"type-product","3":"status-publish","5":"product_cat-deneme","6":"product_cat-edebiyat","7":"pa_cilt-ciltsiz","8":"pa_tur-kitap","9":"pa_yayinevi-muhit-kitap","10":"pa_yazar-ali-emre","12":"first","13":"instock","14":"sale","15":"shipping-taxable","16":"purchasable","17":"product-type-simple"},"_links":{"self":[{"href":"https:\/\/roveyayinevi.com.tr\/index.php\/wp-json\/wp\/v2\/product\/733517","targetHints":{"allow":["GET"]}}],"collection":[{"href":"https:\/\/roveyayinevi.com.tr\/index.php\/wp-json\/wp\/v2\/product"}],"about":[{"href":"https:\/\/roveyayinevi.com.tr\/index.php\/wp-json\/wp\/v2\/types\/product"}],"wp:attachment":[{"href":"https:\/\/roveyayinevi.com.tr\/index.php\/wp-json\/wp\/v2\/media?parent=733517"}],"wp:term":[{"taxonomy":"product_brand","embeddable":true,"href":"https:\/\/roveyayinevi.com.tr\/index.php\/wp-json\/wp\/v2\/product_brand?post=733517"},{"taxonomy":"product_cat","embeddable":true,"href":"https:\/\/roveyayinevi.com.tr\/index.php\/wp-json\/wp\/v2\/product_cat?post=733517"},{"taxonomy":"product_tag","embeddable":true,"href":"https:\/\/roveyayinevi.com.tr\/index.php\/wp-json\/wp\/v2\/product_tag?post=733517"}],"curies":[{"name":"wp","href":"https:\/\/api.w.org\/{rel}","templated":true}]}}