{"id":733516,"date":"2025-08-27T22:11:29","date_gmt":"2025-08-27T19:11:29","guid":{"rendered":"https:\/\/roveyayinevi.com.tr\/index.php\/urun\/kapitalizm-ve-pop-kultur\/"},"modified":"2026-04-16T02:41:30","modified_gmt":"2026-04-15T23:41:30","slug":"kapitalizm-ve-pop-kultur","status":"publish","type":"product","link":"https:\/\/roveyayinevi.com.tr\/index.php\/urun\/kapitalizm-ve-pop-kultur\/","title":{"rendered":"Kapitalizm Ve Pop K\u00fclt\u00fcr"},"content":{"rendered":"<p>Kapitalizm ve Pop K\u00fclt\u00fcr adl\u0131 \u00e7al\u0131\u015fma yazar\u0131n Arma\u011fan ve Min\u00f6r Politika kitaplar\u0131n\u0131n bir devam\u0131 niteli\u011finde. Arma\u011fan kapitalizmin i\u015fsizlik krizine yeni \u00e7\u0131k\u0131\u015f yollar\u0131n\u0131 g\u00f6sterirken, Min\u00f6r Politika ise, bu noktadan itibaren meselenin toplumsal y\u00f6n\u00fcne politik bir bak\u0131\u015f a\u00e7\u0131s\u0131 sunmaktayd\u0131. Bu kitap ise, toplumlardaki ekonomik \u00e7eli\u015fkileri sergilerken, kapitalizmin k\u00fclt\u00fcrel a\u00e7\u0131dan pop\u00fcler k\u00fclt\u00fcr alan\u0131na yasland\u0131\u011f\u0131n\u0131 iddia ediyor. Kapitalizmin i\u015fleyi\u015fi bak\u0131m\u0131ndan Pop Art\u2019\u0131n modernli\u011fi ile R\u00f6nesans\u2019\u0131n ge\u00e7 d\u00f6nemi aras\u0131nda paralellik kuruyor. K\u00fclt\u00fcrel alan\u0131n\u0131n belirleyicili\u011fini irdeleyerek, devlet ve sava\u015f makinesi aras\u0131ndaki ili\u015fki \u00fczerinde duruyor. Bat\u0131 kapitalizminin Do\u011fu\u2019yu ekonomik ve k\u00fclt\u00fcrel olarak tahakk\u00fcm alt\u0131na ald\u0131\u011f\u0131 19. y\u00fczy\u0131ldan 20. y\u00fczy\u0131la bat\u0131l\u0131, do\u011fulu veya g\u00fcneyli toplumlardaki sosyal ili\u015fkilerin direnme modellerini sorguluyor, aralar\u0131ndaki yak\u0131nl\u0131klar \u00fczerine e\u011filiyor. Kapitalizm ve Pop K\u00fclt\u00fcr Fourrier\u2019den Proudhon\u2019a ve Marx\u2019a onlar\u0131n yeni bir okumas\u0131n\u0131 yapan ve g\u00fcn\u00fcm\u00fcz toplumsall\u0131\u011f\u0131n\u0131 ele alan Derrida, Deleuze, Guattari, Hardt ve Negri gibi isimlerle birlikte Said sonras\u0131 postkolonyal s\u00f6ylemi de tart\u0131\u015f\u0131yor. <\/p>\n","protected":false},"excerpt":{"rendered":"<p>Kapitalizm ve Pop K\u00fclt\u00fcr adl\u0131 \u00e7al\u0131\u015fma yazar\u0131n Arma\u011fan ve Min\u00f6r Politika kitaplar\u0131n\u0131n bir devam\u0131 niteli\u011finde. Arma\u011fan kapitalizmin i\u015fsizlik krizine yeni \u00e7\u0131k\u0131\u015f yollar\u0131n\u0131 g\u00f6sterirken, Min\u00f6r Politika ise,<span class=\"excerpt-hellip\"> [\u2026]<\/span><\/p>\n","protected":false},"featured_media":0,"template":"","meta":{"_monsterinsights_skip_tracking":false,"_monsterinsights_sitenote_active":false,"_monsterinsights_sitenote_note":"","_monsterinsights_sitenote_category":0},"product_brand":[],"product_cat":[12835,12324],"product_tag":[],"class_list":{"0":"post-733516","1":"product","2":"type-product","3":"status-publish","5":"product_cat-genel-sosyoloji","6":"product_cat-sosyoloji","7":"pa_cilt-ciltsiz","8":"pa_tur-kitap","9":"pa_yayinevi-dogu-bati-yayinlari","10":"pa_yazar-ali-akay","12":"first","13":"instock","14":"sale","15":"shipping-taxable","16":"purchasable","17":"product-type-simple"},"_links":{"self":[{"href":"https:\/\/roveyayinevi.com.tr\/index.php\/wp-json\/wp\/v2\/product\/733516","targetHints":{"allow":["GET"]}}],"collection":[{"href":"https:\/\/roveyayinevi.com.tr\/index.php\/wp-json\/wp\/v2\/product"}],"about":[{"href":"https:\/\/roveyayinevi.com.tr\/index.php\/wp-json\/wp\/v2\/types\/product"}],"wp:attachment":[{"href":"https:\/\/roveyayinevi.com.tr\/index.php\/wp-json\/wp\/v2\/media?parent=733516"}],"wp:term":[{"taxonomy":"product_brand","embeddable":true,"href":"https:\/\/roveyayinevi.com.tr\/index.php\/wp-json\/wp\/v2\/product_brand?post=733516"},{"taxonomy":"product_cat","embeddable":true,"href":"https:\/\/roveyayinevi.com.tr\/index.php\/wp-json\/wp\/v2\/product_cat?post=733516"},{"taxonomy":"product_tag","embeddable":true,"href":"https:\/\/roveyayinevi.com.tr\/index.php\/wp-json\/wp\/v2\/product_tag?post=733516"}],"curies":[{"name":"wp","href":"https:\/\/api.w.org\/{rel}","templated":true}]}}