{"id":733502,"date":"2025-08-27T22:11:15","date_gmt":"2025-08-27T19:11:15","guid":{"rendered":"https:\/\/roveyayinevi.com.tr\/index.php\/urun\/uc-silahsorler-7\/"},"modified":"2026-04-16T02:41:29","modified_gmt":"2026-04-15T23:41:29","slug":"uc-silahsorler-7","status":"publish","type":"product","link":"https:\/\/roveyayinevi.com.tr\/index.php\/urun\/uc-silahsorler-7\/","title":{"rendered":"\u00dc\u00e7 Silah\u015f\u00f6rler"},"content":{"rendered":"<p>Dartanyan, bir silah\u015f\u00f6r olabilmek i\u00e7in k\u00f6y\u00fcnden ayr\u0131l\u0131p Paris&#8217;e gider. Fakat \u015f\u00f6valyelerin ba\u015f\u0131 olan M\u00f6sy\u00f6 Treville ona \u015f\u00f6valye olmak i\u00e7in hen\u00fcz haz\u0131r olmad\u0131\u011f\u0131n\u0131, bunun i\u00e7in \u00f6nce koruma birli\u011finde iki y\u0131l \u00e7al\u0131\u015fmas\u0131 gerekti\u011fini s\u00f6yler. Dartanyan di\u011fer \u015f\u00f6valyelerin maharetlerini g\u00f6r\u00fcnce M\u00f6sy\u00f6 Treville&#8217;e hak verir ve bir \u015f\u00f6valye olabilmek i\u00e7in her f\u0131rsatta yi\u011fitlik sergilemeye \u00e7al\u0131\u015f\u0131r. Bu u\u011furda hi\u00e7bir m\u00fccadeleden ka\u00e7\u0131nmaz ve maceradan maceraya at\u0131l\u0131r. Fakat hi\u00e7bir zaman yaln\u0131z de\u011fildir, zira kendine k\u0131sa s\u00fcrede Atos, Portos ve Aramis ad\u0131nda, \u00fc\u00e7\u00fc de g\u00f6z\u00fc pek birer silah\u015f\u00f6r olan, \u00fc\u00e7 can dostu edinmi\u015ftir.       Dartanyan ve \u00fc\u00e7 silah\u015f\u00f6rler, kendilerini kirli saray entrikalar\u0131n\u0131n \u015fekillendirdi\u011fi bir dizi maceran\u0131n i\u00e7inde bulurlar. Fakat dostluklar\u0131, sadakatleri ve azimleri sayesinde her zorlu\u011fun \u00fcstesinden gelmeyi ba\u015far\u0131rlar.  <\/p>\n","protected":false},"excerpt":{"rendered":"<p>Dartanyan, bir silah\u015f\u00f6r olabilmek i\u00e7in k\u00f6y\u00fcnden ayr\u0131l\u0131p Paris&#8217;e gider. Fakat \u015f\u00f6valyelerin ba\u015f\u0131 olan M\u00f6sy\u00f6 Treville ona \u015f\u00f6valye olmak i\u00e7in hen\u00fcz haz\u0131r olmad\u0131\u011f\u0131n\u0131, bunun i\u00e7in \u00f6nce koruma<span class=\"excerpt-hellip\"> [\u2026]<\/span><\/p>\n","protected":false},"featured_media":0,"template":"","meta":{"_monsterinsights_skip_tracking":false,"_monsterinsights_sitenote_active":false,"_monsterinsights_sitenote_note":"","_monsterinsights_sitenote_category":0},"product_brand":[],"product_cat":[12274,12467],"product_tag":[],"class_list":{"0":"post-733502","1":"product","2":"type-product","3":"status-publish","5":"product_cat-cocuk-ve-genclik-kitaplari","6":"product_cat-dunya-klasikleri","7":"pa_cilt-ciltsiz","8":"pa_tur-kitap","9":"pa_yayinevi-sifir6-yayinevi","10":"pa_yazar-alexandre-dumas","12":"first","13":"instock","14":"sale","15":"shipping-taxable","16":"purchasable","17":"product-type-simple"},"_links":{"self":[{"href":"https:\/\/roveyayinevi.com.tr\/index.php\/wp-json\/wp\/v2\/product\/733502","targetHints":{"allow":["GET"]}}],"collection":[{"href":"https:\/\/roveyayinevi.com.tr\/index.php\/wp-json\/wp\/v2\/product"}],"about":[{"href":"https:\/\/roveyayinevi.com.tr\/index.php\/wp-json\/wp\/v2\/types\/product"}],"wp:attachment":[{"href":"https:\/\/roveyayinevi.com.tr\/index.php\/wp-json\/wp\/v2\/media?parent=733502"}],"wp:term":[{"taxonomy":"product_brand","embeddable":true,"href":"https:\/\/roveyayinevi.com.tr\/index.php\/wp-json\/wp\/v2\/product_brand?post=733502"},{"taxonomy":"product_cat","embeddable":true,"href":"https:\/\/roveyayinevi.com.tr\/index.php\/wp-json\/wp\/v2\/product_cat?post=733502"},{"taxonomy":"product_tag","embeddable":true,"href":"https:\/\/roveyayinevi.com.tr\/index.php\/wp-json\/wp\/v2\/product_tag?post=733502"}],"curies":[{"name":"wp","href":"https:\/\/api.w.org\/{rel}","templated":true}]}}