{"id":733498,"date":"2025-08-27T22:11:11","date_gmt":"2025-08-27T19:11:11","guid":{"rendered":"https:\/\/roveyayinevi.com.tr\/index.php\/urun\/ayin-on-dordu-gibi\/"},"modified":"2026-04-16T02:41:29","modified_gmt":"2026-04-15T23:41:29","slug":"ayin-on-dordu-gibi","status":"publish","type":"product","link":"https:\/\/roveyayinevi.com.tr\/index.php\/urun\/ayin-on-dordu-gibi\/","title":{"rendered":"Ay\u0131n On D\u00f6rd\u00fc Gibi"},"content":{"rendered":"<p>\u201c\u00d6nce bak\u0131\u015f\u0131n\u0131z\u0131 de\u011fi\u015ftirmelisiniz; e\u011fri b\u00fc\u011fr\u00fc, \u00e7irkin ve sevimsiz \u015feyleri g\u00fczel g\u00f6rmeyi \u00f6\u011frenmelisiniz.\u201d\u0130nsanlar her \u015feyi g\u00f6rmek istedikleri gibi mi g\u00f6r\u00fcrler? Kusur sand\u0131\u011f\u0131m\u0131z \u00f6zellikler asl\u0131nda bizi \u201cbiz\u201d yapan \u015feyler midir? Bakmak ile g\u00f6rmek aras\u0131ndaki fark nedir?\u201cG\u00fczellik\u201d nedir?D\u0131\u015f g\u00f6r\u00fcn\u00fc\u015f\u00fcn bir saplant\u0131 haline geldi\u011fi g\u00fcn\u00fcm\u00fczde, insan\u0131 \u201cg\u00fczel\u201d k\u0131lan etkenleri yeniden sorguluyor \u201cAy\u0131n On D\u00f6rd\u00fc Gibi\u201d.\u0130ran\u2019\u0131n d\u00fcnyaca \u00fcnl\u00fc yazar\u0131 Houshang Moradi Kermani, \u00e7ocuklara ve gen\u00e7lere g\u00fczelli\u011fin ger\u00e7ek anlam\u0131n\u0131 etkileyici bir \u00f6yk\u00fcyle anlat\u0131yor. \u00c7evremizdeki olaylara, insanlara, nesnelere bak\u0131\u015f a\u00e7\u0131m\u0131z\u0131n ne kadar \u00f6nemli oldu\u011funu karikat\u00fcrlerle vurguluyor.\u00c7ocuk ve gen\u00e7 edebiyat\u0131n\u0131n \u00f6d\u00fcll\u00fc ismi Kermani g\u00fczelli\u011fe, ho\u015fg\u00f6r\u00fcye, umuda \u201cbak\u0131\u015f\u201d\u0131m\u0131z\u0131 de\u011fi\u015ftiriyor.<\/p>\n","protected":false},"excerpt":{"rendered":"<p>\u201c\u00d6nce bak\u0131\u015f\u0131n\u0131z\u0131 de\u011fi\u015ftirmelisiniz; e\u011fri b\u00fc\u011fr\u00fc, \u00e7irkin ve sevimsiz \u015feyleri g\u00fczel g\u00f6rmeyi \u00f6\u011frenmelisiniz.\u201d\u0130nsanlar her \u015feyi g\u00f6rmek istedikleri gibi mi g\u00f6r\u00fcrler? Kusur sand\u0131\u011f\u0131m\u0131z \u00f6zellikler asl\u0131nda bizi \u201cbiz\u201d yapan<span class=\"excerpt-hellip\"> [\u2026]<\/span><\/p>\n","protected":false},"featured_media":0,"template":"","meta":{"_monsterinsights_skip_tracking":false,"_monsterinsights_sitenote_active":false,"_monsterinsights_sitenote_note":"","_monsterinsights_sitenote_category":0},"product_brand":[],"product_cat":[12274,12284],"product_tag":[],"class_list":{"0":"post-733498","1":"product","2":"type-product","3":"status-publish","5":"product_cat-cocuk-ve-genclik-kitaplari","6":"product_cat-hikayeler","7":"pa_cilt-ciltsiz","8":"pa_tur-kitap","9":"pa_yayinevi-kelime-yayinlari","10":"pa_yazar-houshang-moradi-kermani","12":"first","13":"instock","14":"sale","15":"shipping-taxable","16":"purchasable","17":"product-type-simple"},"_links":{"self":[{"href":"https:\/\/roveyayinevi.com.tr\/index.php\/wp-json\/wp\/v2\/product\/733498","targetHints":{"allow":["GET"]}}],"collection":[{"href":"https:\/\/roveyayinevi.com.tr\/index.php\/wp-json\/wp\/v2\/product"}],"about":[{"href":"https:\/\/roveyayinevi.com.tr\/index.php\/wp-json\/wp\/v2\/types\/product"}],"wp:attachment":[{"href":"https:\/\/roveyayinevi.com.tr\/index.php\/wp-json\/wp\/v2\/media?parent=733498"}],"wp:term":[{"taxonomy":"product_brand","embeddable":true,"href":"https:\/\/roveyayinevi.com.tr\/index.php\/wp-json\/wp\/v2\/product_brand?post=733498"},{"taxonomy":"product_cat","embeddable":true,"href":"https:\/\/roveyayinevi.com.tr\/index.php\/wp-json\/wp\/v2\/product_cat?post=733498"},{"taxonomy":"product_tag","embeddable":true,"href":"https:\/\/roveyayinevi.com.tr\/index.php\/wp-json\/wp\/v2\/product_tag?post=733498"}],"curies":[{"name":"wp","href":"https:\/\/api.w.org\/{rel}","templated":true}]}}