{"id":733490,"date":"2025-08-27T22:11:03","date_gmt":"2025-08-27T19:11:03","guid":{"rendered":"https:\/\/roveyayinevi.com.tr\/index.php\/urun\/bir-kuzey-macerasiciltli\/"},"modified":"2026-04-16T02:41:29","modified_gmt":"2026-04-15T23:41:29","slug":"bir-kuzey-macerasiciltli","status":"publish","type":"product","link":"https:\/\/roveyayinevi.com.tr\/index.php\/urun\/bir-kuzey-macerasiciltli\/","title":{"rendered":"Bir Kuzey Maceras\u0131(Ciltli)"},"content":{"rendered":"<p>Jack London\u2019\u0131n 1900 y\u0131l\u0131nda yay\u0131mlad\u0131\u011f\u0131 Kurdun O\u011flu adl\u0131 derlemenin i\u00e7inde yer alan Bir Kuzey Maceras\u0131,  Homeros\u2019un Odysseia destan\u0131n\u0131  and\u0131ran, zorlu engellerle dolu, \u00e7etin ve \u201cd\u00f6n\u00fc\u015ft\u00fcr\u00fcc\u00fc\u201d bir yolculu\u011fun hik\u00e2yesidir. Aleut adalar\u0131ndaki Akatan\u2019da ya\u015fayan kabile reisi Naass, evlendi\u011fi g\u00fcn kar\u0131s\u0131 Unga\u2019y\u0131 denizden \u00e7\u0131k\u0131p gelen sar\u0131 sa\u00e7l\u0131beyaz bir adama kapt\u0131r\u0131r. \u0130ki metreyi a\u015fan boyuyla bir devi and\u0131ran, \u201ctanr\u0131lar\u0131n d\u00fcnyan\u0131n ilk d\u00f6nemlerindeki erkekleri \u00f6rnek alarak kal\u0131ba d\u00f6kt\u00fckleri\u201d bu adam, Unga\u2019y\u0131 s\u0131rt\u0131na vurdu\u011fu gibi gemisine atlay\u0131p oradan uzakla\u015fm\u0131\u015ft\u0131r. Naass intikam\u0131n\u0131 almak \u00fczere az\u0131l\u0131 d\u00fc\u015fman\u0131n\u0131n pe\u015finden yollara d\u00fc\u015fer. D\u00fcnyay\u0131 dola\u015f\u0131p bilgi ve g\u00f6rg\u00fcs\u00fcn\u00fc art\u0131raca\u011f\u0131, macera dolu y\u0131llar  beklemektedir onu\u2026<\/p>\n","protected":false},"excerpt":{"rendered":"<p>Jack London\u2019\u0131n 1900 y\u0131l\u0131nda yay\u0131mlad\u0131\u011f\u0131 Kurdun O\u011flu adl\u0131 derlemenin i\u00e7inde yer alan Bir Kuzey Maceras\u0131, Homeros\u2019un Odysseia destan\u0131n\u0131 and\u0131ran, zorlu engellerle dolu, \u00e7etin ve \u201cd\u00f6n\u00fc\u015ft\u00fcr\u00fcc\u00fc\u201d bir<span class=\"excerpt-hellip\"> [\u2026]<\/span><\/p>\n","protected":false},"featured_media":0,"template":"","meta":{"_monsterinsights_skip_tracking":false,"_monsterinsights_sitenote_active":false,"_monsterinsights_sitenote_note":"","_monsterinsights_sitenote_category":0},"product_brand":[],"product_cat":[12291,26797],"product_tag":[],"class_list":{"0":"post-733490","1":"product","2":"type-product","3":"status-publish","5":"product_cat-edebiyat","6":"product_cat-modern-klasikler","7":"pa_cilt-ciltli","8":"pa_tur-kitap","9":"pa_yayinevi-is-bankasi-kultur-yayinlari","10":"pa_yazar-jack-london","12":"first","13":"instock","14":"sale","15":"shipping-taxable","16":"purchasable","17":"product-type-simple"},"_links":{"self":[{"href":"https:\/\/roveyayinevi.com.tr\/index.php\/wp-json\/wp\/v2\/product\/733490","targetHints":{"allow":["GET"]}}],"collection":[{"href":"https:\/\/roveyayinevi.com.tr\/index.php\/wp-json\/wp\/v2\/product"}],"about":[{"href":"https:\/\/roveyayinevi.com.tr\/index.php\/wp-json\/wp\/v2\/types\/product"}],"wp:attachment":[{"href":"https:\/\/roveyayinevi.com.tr\/index.php\/wp-json\/wp\/v2\/media?parent=733490"}],"wp:term":[{"taxonomy":"product_brand","embeddable":true,"href":"https:\/\/roveyayinevi.com.tr\/index.php\/wp-json\/wp\/v2\/product_brand?post=733490"},{"taxonomy":"product_cat","embeddable":true,"href":"https:\/\/roveyayinevi.com.tr\/index.php\/wp-json\/wp\/v2\/product_cat?post=733490"},{"taxonomy":"product_tag","embeddable":true,"href":"https:\/\/roveyayinevi.com.tr\/index.php\/wp-json\/wp\/v2\/product_tag?post=733490"}],"curies":[{"name":"wp","href":"https:\/\/api.w.org\/{rel}","templated":true}]}}