{"id":733489,"date":"2025-08-27T22:11:02","date_gmt":"2025-08-27T19:11:02","guid":{"rendered":"https:\/\/roveyayinevi.com.tr\/index.php\/urun\/erzurumlu-emrah-2\/"},"modified":"2026-04-16T02:41:29","modified_gmt":"2026-04-15T23:41:29","slug":"erzurumlu-emrah-2","status":"publish","type":"product","link":"https:\/\/roveyayinevi.com.tr\/index.php\/urun\/erzurumlu-emrah-2\/","title":{"rendered":"Erzurumlu Emrah"},"content":{"rendered":"<p>Erzurumlu Emrah, sanat\u0131yla bu \u00e7a\u011f\u0131 da etkilemi\u015f en \u00f6nemli ozanlar\u0131m\u0131zdan biridir. \u00c7\u0131raklar yeti\u015ftirmi\u015f; sesi, s\u00f6z\u00fc ve saz\u0131yla kendine has \u00fcslubunu g\u00fcn\u00fcm\u00fcze kadar ula\u015ft\u0131rm\u0131\u015f; ayn\u0131 zamanda kendi ad\u0131yla an\u0131lan bir ekol\u00fcn, Emrah kolunun kurucusu olmu\u015ftur. Erzurumlu Emrah, tarikat \u015fairi oldu\u011fu kadar y\u00fcksek z\u00fcmre edebiyat\u0131n\u0131n da \u015fairidir. Halk \u015fiirinin \u00c2\u015f\u0131kl\u0131k gelene\u011fi i\u00e7inde yer alan Emrah, bu \u00f6zelli\u011finin yan\u0131na Klasik \u015fiir gelene\u011fini de ekleyerek divan tertip edecek seviyede bu \u015fiiri de \u00f6z\u00fcmsemi\u015f ender \u015fairlerimizden biridir. K\u0131saca, sesi sesimiz, s\u00f6z\u00fc s\u00f6z\u00fcm\u00fcz, t\u00fcrk\u00fcs\u00fc t\u00fcrk\u00fcm\u00fczd\u00fcr. Elinizdeki kitapta, bu se\u00e7kin \u015fairin; hayat\u0131, eserleri ve sanat\u0131 g\u00fcn\u00fcm\u00fcz okuruyla bulu\u015fturulmakta; okur, Erzurumlu Emrah\u2019\u0131n anlam d\u00fcnyas\u0131na do\u011fru bir yolculu\u011fa \u00e7\u0131kar\u0131lmaktad\u0131r.<\/p>\n","protected":false},"excerpt":{"rendered":"<p>Erzurumlu Emrah, sanat\u0131yla bu \u00e7a\u011f\u0131 da etkilemi\u015f en \u00f6nemli ozanlar\u0131m\u0131zdan biridir. \u00c7\u0131raklar yeti\u015ftirmi\u015f; sesi, s\u00f6z\u00fc ve saz\u0131yla kendine has \u00fcslubunu g\u00fcn\u00fcm\u00fcze kadar ula\u015ft\u0131rm\u0131\u015f; ayn\u0131 zamanda kendi<span class=\"excerpt-hellip\"> [\u2026]<\/span><\/p>\n","protected":false},"featured_media":0,"template":"","meta":{"_monsterinsights_skip_tracking":false,"_monsterinsights_sitenote_active":false,"_monsterinsights_sitenote_note":"","_monsterinsights_sitenote_category":0},"product_brand":[],"product_cat":[13072,12291],"product_tag":[],"class_list":{"0":"post-733489","1":"product","2":"type-product","3":"status-publish","5":"product_cat-arastirma-inceleme-referans","6":"product_cat-edebiyat","7":"pa_cilt-ciltsiz","8":"pa_tur-kitap","9":"pa_yayinevi-muhit-kitap","10":"pa_yazar-abdulkadir-erkal","12":"first","13":"instock","14":"sale","15":"shipping-taxable","16":"purchasable","17":"product-type-simple"},"_links":{"self":[{"href":"https:\/\/roveyayinevi.com.tr\/index.php\/wp-json\/wp\/v2\/product\/733489","targetHints":{"allow":["GET"]}}],"collection":[{"href":"https:\/\/roveyayinevi.com.tr\/index.php\/wp-json\/wp\/v2\/product"}],"about":[{"href":"https:\/\/roveyayinevi.com.tr\/index.php\/wp-json\/wp\/v2\/types\/product"}],"wp:attachment":[{"href":"https:\/\/roveyayinevi.com.tr\/index.php\/wp-json\/wp\/v2\/media?parent=733489"}],"wp:term":[{"taxonomy":"product_brand","embeddable":true,"href":"https:\/\/roveyayinevi.com.tr\/index.php\/wp-json\/wp\/v2\/product_brand?post=733489"},{"taxonomy":"product_cat","embeddable":true,"href":"https:\/\/roveyayinevi.com.tr\/index.php\/wp-json\/wp\/v2\/product_cat?post=733489"},{"taxonomy":"product_tag","embeddable":true,"href":"https:\/\/roveyayinevi.com.tr\/index.php\/wp-json\/wp\/v2\/product_tag?post=733489"}],"curies":[{"name":"wp","href":"https:\/\/api.w.org\/{rel}","templated":true}]}}