{"id":733487,"date":"2025-08-27T22:10:59","date_gmt":"2025-08-27T19:10:59","guid":{"rendered":"https:\/\/roveyayinevi.com.tr\/index.php\/urun\/kilicin-ve-kalemin-sultanlari\/"},"modified":"2026-04-16T02:41:29","modified_gmt":"2026-04-15T23:41:29","slug":"kilicin-ve-kalemin-sultanlari","status":"publish","type":"product","link":"https:\/\/roveyayinevi.com.tr\/index.php\/urun\/kilicin-ve-kalemin-sultanlari\/","title":{"rendered":"K\u0131l\u0131c\u0131n ve Kalemin Sultanlar\u0131"},"content":{"rendered":"<p>Londra\u2019da icra edilen The Turks (T\u00fcrkler) adl\u0131 bir sergi olmu\u015ftu. Serginin haz\u0131rl\u0131klar\u0131 i\u00e7in gelen \u0130ngiliz y\u00f6neticiye bir ak\u015fam yeme\u011fi verdik. \u0130ngiliz y\u00f6netici benim akademisyen k\u00f6kenli olu\u015fuma vurguyla; sultan \u015fairlerle ilgili bir \u00e7al\u0131\u015fman\u0131z oldu\u011funu okudum, bunu tam anlayamad\u0131m izah eder misiniz, dedi. Ben de, Osmanl\u0131 hanedan\u0131n\u0131n g\u00fczel sanatlara ilgisini, \u00f6zellikle de \u015fiire y\u00f6nelik eserlerini anlatt\u0131m. Anlayamad\u0131. Benim tekrar\u0131m \u00fczerine; ne yani siz \u015fimdi bana Kanuni Sultan S\u00fcleyman\u2019\u0131n kendi d\u00f6neminde i\u015fi sadece \u015fairlik olan ki\u015filerle yar\u0131\u015facak d\u00fczeyde \u015fiirler yazd\u0131\u011f\u0131n\u0131 ve bunlar\u0131n bir kitap olabilecek \u00e7apta oldu\u011funu mu s\u00f6yl\u00fcyorsunuz, dedi. Ben de; evet, durum tam da b\u00f6yledir, dedim. Sonras\u0131nda toplant\u0131 boyunca sadece bu konu konu\u015fuldu ve bunu niye d\u00fcnya bilmiyor sorusuna tekrar tekrar maruz kald\u0131m.\u201dElinizdeki kitap birer \u015fair olan padi\u015fahlar\u0131n, \u015fehzadelerin, han\u0131m sultanlar\u0131n fetihlerini, isyanlar\u0131n\u0131, ac\u0131lar\u0131n\u0131, sevgilerini, kaderlerini ve kederlerini yans\u0131t\u0131yor. \u00d6nce biz bilelim ki, d\u00fcnyaya da anlatabilelim.<\/p>\n","protected":false},"excerpt":{"rendered":"<p>Londra\u2019da icra edilen The Turks (T\u00fcrkler) adl\u0131 bir sergi olmu\u015ftu. Serginin haz\u0131rl\u0131klar\u0131 i\u00e7in gelen \u0130ngiliz y\u00f6neticiye bir ak\u015fam yeme\u011fi verdik. \u0130ngiliz y\u00f6netici benim akademisyen k\u00f6kenli olu\u015fuma<span class=\"excerpt-hellip\"> [\u2026]<\/span><\/p>\n","protected":false},"featured_media":0,"template":"","meta":{"_monsterinsights_skip_tracking":false,"_monsterinsights_sitenote_active":false,"_monsterinsights_sitenote_note":"","_monsterinsights_sitenote_category":0},"product_brand":[],"product_cat":[13072,12291],"product_tag":[],"class_list":{"0":"post-733487","1":"product","2":"type-product","3":"status-publish","5":"product_cat-arastirma-inceleme-referans","6":"product_cat-edebiyat","7":"pa_cilt-ciltsiz","8":"pa_tur-kitap","9":"pa_yayinevi-muhit-kitap","10":"pa_yazar-mustafa-isen-tuba-isinsu-durmus","12":"first","13":"instock","14":"sale","15":"shipping-taxable","16":"purchasable","17":"product-type-simple"},"_links":{"self":[{"href":"https:\/\/roveyayinevi.com.tr\/index.php\/wp-json\/wp\/v2\/product\/733487","targetHints":{"allow":["GET"]}}],"collection":[{"href":"https:\/\/roveyayinevi.com.tr\/index.php\/wp-json\/wp\/v2\/product"}],"about":[{"href":"https:\/\/roveyayinevi.com.tr\/index.php\/wp-json\/wp\/v2\/types\/product"}],"wp:attachment":[{"href":"https:\/\/roveyayinevi.com.tr\/index.php\/wp-json\/wp\/v2\/media?parent=733487"}],"wp:term":[{"taxonomy":"product_brand","embeddable":true,"href":"https:\/\/roveyayinevi.com.tr\/index.php\/wp-json\/wp\/v2\/product_brand?post=733487"},{"taxonomy":"product_cat","embeddable":true,"href":"https:\/\/roveyayinevi.com.tr\/index.php\/wp-json\/wp\/v2\/product_cat?post=733487"},{"taxonomy":"product_tag","embeddable":true,"href":"https:\/\/roveyayinevi.com.tr\/index.php\/wp-json\/wp\/v2\/product_tag?post=733487"}],"curies":[{"name":"wp","href":"https:\/\/api.w.org\/{rel}","templated":true}]}}