{"id":733484,"date":"2025-08-27T22:10:56","date_gmt":"2025-08-27T19:10:56","guid":{"rendered":"https:\/\/roveyayinevi.com.tr\/index.php\/urun\/ayrilik-uzuntulerin-annesidir\/"},"modified":"2026-04-16T02:41:29","modified_gmt":"2026-04-15T23:41:29","slug":"ayrilik-uzuntulerin-annesidir","status":"publish","type":"product","link":"https:\/\/roveyayinevi.com.tr\/index.php\/urun\/ayrilik-uzuntulerin-annesidir\/","title":{"rendered":"Ayr\u0131l\u0131k \u00dcz\u00fcnt\u00fclerin Annesidir"},"content":{"rendered":"<p>\u201cG\u00f6nl\u00fcnle bakarsan, her yan\u0131nda ayr\u0131l\u0131\u011f\u0131n h\u00fczn\u00fcn\u00fc g\u00f6r\u00fcr\u00fcs\u00fcn, h\u00fcz\u00fcnden yap\u0131lm\u0131\u015ft\u0131r yery\u00fcz\u00fc&#8230;\u201dD\u00fcnyaya d\u00fc\u015ft\u00fc\u011f\u00fc g\u00fcnden beri g\u00f6z\u00fcn\u00fcn ya\u015f\u0131 durmaz insan\u0131n. Ayr\u0131l\u0131k, d\u00fcnyada ba\u015f\u0131m\u0131za gelmi\u015f gelecek di\u011fer t\u00fcm \u00fcz\u00fcnt\u00fclerin mayas\u0131n\u0131 \u00e7alan bir anneye benzer&#8230; Bu kitap; kalp at\u0131\u015flar\u0131n\u0131n aras\u0131nda, \u00f6yk\u00fclerin lo\u015f ve bu\u011fulu girintilerinden, ayr\u0131l\u0131k-\u00f6l\u00fcm-anlam ufuklar\u0131na bakarken g\u00f6zleri kama\u015fan kelimelerle yaz\u0131ld\u0131.<\/p>\n","protected":false},"excerpt":{"rendered":"<p>\u201cG\u00f6nl\u00fcnle bakarsan, her yan\u0131nda ayr\u0131l\u0131\u011f\u0131n h\u00fczn\u00fcn\u00fc g\u00f6r\u00fcr\u00fcs\u00fcn, h\u00fcz\u00fcnden yap\u0131lm\u0131\u015ft\u0131r yery\u00fcz\u00fc&#8230;\u201dD\u00fcnyaya d\u00fc\u015ft\u00fc\u011f\u00fc g\u00fcnden beri g\u00f6z\u00fcn\u00fcn ya\u015f\u0131 durmaz insan\u0131n. Ayr\u0131l\u0131k, d\u00fcnyada ba\u015f\u0131m\u0131za gelmi\u015f gelecek di\u011fer t\u00fcm \u00fcz\u00fcnt\u00fclerin mayas\u0131n\u0131<span class=\"excerpt-hellip\"> [\u2026]<\/span><\/p>\n","protected":false},"featured_media":0,"template":"","meta":{"_monsterinsights_skip_tracking":false,"_monsterinsights_sitenote_active":false,"_monsterinsights_sitenote_note":"","_monsterinsights_sitenote_category":0},"product_brand":[],"product_cat":[12291,12711],"product_tag":[],"class_list":{"0":"post-733484","1":"product","2":"type-product","3":"status-publish","5":"product_cat-edebiyat","6":"product_cat-roman-oyku","7":"pa_cilt-ciltsiz","8":"pa_tur-kitap","9":"pa_yayinevi-muhit-kitap","10":"pa_yazar-sibel-eraslan","12":"first","13":"instock","14":"sale","15":"shipping-taxable","16":"purchasable","17":"product-type-simple"},"_links":{"self":[{"href":"https:\/\/roveyayinevi.com.tr\/index.php\/wp-json\/wp\/v2\/product\/733484","targetHints":{"allow":["GET"]}}],"collection":[{"href":"https:\/\/roveyayinevi.com.tr\/index.php\/wp-json\/wp\/v2\/product"}],"about":[{"href":"https:\/\/roveyayinevi.com.tr\/index.php\/wp-json\/wp\/v2\/types\/product"}],"wp:attachment":[{"href":"https:\/\/roveyayinevi.com.tr\/index.php\/wp-json\/wp\/v2\/media?parent=733484"}],"wp:term":[{"taxonomy":"product_brand","embeddable":true,"href":"https:\/\/roveyayinevi.com.tr\/index.php\/wp-json\/wp\/v2\/product_brand?post=733484"},{"taxonomy":"product_cat","embeddable":true,"href":"https:\/\/roveyayinevi.com.tr\/index.php\/wp-json\/wp\/v2\/product_cat?post=733484"},{"taxonomy":"product_tag","embeddable":true,"href":"https:\/\/roveyayinevi.com.tr\/index.php\/wp-json\/wp\/v2\/product_tag?post=733484"}],"curies":[{"name":"wp","href":"https:\/\/api.w.org\/{rel}","templated":true}]}}