{"id":733477,"date":"2025-08-27T22:10:48","date_gmt":"2025-08-27T19:10:48","guid":{"rendered":"https:\/\/roveyayinevi.com.tr\/index.php\/urun\/che-guevaranin-yasam-oykusu\/"},"modified":"2026-04-16T02:41:29","modified_gmt":"2026-04-15T23:41:29","slug":"che-guevaranin-yasam-oykusu","status":"publish","type":"product","link":"https:\/\/roveyayinevi.com.tr\/index.php\/urun\/che-guevaranin-yasam-oykusu\/","title":{"rendered":"Che Guevara\u2019n\u0131n Ya\u015fam \u00d6yk\u00fcs\u00fc"},"content":{"rendered":"<p>Marx\u2019\u0131n Avrupa\u2019da dola\u015fan kom\u00fcnizm hayaleti gibi, Latin Amerika\u2019n\u0131n ard\u0131ndan b\u00fct\u00fcn d\u00fcnyada ikonik bir hayalet dola\u015f\u0131yor: Che Guevara hayaleti.Che Guevara \u00fczerine \u00e7al\u0131\u015fan ve hem Guevara\u2019n\u0131n kendi kitaplar\u0131n\u0131 hem de hakk\u0131nda yaz\u0131lan kitaplar\u0131 \u00e7eviren Arjantinli yazar Luc\u00eda \u00c1lvarez de Toledo\u2019nun titiz bir ar\u015fiv \u00e7al\u0131\u015fmas\u0131 yaparak kaleme ald\u0131\u011f\u0131 bu eser, Ernesto \u201cChe\u201d Guevara de la Serna\u2019n\u0131n 39 y\u0131ll\u0131k ya\u015fam\u0131n\u0131 okurlarla bulu\u015fturuyor. Che Guevara\u2019n\u0131n sermayenin emperyalizm ve kolonyalizm ba\u011flam\u0131ndaki tarihsel bi\u00e7imi ile bu tarihsel s\u00f6m\u00fcr\u00fc bi\u00e7imlerinin nas\u0131l yeniden \u00fcretildi\u011fine ili\u015fkin d\u00fc\u015f\u00fcnceleri, ABD emperyalizmi d\u00fc\u015fmanl\u0131\u011f\u0131, b\u00fcrokratizm kar\u015f\u0131tl\u0131\u011f\u0131 ve bu sebepten \u00f6t\u00fcr\u00fc Sovyetler Birli\u011fi ile ya\u015fad\u0131\u011f\u0131 anla\u015fmazl\u0131k, \u00c7in ile K\u00fcba aras\u0131nda oynad\u0131\u011f\u0131 rol de yine ayr\u0131nt\u0131lar\u0131yla dikkat \u00e7ekilen hususlardan baz\u0131lar\u0131. Elinizdeki kitap, Che Guevara hakk\u0131nda yaz\u0131lm\u0131\u015f en kapsaml\u0131 \u00e7al\u0131\u015fmalardan biri olmakla kalm\u0131yor, Latin Amerika\u2019daki m\u00fccadele tarihine ilgi duyan okurlara da detayl\u0131 bir kaynak\u00e7a sunuyor.<\/p>\n","protected":false},"excerpt":{"rendered":"<p>Marx\u2019\u0131n Avrupa\u2019da dola\u015fan kom\u00fcnizm hayaleti gibi, Latin Amerika\u2019n\u0131n ard\u0131ndan b\u00fct\u00fcn d\u00fcnyada ikonik bir hayalet dola\u015f\u0131yor: Che Guevara hayaleti.Che Guevara \u00fczerine \u00e7al\u0131\u015fan ve hem Guevara\u2019n\u0131n kendi kitaplar\u0131n\u0131<span class=\"excerpt-hellip\"> [\u2026]<\/span><\/p>\n","protected":false},"featured_media":0,"template":"","meta":{"_monsterinsights_skip_tracking":false,"_monsterinsights_sitenote_active":false,"_monsterinsights_sitenote_note":"","_monsterinsights_sitenote_category":0},"product_brand":[],"product_cat":[13946,12304],"product_tag":[],"class_list":{"0":"post-733477","1":"product","2":"type-product","3":"status-publish","5":"product_cat-biyografi-otobiyografi","6":"product_cat-tarih","7":"pa_cilt-ciltsiz","8":"pa_tur-kitap","9":"pa_yayinevi-ayrinti-yayinlari","10":"pa_yazar-lucia-alvarez-de-toledo","12":"first","13":"instock","14":"sale","15":"shipping-taxable","16":"purchasable","17":"product-type-simple"},"_links":{"self":[{"href":"https:\/\/roveyayinevi.com.tr\/index.php\/wp-json\/wp\/v2\/product\/733477","targetHints":{"allow":["GET"]}}],"collection":[{"href":"https:\/\/roveyayinevi.com.tr\/index.php\/wp-json\/wp\/v2\/product"}],"about":[{"href":"https:\/\/roveyayinevi.com.tr\/index.php\/wp-json\/wp\/v2\/types\/product"}],"wp:attachment":[{"href":"https:\/\/roveyayinevi.com.tr\/index.php\/wp-json\/wp\/v2\/media?parent=733477"}],"wp:term":[{"taxonomy":"product_brand","embeddable":true,"href":"https:\/\/roveyayinevi.com.tr\/index.php\/wp-json\/wp\/v2\/product_brand?post=733477"},{"taxonomy":"product_cat","embeddable":true,"href":"https:\/\/roveyayinevi.com.tr\/index.php\/wp-json\/wp\/v2\/product_cat?post=733477"},{"taxonomy":"product_tag","embeddable":true,"href":"https:\/\/roveyayinevi.com.tr\/index.php\/wp-json\/wp\/v2\/product_tag?post=733477"}],"curies":[{"name":"wp","href":"https:\/\/api.w.org\/{rel}","templated":true}]}}