{"id":733472,"date":"2025-08-27T22:10:43","date_gmt":"2025-08-27T19:10:43","guid":{"rendered":"https:\/\/roveyayinevi.com.tr\/index.php\/urun\/dunyayi-degistirebilirsin\/"},"modified":"2026-04-16T02:41:29","modified_gmt":"2026-04-15T23:41:29","slug":"dunyayi-degistirebilirsin","status":"publish","type":"product","link":"https:\/\/roveyayinevi.com.tr\/index.php\/urun\/dunyayi-degistirebilirsin\/","title":{"rendered":"D\u00fcnyay\u0131 De\u011fi\u015ftirebilirsin"},"content":{"rendered":"<p>\u00dczerinde ya\u015fad\u0131\u011f\u0131m\u0131z gezegen D\u00fcnya, her ge\u00e7en g\u00fcn daha da kirleniyor. \u00dcstelik bu kirlenme D\u00fcnyam\u0131z \u00fczerinde d\u00f6n\u00fc\u015f\u00fc olmayacak etkiler b\u0131rak\u0131yor. Neyse ki gezegenimiz i\u00e7in yapabilece\u011fimiz bir \u015feyler h\u00e2l\u00e2 var. Bu kitapta iklim de\u011fi\u015fikli\u011fi, s\u00fcrd\u00fcr\u00fclebilir moda, hayvan haklar\u0131 gibi konular \u00fczerine pek \u00e7ok bilgi bulacaks\u0131n. \u00dcstelik bu konularda neler yapabilece\u011fine dair ipu\u00e7lar\u0131 da seni bekliyor. \u0130stedi\u011fin konudan ba\u015flamak serbest, keyifli okumalar!<\/p>\n","protected":false},"excerpt":{"rendered":"<p>\u00dczerinde ya\u015fad\u0131\u011f\u0131m\u0131z gezegen D\u00fcnya, her ge\u00e7en g\u00fcn daha da kirleniyor. \u00dcstelik bu kirlenme D\u00fcnyam\u0131z \u00fczerinde d\u00f6n\u00fc\u015f\u00fc olmayacak etkiler b\u0131rak\u0131yor. Neyse ki gezegenimiz i\u00e7in yapabilece\u011fimiz bir \u015feyler<span class=\"excerpt-hellip\"> [\u2026]<\/span><\/p>\n","protected":false},"featured_media":0,"template":"","meta":{"_monsterinsights_skip_tracking":false,"_monsterinsights_sitenote_active":false,"_monsterinsights_sitenote_note":"","_monsterinsights_sitenote_category":0},"product_brand":[],"product_cat":[12274,14573],"product_tag":[],"class_list":{"0":"post-733472","1":"product","2":"type-product","3":"status-publish","5":"product_cat-cocuk-ve-genclik-kitaplari","6":"product_cat-referans-kitaplar-cocuk-ve-genclik-kitaplari","7":"pa_cilt-ciltsiz","8":"pa_tur-kitap","9":"pa_yayinevi-erdem-cocuk","10":"pa_yazar-lucy-bell","12":"first","13":"instock","14":"sale","15":"shipping-taxable","16":"purchasable","17":"product-type-simple"},"_links":{"self":[{"href":"https:\/\/roveyayinevi.com.tr\/index.php\/wp-json\/wp\/v2\/product\/733472","targetHints":{"allow":["GET"]}}],"collection":[{"href":"https:\/\/roveyayinevi.com.tr\/index.php\/wp-json\/wp\/v2\/product"}],"about":[{"href":"https:\/\/roveyayinevi.com.tr\/index.php\/wp-json\/wp\/v2\/types\/product"}],"wp:attachment":[{"href":"https:\/\/roveyayinevi.com.tr\/index.php\/wp-json\/wp\/v2\/media?parent=733472"}],"wp:term":[{"taxonomy":"product_brand","embeddable":true,"href":"https:\/\/roveyayinevi.com.tr\/index.php\/wp-json\/wp\/v2\/product_brand?post=733472"},{"taxonomy":"product_cat","embeddable":true,"href":"https:\/\/roveyayinevi.com.tr\/index.php\/wp-json\/wp\/v2\/product_cat?post=733472"},{"taxonomy":"product_tag","embeddable":true,"href":"https:\/\/roveyayinevi.com.tr\/index.php\/wp-json\/wp\/v2\/product_tag?post=733472"}],"curies":[{"name":"wp","href":"https:\/\/api.w.org\/{rel}","templated":true}]}}