{"id":733464,"date":"2025-08-27T22:10:34","date_gmt":"2025-08-27T19:10:34","guid":{"rendered":"https:\/\/roveyayinevi.com.tr\/index.php\/urun\/ruhban\/"},"modified":"2026-04-16T02:41:29","modified_gmt":"2026-04-15T23:41:29","slug":"ruhban","status":"publish","type":"product","link":"https:\/\/roveyayinevi.com.tr\/index.php\/urun\/ruhban\/","title":{"rendered":"Ruhban"},"content":{"rendered":"<p>Mitoloji insan\u0131n do\u011fa ile olan ili\u015fkisi \u00fczerine kurulu. Ancak bu \u00e7a\u011f geride kald\u0131. Bilgisi eskidi. Alg\u0131m\u0131z de\u011fi\u015fti, insan de\u011fi\u015fti. Art\u0131k bir sonraki \u00e7a\u011f\u0131n i\u00e7inde oldu\u011fumuzu biliyoruz. \u0130nsan\u0131n evren ile ili\u015fkisini sorguluyoruz. Hem de ger\u00e7ekler apa\u00e7\u0131k ortadayken. M\u00fccadelemiz do\u011fa ile de\u011fil. Hi\u00e7 olmam\u0131\u015ft\u0131. M\u00fccadelemiz evrenin kendisiyle. Ona kar\u015f\u0131 tek bir \u015fans\u0131m\u0131z var, onu anlamak. Umar\u0131m beni anlars\u0131n. Umar\u0131m sevgi konusunda anla\u015fabiliriz.Umar\u0131m s\u0131k\u0131 bir macera roman\u0131 okumaya haz\u0131rs\u0131n. <\/p>\n","protected":false},"excerpt":{"rendered":"<p>Mitoloji insan\u0131n do\u011fa ile olan ili\u015fkisi \u00fczerine kurulu. Ancak bu \u00e7a\u011f geride kald\u0131. Bilgisi eskidi. Alg\u0131m\u0131z de\u011fi\u015fti, insan de\u011fi\u015fti. Art\u0131k bir sonraki \u00e7a\u011f\u0131n i\u00e7inde oldu\u011fumuzu biliyoruz.<span class=\"excerpt-hellip\"> [\u2026]<\/span><\/p>\n","protected":false},"featured_media":0,"template":"","meta":{"_monsterinsights_skip_tracking":false,"_monsterinsights_sitenote_active":false,"_monsterinsights_sitenote_note":"","_monsterinsights_sitenote_category":0},"product_brand":[],"product_cat":[12540,12291],"product_tag":[],"class_list":{"0":"post-733464","1":"product","2":"type-product","3":"status-publish","5":"product_cat-bilim-kurgu","6":"product_cat-edebiyat","7":"pa_cilt-ciltsiz","8":"pa_tur-kitap","9":"pa_yayinevi-eksik-parca-yayinlari","10":"pa_yazar-ozan-erturk","12":"first","13":"instock","14":"sale","15":"shipping-taxable","16":"purchasable","17":"product-type-simple"},"_links":{"self":[{"href":"https:\/\/roveyayinevi.com.tr\/index.php\/wp-json\/wp\/v2\/product\/733464","targetHints":{"allow":["GET"]}}],"collection":[{"href":"https:\/\/roveyayinevi.com.tr\/index.php\/wp-json\/wp\/v2\/product"}],"about":[{"href":"https:\/\/roveyayinevi.com.tr\/index.php\/wp-json\/wp\/v2\/types\/product"}],"wp:attachment":[{"href":"https:\/\/roveyayinevi.com.tr\/index.php\/wp-json\/wp\/v2\/media?parent=733464"}],"wp:term":[{"taxonomy":"product_brand","embeddable":true,"href":"https:\/\/roveyayinevi.com.tr\/index.php\/wp-json\/wp\/v2\/product_brand?post=733464"},{"taxonomy":"product_cat","embeddable":true,"href":"https:\/\/roveyayinevi.com.tr\/index.php\/wp-json\/wp\/v2\/product_cat?post=733464"},{"taxonomy":"product_tag","embeddable":true,"href":"https:\/\/roveyayinevi.com.tr\/index.php\/wp-json\/wp\/v2\/product_tag?post=733464"}],"curies":[{"name":"wp","href":"https:\/\/api.w.org\/{rel}","templated":true}]}}