{"id":733461,"date":"2025-08-27T22:10:31","date_gmt":"2025-08-27T19:10:31","guid":{"rendered":"https:\/\/roveyayinevi.com.tr\/index.php\/urun\/kuantum-oykuleri\/"},"modified":"2026-04-16T02:41:29","modified_gmt":"2026-04-15T23:41:29","slug":"kuantum-oykuleri","status":"publish","type":"product","link":"https:\/\/roveyayinevi.com.tr\/index.php\/urun\/kuantum-oykuleri\/","title":{"rendered":"Kuantum \u00d6yk\u00fcleri"},"content":{"rendered":"<p>Atomlardan olu\u015fan bir d\u00fcnyada ya\u015f\u0131yoruz diyebilirsiniz, ama asl\u0131nda kuantumlardan olu\u015fan bir evrende ya\u015f\u0131yoruz demeniz daha do\u011frudur. Pek \u00e7ok \u015fey atomlardan yap\u0131lmam\u0131\u015ft\u0131r: \u0131\u015f\u0131k, radyo dalgalar\u0131, elektrik ak\u0131m\u0131, manyetik alanlar, k\u00fctle\u00e7ekimi alanlar\u0131. N\u00f6tron y\u0131ld\u0131zlar\u0131, kara delikler, karanl\u0131k enerji, karanl\u0131k madde gibi tuhaf \u015feyleri saymaya bile gerek yok. Ama atomlar dahil her \u015fey, fazlas\u0131yla birle\u015fik ya da \u201cyap\u0131\u015f\u0131k\u201d halde bulunan, \u201ckuantumlar\u201d dedi\u011fimiz enerji demetlerinden yap\u0131lm\u0131\u015ft\u0131r. Kuantumlar da ba\u015fka her \u015fey gibi belli kurallara boyun e\u011fer. Bu kurallara \u201cKuantum Fizi\u011fi\u201d denir. Bu kitap kuantumlar\u0131 konu al\u0131yor ve onlar\u0131n beklenmedik, belki de kimilerinin diyece\u011fi gibi, tuhaf davran\u0131\u015flar\u0131na ili\u015fkin \u00f6yk\u00fcleri i\u00e7eriyor. Kuantum \u00d6yk\u00fcleri kuantumlar\u0131n tuhaf al\u0131\u015fkanl\u0131klar\u0131n\u0131 matemati\u011fe ba\u015fvurmadan, g\u00fcndelik dille a\u00e7\u0131kl\u0131yor. Kuantum fizi\u011fiyle ilgili di\u011fer pop\u00fcler bilim kitaplar\u0131 konuyu tarihsel s\u00fcre\u00e7 i\u00e7inde ele al\u0131rken, bu kitap dalga-par\u00e7ac\u0131k ikili\u011fi, temel rastgelelik, kuantum halleri, s\u00fcperpozisyonlar, dola\u015f\u0131kl\u0131k, yerbilmezlik, Schr\u00f6dinger\u2019in kedisi ve kuantum s\u0131\u00e7ramas\u0131 gibi fenomenler \u00fczerinden ilerliyor.  Konuyla ilgili genel bilgi sahibi olmak, en son fikirleri ve bulgular\u0131 \u00f6\u011frenmek isteyenler i\u00e7in ideal bir kitap.<\/p>\n","protected":false},"excerpt":{"rendered":"<p>Atomlardan olu\u015fan bir d\u00fcnyada ya\u015f\u0131yoruz diyebilirsiniz, ama asl\u0131nda kuantumlardan olu\u015fan bir evrende ya\u015f\u0131yoruz demeniz daha do\u011frudur. Pek \u00e7ok \u015fey atomlardan yap\u0131lmam\u0131\u015ft\u0131r: \u0131\u015f\u0131k, radyo dalgalar\u0131, elektrik ak\u0131m\u0131,<span class=\"excerpt-hellip\"> [\u2026]<\/span><\/p>\n","protected":false},"featured_media":0,"template":"","meta":{"_monsterinsights_skip_tracking":false,"_monsterinsights_sitenote_active":false,"_monsterinsights_sitenote_note":"","_monsterinsights_sitenote_category":0},"product_brand":[],"product_cat":[13005,37328],"product_tag":[],"class_list":{"0":"post-733461","1":"product","2":"type-product","3":"status-publish","5":"product_cat-bilim-muhendislik","6":"product_cat-diger-bilim-muhendislik","7":"pa_cilt-ciltsiz","8":"pa_tur-kitap","9":"pa_yayinevi-say-yayinlari","10":"pa_yazar-art-hobson","12":"first","13":"instock","14":"sale","15":"shipping-taxable","16":"purchasable","17":"product-type-simple"},"_links":{"self":[{"href":"https:\/\/roveyayinevi.com.tr\/index.php\/wp-json\/wp\/v2\/product\/733461","targetHints":{"allow":["GET"]}}],"collection":[{"href":"https:\/\/roveyayinevi.com.tr\/index.php\/wp-json\/wp\/v2\/product"}],"about":[{"href":"https:\/\/roveyayinevi.com.tr\/index.php\/wp-json\/wp\/v2\/types\/product"}],"wp:attachment":[{"href":"https:\/\/roveyayinevi.com.tr\/index.php\/wp-json\/wp\/v2\/media?parent=733461"}],"wp:term":[{"taxonomy":"product_brand","embeddable":true,"href":"https:\/\/roveyayinevi.com.tr\/index.php\/wp-json\/wp\/v2\/product_brand?post=733461"},{"taxonomy":"product_cat","embeddable":true,"href":"https:\/\/roveyayinevi.com.tr\/index.php\/wp-json\/wp\/v2\/product_cat?post=733461"},{"taxonomy":"product_tag","embeddable":true,"href":"https:\/\/roveyayinevi.com.tr\/index.php\/wp-json\/wp\/v2\/product_tag?post=733461"}],"curies":[{"name":"wp","href":"https:\/\/api.w.org\/{rel}","templated":true}]}}