{"id":733448,"date":"2025-08-27T22:10:19","date_gmt":"2025-08-27T19:10:19","guid":{"rendered":"https:\/\/roveyayinevi.com.tr\/index.php\/urun\/arkeolojik-verilerin-isiginda-ortacag-komanasi-cok-disiplinli-bir-yaklasim\/"},"modified":"2026-04-16T02:41:28","modified_gmt":"2026-04-15T23:41:28","slug":"arkeolojik-verilerin-isiginda-ortacag-komanasi-cok-disiplinli-bir-yaklasim","status":"publish","type":"product","link":"https:\/\/roveyayinevi.com.tr\/index.php\/urun\/arkeolojik-verilerin-isiginda-ortacag-komanasi-cok-disiplinli-bir-yaklasim\/","title":{"rendered":"Arkeolojik Verilerin I\u015f\u0131\u011f\u0131nda Orta\u00e7a\u011f Komana\u2019s\u0131: \u00c7ok Disiplinli Bir Yakla\u015f\u0131m"},"content":{"rendered":"<p>Arkeolojik Verilerin I\u015f\u0131\u011f\u0131nda Orta\u00e7a\u011f Komana\u2019s\u0131: \u00c7ok Disiplinli Bir Yakla\u015f\u0131mMustafa Nuri Tatbul Mustafa Nuri Tatbul 1978 y\u0131l\u0131nda Devrek\u2019te do\u011fmu\u015ftur. Lisans \u00f6\u011frenimini 2004 y\u0131l\u0131nda Ankara \u00dcniversitesi, Latin Dili ve Edebiyat\u0131 Anabilim Dal\u0131\u2019nda tamamlad\u0131ktan sonra 2005 y\u0131l\u0131nda Pennsylvania \u00dcniversitesi, Klasik Filoloji B\u00f6l\u00fcm\u00fc\u2019n\u00fcn Post-Baccalaureate Program\u0131nda lisans sonras\u0131 e\u011fitimine devam etmi\u015ftir. Tatbul, 2007 y\u0131l\u0131nda Leiden \u00dcniversitesi, Arkeoloji B\u00f6l\u00fcm\u00fc\u2019nde Y\u00fcksek Lisans derecesi almaya hak kazanm\u0131\u015ft\u0131r. 2010 y\u0131l\u0131nda Orta Do\u011fu Teknik \u00dcniversitesi, Sosyal Bilimler Enstit\u00fcs\u00fc, Yerle\u015fim Arkeolojisi Doktora Program\u0131\u2019na kabul edilmi\u015f, 2011-2016 tarihleri aras\u0131nda ayn\u0131 zamanda Ara\u015ft\u0131rma G\u00f6revlisi olarak g\u00f6rev ald\u0131\u011f\u0131 Yerle\u015fim Arkeolojisi Anabilim Dal\u0131\u2019nda 2017 y\u0131l\u0131nda doktoras\u0131n\u0131 tamamlam\u0131\u015ft\u0131r.Mustafa Nuri Tatbul doktora \u00f6\u011frenimi s\u0131ras\u0131nda Do\u00e7. Dr. Evangelia Ioannidou-Pi\u015fkin\u2019in kurucusu ve y\u00f6neticisi oldu\u011fu ODT\u00dc Yerle\u015fim Arkeolojisi \u00c7evresel Arkeoloji Ara\u015ft\u0131rma Birimi\u2019nde Laboratuvar Asistanl\u0131\u011f\u0131 g\u00f6revini \u00fcstlenmi\u015f, arkeozooloji ve arkeobotani alanlar\u0131nda e\u011fitim alm\u0131\u015ft\u0131r. Tatbul, 2010 y\u0131l\u0131ndan bu yana Komana Arkeolojik Ara\u015ft\u0131rma Projesi\u2019nde ekip \u00fcyesi olarak g\u00f6rev almaktad\u0131r.Tatbul, Doktora Program\u0131\u2019ndan mezun olduktan sonra \u201cChanging Dynamics in the Middle Byzantine Komana Pontica, Central Black Sea, Turkey\u201d ba\u015fl\u0131kl\u0131 projesiyle, 2017-2018 ANAMED-GABAM (Koc\u0327 University, Research Center for Anatolian Civilizations ve Stavros Niarchos Center for Late Antique and Byzantine Studies) doktora sonras\u0131 bursuna hak kazanarak Ko\u00e7 \u00dcniversitesi, Anadolu Medeniyetleri Ara\u015ft\u0131rma Merkezi\u2019nde bir akademik y\u0131l boyunca \u00e7al\u0131\u015fmalar\u0131n\u0131 s\u00fcrd\u00fcrm\u00fc\u015ft\u00fcr. Tatbul, 2017-2018 George Maxim Anossov Hanfmann (ARIT) (The American Research Institute in Turkey-Tu\u0308rk-Amerikan I\u0307lmi Aras\u0327t\u0131rmalar Derneg\u0306i) doktora sonras\u0131 bursu ile Dumbarton Oaks, Washington DC\u2019de ayn\u0131 konuda ara\u015ft\u0131rmalar\u0131na devam etmi\u015ftir.2018 y\u0131l\u0131nda \u201cOrta Do\u011fu Teknik \u00dcniversitesi, Sosyal Bilimler Enstit\u00fcs\u00fc, 2017 Y\u0131l\u0131 Doktora Tez \u00d6d\u00fcl\u00fc\u201dn\u00fc ve \u201cODT\u00dc 2017 Y\u0131l\u0131n Doktora Tezi Kalbiye Tansel Yay\u0131n \u00d6d\u00fcl\u00fc\u201dn\u00fc almaya hak kazanm\u0131\u015ft\u0131r.<\/p>\n","protected":false},"excerpt":{"rendered":"<p>Arkeolojik Verilerin I\u015f\u0131\u011f\u0131nda Orta\u00e7a\u011f Komana\u2019s\u0131: \u00c7ok Disiplinli Bir Yakla\u015f\u0131mMustafa Nuri Tatbul Mustafa Nuri Tatbul 1978 y\u0131l\u0131nda Devrek\u2019te do\u011fmu\u015ftur. Lisans \u00f6\u011frenimini 2004 y\u0131l\u0131nda Ankara \u00dcniversitesi, Latin Dili<span class=\"excerpt-hellip\"> [\u2026]<\/span><\/p>\n","protected":false},"featured_media":0,"template":"","meta":{"_monsterinsights_skip_tracking":false,"_monsterinsights_sitenote_active":false,"_monsterinsights_sitenote_note":"","_monsterinsights_sitenote_category":0},"product_brand":[],"product_cat":[12370,12304],"product_tag":[],"class_list":{"0":"post-733448","1":"product","2":"type-product","3":"status-publish","5":"product_cat-arastirma-inceleme","6":"product_cat-tarih","7":"pa_cilt-ciltsiz","8":"pa_tur-kitap","9":"pa_yayinevi-odtu-akademik-kitaplar","10":"pa_yazar-mustafa-nuri-tatbul","12":"first","13":"instock","14":"sale","15":"shipping-taxable","16":"purchasable","17":"product-type-simple"},"_links":{"self":[{"href":"https:\/\/roveyayinevi.com.tr\/index.php\/wp-json\/wp\/v2\/product\/733448","targetHints":{"allow":["GET"]}}],"collection":[{"href":"https:\/\/roveyayinevi.com.tr\/index.php\/wp-json\/wp\/v2\/product"}],"about":[{"href":"https:\/\/roveyayinevi.com.tr\/index.php\/wp-json\/wp\/v2\/types\/product"}],"wp:attachment":[{"href":"https:\/\/roveyayinevi.com.tr\/index.php\/wp-json\/wp\/v2\/media?parent=733448"}],"wp:term":[{"taxonomy":"product_brand","embeddable":true,"href":"https:\/\/roveyayinevi.com.tr\/index.php\/wp-json\/wp\/v2\/product_brand?post=733448"},{"taxonomy":"product_cat","embeddable":true,"href":"https:\/\/roveyayinevi.com.tr\/index.php\/wp-json\/wp\/v2\/product_cat?post=733448"},{"taxonomy":"product_tag","embeddable":true,"href":"https:\/\/roveyayinevi.com.tr\/index.php\/wp-json\/wp\/v2\/product_tag?post=733448"}],"curies":[{"name":"wp","href":"https:\/\/api.w.org\/{rel}","templated":true}]}}