{"id":733425,"date":"2025-08-27T22:09:25","date_gmt":"2025-08-27T19:09:25","guid":{"rendered":"https:\/\/roveyayinevi.com.tr\/index.php\/urun\/ahtapot-firtinasi\/"},"modified":"2026-04-16T02:41:28","modified_gmt":"2026-04-15T23:41:28","slug":"ahtapot-firtinasi","status":"publish","type":"product","link":"https:\/\/roveyayinevi.com.tr\/index.php\/urun\/ahtapot-firtinasi\/","title":{"rendered":"Ahtapot F\u0131rt\u0131nas\u0131"},"content":{"rendered":"<p>K\u00fc\u00e7\u00fck Malo, bir s\u00fcr\u00fc kolu olan \u00e7ok hareketli bir ahtapottur. Bo\u015f oturmaya tahamm\u00fcl\u00fc olmayan Malo, bir\u00e7ok farkl\u0131 \u015feyi ayn\u0131 anda yapabilmektedir. Enerjik ahtapotumuz ne kadar tatl\u0131 ve sevimli olsa da \u00f6\u011fretmenine zor anlar ya\u015fat\u0131r. Ancak g\u00fcn\u00fcn sonunda okul m\u00fcd\u00fcr\u00fc hem Malo\u2019yu hem de \u00f6\u011fretmeni Bay Sardalya\u2019y\u0131 mutlu edecek bir \u00e7\u00f6z\u00fcm bulacakt\u0131r. Peki sizce bu \u00e7\u00f6z\u00fcm nedir? Gelin birlikte \u00f6\u011frenelim\u2026Bir k\u0131yaslama yap\u0131ld\u0131\u011f\u0131nda baz\u0131 \u00e7ocuklar \u00e7ok daha aktif veya enerjik olabilir ve bu da anne babalar\u0131n veya \u00f6\u011fretmenlerin zor anlar ya\u015famalar\u0131na neden olabilir. Peki b\u00f6yle bir durumda ne yap\u0131lmal\u0131? Bunun \u00e7\u00f6z\u00fcm\u00fc, \u00e7ocu\u011fu susturmaya \u00e7al\u0131\u015fmak veya uslu durmas\u0131n\u0131 s\u00f6ylemek midir? Elbette hay\u0131r! \u00c7ocuklar\u0131n do\u011fru bir y\u00f6nlendirmeye ihtiyac\u0131 vard\u0131r. Bu noktada b\u00fcy\u00fcklere \u00e7ok i\u015f d\u00fc\u015fmektedir. K\u00fc\u00e7\u00fck ahtapotumuz Malo\u2019nun m\u00fcd\u00fcr\u00fc gibi siz de kendi \u00e7ocu\u011funuz i\u00e7in en do\u011fru \u00e7\u00f6z\u00fcm\u00fc bulabilirsiniz.4-8 ya\u015f aras\u0131 \u00e7ocuklar i\u00e7in haz\u0131rlanm\u0131\u015f Ahtapot F\u0131rt\u0131nas\u0131 kitab\u0131m\u0131z, hiperaktif \u00e7ocuklar\u0131n do\u011fru y\u00f6nlendirmeyle daha ba\u015far\u0131l\u0131 olabilece\u011fini g\u00f6stermektedir. Gelin \u00e7ocuklar\u0131m\u0131za k\u0131zmak yerine onlar\u0131n d\u00fcnyas\u0131n\u0131 anlamaya \u00e7al\u0131\u015fal\u0131m ve enerjisini do\u011fru \u015fekilde atabilmesine yard\u0131mc\u0131 olal\u0131m.<\/p>\n","protected":false},"excerpt":{"rendered":"<p>K\u00fc\u00e7\u00fck Malo, bir s\u00fcr\u00fc kolu olan \u00e7ok hareketli bir ahtapottur. Bo\u015f oturmaya tahamm\u00fcl\u00fc olmayan Malo, bir\u00e7ok farkl\u0131 \u015feyi ayn\u0131 anda yapabilmektedir. Enerjik ahtapotumuz ne kadar tatl\u0131<span class=\"excerpt-hellip\"> [\u2026]<\/span><\/p>\n","protected":false},"featured_media":0,"template":"","meta":{"_monsterinsights_skip_tracking":false,"_monsterinsights_sitenote_active":false,"_monsterinsights_sitenote_note":"","_monsterinsights_sitenote_category":0},"product_brand":[],"product_cat":[12274,12284],"product_tag":[],"class_list":{"0":"post-733425","1":"product","2":"type-product","3":"status-publish","5":"product_cat-cocuk-ve-genclik-kitaplari","6":"product_cat-hikayeler","7":"pa_cilt-ciltsiz","8":"pa_tur-kitap","9":"pa_yayinevi-odtu-gelistirme-vakfi-yayincilik","10":"pa_yazar-coralie-saudo-gregoire-mabire","12":"first","13":"instock","14":"sale","15":"shipping-taxable","16":"purchasable","17":"product-type-simple"},"_links":{"self":[{"href":"https:\/\/roveyayinevi.com.tr\/index.php\/wp-json\/wp\/v2\/product\/733425","targetHints":{"allow":["GET"]}}],"collection":[{"href":"https:\/\/roveyayinevi.com.tr\/index.php\/wp-json\/wp\/v2\/product"}],"about":[{"href":"https:\/\/roveyayinevi.com.tr\/index.php\/wp-json\/wp\/v2\/types\/product"}],"wp:attachment":[{"href":"https:\/\/roveyayinevi.com.tr\/index.php\/wp-json\/wp\/v2\/media?parent=733425"}],"wp:term":[{"taxonomy":"product_brand","embeddable":true,"href":"https:\/\/roveyayinevi.com.tr\/index.php\/wp-json\/wp\/v2\/product_brand?post=733425"},{"taxonomy":"product_cat","embeddable":true,"href":"https:\/\/roveyayinevi.com.tr\/index.php\/wp-json\/wp\/v2\/product_cat?post=733425"},{"taxonomy":"product_tag","embeddable":true,"href":"https:\/\/roveyayinevi.com.tr\/index.php\/wp-json\/wp\/v2\/product_tag?post=733425"}],"curies":[{"name":"wp","href":"https:\/\/api.w.org\/{rel}","templated":true}]}}