{"id":733412,"date":"2025-08-27T22:09:10","date_gmt":"2025-08-27T19:09:10","guid":{"rendered":"https:\/\/roveyayinevi.com.tr\/index.php\/urun\/beterin-beteri\/"},"modified":"2026-04-16T02:41:27","modified_gmt":"2026-04-15T23:41:27","slug":"beterin-beteri","status":"publish","type":"product","link":"https:\/\/roveyayinevi.com.tr\/index.php\/urun\/beterin-beteri\/","title":{"rendered":"Beterin Beteri"},"content":{"rendered":"<p>Gemileri batm\u0131\u015f\u0327, suyun \u00fcst\u00fcnde debelenen iki denizci: Can ve Alper. Daha beterinin ba\u015flar\u0131na gelmesi m\u00fcmk\u00fcn mu\u0308?   Muhte\u015fem ayr\u0131nt\u0131larla dolu resimler ve zor zamanlara dair keyifli bir ikilem. Beterin Beteri, en k\u00f6t\u00fc g\u00fcnlerin bile ne\u015feyle dolabilece\u011finin kan\u0131t\u0131, \u00f6zellikle de arkada\u015flarla. <\/p>\n","protected":false},"excerpt":{"rendered":"<p>Gemileri batm\u0131\u015f\u0327, suyun \u00fcst\u00fcnde debelenen iki denizci: Can ve Alper. Daha beterinin ba\u015flar\u0131na gelmesi m\u00fcmk\u00fcn mu\u0308? Muhte\u015fem ayr\u0131nt\u0131larla dolu resimler ve zor zamanlara dair keyifli bir<span class=\"excerpt-hellip\"> [\u2026]<\/span><\/p>\n","protected":false},"featured_media":0,"template":"","meta":{"_monsterinsights_skip_tracking":false,"_monsterinsights_sitenote_active":false,"_monsterinsights_sitenote_note":"","_monsterinsights_sitenote_category":0},"product_brand":[],"product_cat":[12275,12274],"product_tag":[],"class_list":{"0":"post-733412","1":"product","2":"type-product","3":"status-publish","5":"product_cat-6-12-yas-kitaplari","6":"product_cat-cocuk-ve-genclik-kitaplari","7":"pa_cilt-ciltsiz","8":"pa_tur-kitap","9":"pa_yayinevi-cinar-yayinlari","10":"pa_yazar-einat-tsarfati","12":"first","13":"instock","14":"sale","15":"shipping-taxable","16":"purchasable","17":"product-type-simple"},"_links":{"self":[{"href":"https:\/\/roveyayinevi.com.tr\/index.php\/wp-json\/wp\/v2\/product\/733412","targetHints":{"allow":["GET"]}}],"collection":[{"href":"https:\/\/roveyayinevi.com.tr\/index.php\/wp-json\/wp\/v2\/product"}],"about":[{"href":"https:\/\/roveyayinevi.com.tr\/index.php\/wp-json\/wp\/v2\/types\/product"}],"wp:attachment":[{"href":"https:\/\/roveyayinevi.com.tr\/index.php\/wp-json\/wp\/v2\/media?parent=733412"}],"wp:term":[{"taxonomy":"product_brand","embeddable":true,"href":"https:\/\/roveyayinevi.com.tr\/index.php\/wp-json\/wp\/v2\/product_brand?post=733412"},{"taxonomy":"product_cat","embeddable":true,"href":"https:\/\/roveyayinevi.com.tr\/index.php\/wp-json\/wp\/v2\/product_cat?post=733412"},{"taxonomy":"product_tag","embeddable":true,"href":"https:\/\/roveyayinevi.com.tr\/index.php\/wp-json\/wp\/v2\/product_tag?post=733412"}],"curies":[{"name":"wp","href":"https:\/\/api.w.org\/{rel}","templated":true}]}}