{"id":733401,"date":"2025-08-27T22:08:58","date_gmt":"2025-08-27T19:08:58","guid":{"rendered":"https:\/\/roveyayinevi.com.tr\/index.php\/urun\/eleali-zenon-hic-olmazsa-bir-kere-itiraz-et-baska-bir-fikir-soyle-de-iki-kisi-oldugumuzu-anlayayim\/"},"modified":"2026-04-16T02:40:57","modified_gmt":"2026-04-15T23:40:57","slug":"eleali-zenon-hic-olmazsa-bir-kere-itiraz-et-baska-bir-fikir-soyle-de-iki-kisi-oldugumuzu-anlayayim","status":"publish","type":"product","link":"https:\/\/roveyayinevi.com.tr\/index.php\/urun\/eleali-zenon-hic-olmazsa-bir-kere-itiraz-et-baska-bir-fikir-soyle-de-iki-kisi-oldugumuzu-anlayayim\/","title":{"rendered":"Eleal\u0131 Zenon-Hi\u00e7 Olmazsa Bir Kere \u0130tiraz Et, Ba\u015fka Bir Fikir S\u00f6yle de \u0130ki Ki\u015fi Oldu\u011fumuzu Anlayay\u0131m"},"content":{"rendered":"<p>\u201cBelki y\u0131\u011f\u0131nlar hi\u00e7bir zaman filozof olmayacak. Ama toplumlar\u0131 mutlulu\u011fa ula\u015ft\u0131rmak i\u00e7in, y\u00f6netimin bilge ki\u015filere teslim edilmesi de mi m\u00fcmk\u00fcn de\u011fil?\u201d D\u00fcnyan\u0131n en \u00e7ok tart\u0131\u015f\u0131lan paradokslar\u0131n\u0131 ortaya atan Eleal\u0131 Zenon, Antik Yunan felsefesinin en \u00f6nemli temsilcilerinden biridir. O, diyalektik d\u00fc\u015f\u00fcncenin ve mant\u0131\u011f\u0131n ilk temsilcisidir. Hocas\u0131 Parmenides\u2019in varl\u0131k ile ilgili fikirlerini temellendirmi\u015f ve ortaya att\u0131\u011f\u0131 fikirlerle g\u00fcn\u00fcm\u00fcz d\u00fc\u015f\u00fcnce evrenini etkilemeyi ba\u015farm\u0131\u015ft\u0131r. Sadece Akhilleus ve Kaplumba\u011fa Paradoksu ya da Duran Ok Paradoksu ile de\u011fil siyasi fikirleriyle de \u00f6ne \u00e7\u0131km\u0131\u015f ve kendinden sonra gelen \u00f6nemli filozoflar i\u00e7in ilham kayna\u011f\u0131 olmu\u015ftur. Eleal\u0131 Zenon, bizi varl\u0131\u011f\u0131 ba\u015fka a\u00e7\u0131lardan d\u00fc\u015f\u00fcnmeye ve ger\u00e7e\u011fi daha iyi kavramaya davet ediyor. \u0130\u00e7inde ya\u015fad\u0131\u011f\u0131n\u0131z ve etkileyip etkilendi\u011finiz d\u00fcnyay\u0131 sorgulamaya haz\u0131r olun. <\/p>\n","protected":false},"excerpt":{"rendered":"<p>\u201cBelki y\u0131\u011f\u0131nlar hi\u00e7bir zaman filozof olmayacak. Ama toplumlar\u0131 mutlulu\u011fa ula\u015ft\u0131rmak i\u00e7in, y\u00f6netimin bilge ki\u015filere teslim edilmesi de mi m\u00fcmk\u00fcn de\u011fil?\u201d D\u00fcnyan\u0131n en \u00e7ok tart\u0131\u015f\u0131lan paradokslar\u0131n\u0131 ortaya<span class=\"excerpt-hellip\"> [\u2026]<\/span><\/p>\n","protected":false},"featured_media":0,"template":"","meta":{"_monsterinsights_skip_tracking":false,"_monsterinsights_sitenote_active":false,"_monsterinsights_sitenote_note":"","_monsterinsights_sitenote_category":0},"product_brand":[],"product_cat":[20351,12388],"product_tag":[],"class_list":{"0":"post-733401","1":"product","2":"type-product","3":"status-publish","5":"product_cat-dusunce","6":"product_cat-felsefe","7":"pa_cilt-ciltsiz","8":"pa_tur-kitap","9":"pa_yayinevi-destek-yayinlari","10":"pa_yazar-devrim-horlu","12":"first","13":"instock","14":"sale","15":"shipping-taxable","16":"purchasable","17":"product-type-simple"},"_links":{"self":[{"href":"https:\/\/roveyayinevi.com.tr\/index.php\/wp-json\/wp\/v2\/product\/733401","targetHints":{"allow":["GET"]}}],"collection":[{"href":"https:\/\/roveyayinevi.com.tr\/index.php\/wp-json\/wp\/v2\/product"}],"about":[{"href":"https:\/\/roveyayinevi.com.tr\/index.php\/wp-json\/wp\/v2\/types\/product"}],"wp:attachment":[{"href":"https:\/\/roveyayinevi.com.tr\/index.php\/wp-json\/wp\/v2\/media?parent=733401"}],"wp:term":[{"taxonomy":"product_brand","embeddable":true,"href":"https:\/\/roveyayinevi.com.tr\/index.php\/wp-json\/wp\/v2\/product_brand?post=733401"},{"taxonomy":"product_cat","embeddable":true,"href":"https:\/\/roveyayinevi.com.tr\/index.php\/wp-json\/wp\/v2\/product_cat?post=733401"},{"taxonomy":"product_tag","embeddable":true,"href":"https:\/\/roveyayinevi.com.tr\/index.php\/wp-json\/wp\/v2\/product_tag?post=733401"}],"curies":[{"name":"wp","href":"https:\/\/api.w.org\/{rel}","templated":true}]}}