{"id":733399,"date":"2025-08-27T22:08:56","date_gmt":"2025-08-27T19:08:56","guid":{"rendered":"https:\/\/roveyayinevi.com.tr\/index.php\/urun\/dura-mater\/"},"modified":"2026-04-16T02:40:57","modified_gmt":"2026-04-15T23:40:57","slug":"dura-mater","status":"publish","type":"product","link":"https:\/\/roveyayinevi.com.tr\/index.php\/urun\/dura-mater\/","title":{"rendered":"Dura Mater"},"content":{"rendered":"<p>Elma Yay\u0131nevi uzun zamand\u0131r merakla beklenen kitab\u0131 Dura Mater\u2019le okurlar\u0131n\u0131n kar\u015f\u0131s\u0131nda\u2026   \u201c\u015eu an ellerinizin aras\u0131nda olan Dura Mater adl\u0131 kitap, 3 kitaptan olu\u015fan Mater Serisinin \u00fc\u00e7\u00fcnc\u00fc ve sonuncu kitab\u0131d\u0131r. O nedenle B\u00f6l\u00fcm 101\u2019den ba\u015flamaktad\u0131r. E\u011fer serinin ilk iki kitab\u0131n\u0131 okumad\u0131ysan\u0131z l\u00fctfen elinizdeki kitab\u0131 usulca ald\u0131\u011f\u0131n\u0131z rafa geri koyunuz.\u201d Yazar Serkan Karaismailo\u011flu, bu c\u00fcmlelerle ba\u015fl\u0131yor Mater Serisinin 3. ve son b\u00f6l\u00fcm\u00fcne\u2026 \u0130lk iki kitab\u0131n konusunu olu\u015fturan heyecanl\u0131 ser\u00fcveninin sonunu ve kahramanlar\u0131n ya\u015fad\u0131klar\u0131n\u0131 okuyoruz Dura Mater\u2019de. Her zamanki gibi bilim, bilim tarihi, macera ve heyecan dolu bir hik\u00e2ye sizi bekliyor\u2026 Keyifli okumalar\u2026<\/p>\n","protected":false},"excerpt":{"rendered":"<p>Elma Yay\u0131nevi uzun zamand\u0131r merakla beklenen kitab\u0131 Dura Mater\u2019le okurlar\u0131n\u0131n kar\u015f\u0131s\u0131nda\u2026 \u201c\u015eu an ellerinizin aras\u0131nda olan Dura Mater adl\u0131 kitap, 3 kitaptan olu\u015fan Mater Serisinin \u00fc\u00e7\u00fcnc\u00fc<span class=\"excerpt-hellip\"> [\u2026]<\/span><\/p>\n","protected":false},"featured_media":0,"template":"","meta":{"_monsterinsights_skip_tracking":false,"_monsterinsights_sitenote_active":false,"_monsterinsights_sitenote_note":"","_monsterinsights_sitenote_category":0},"product_brand":[],"product_cat":[13005,13006],"product_tag":[],"class_list":{"0":"post-733399","1":"product","2":"type-product","3":"status-publish","5":"product_cat-bilim-muhendislik","6":"product_cat-populer-bilim","7":"pa_cilt-ciltsiz","8":"pa_tur-kitap","9":"pa_yayinevi-elma-yayinevi","10":"pa_yazar-serkan-karaismailoglu","12":"first","13":"instock","14":"sale","15":"shipping-taxable","16":"purchasable","17":"product-type-simple"},"_links":{"self":[{"href":"https:\/\/roveyayinevi.com.tr\/index.php\/wp-json\/wp\/v2\/product\/733399","targetHints":{"allow":["GET"]}}],"collection":[{"href":"https:\/\/roveyayinevi.com.tr\/index.php\/wp-json\/wp\/v2\/product"}],"about":[{"href":"https:\/\/roveyayinevi.com.tr\/index.php\/wp-json\/wp\/v2\/types\/product"}],"wp:attachment":[{"href":"https:\/\/roveyayinevi.com.tr\/index.php\/wp-json\/wp\/v2\/media?parent=733399"}],"wp:term":[{"taxonomy":"product_brand","embeddable":true,"href":"https:\/\/roveyayinevi.com.tr\/index.php\/wp-json\/wp\/v2\/product_brand?post=733399"},{"taxonomy":"product_cat","embeddable":true,"href":"https:\/\/roveyayinevi.com.tr\/index.php\/wp-json\/wp\/v2\/product_cat?post=733399"},{"taxonomy":"product_tag","embeddable":true,"href":"https:\/\/roveyayinevi.com.tr\/index.php\/wp-json\/wp\/v2\/product_tag?post=733399"}],"curies":[{"name":"wp","href":"https:\/\/api.w.org\/{rel}","templated":true}]}}