{"id":733392,"date":"2025-08-27T22:08:49","date_gmt":"2025-08-27T19:08:49","guid":{"rendered":"https:\/\/roveyayinevi.com.tr\/index.php\/urun\/yesil-yilan-ile-guzel-zambak-masali\/"},"modified":"2026-04-16T02:40:57","modified_gmt":"2026-04-15T23:40:57","slug":"yesil-yilan-ile-guzel-zambak-masali","status":"publish","type":"product","link":"https:\/\/roveyayinevi.com.tr\/index.php\/urun\/yesil-yilan-ile-guzel-zambak-masali\/","title":{"rendered":"Ye\u015fil Y\u0131lan \u0130le G\u00fczel Zambak Masal\u0131"},"content":{"rendered":"<p>Ye\u015fil Y\u0131lan ile G\u00fczel Zambak Masal\u0131, Johann Wolfgang von Goethe\u2019nin \u00fcnl\u00fc bir eseridir. 1795 y\u0131l\u0131nda yay\u0131nlanan bu masal, sanatsal peri masal\u0131n\u0131n ilksel \u00f6rne\u011fi say\u0131lmaktad\u0131r. Bu masal, Goethe taraf\u0131ndan Schiller\u2019in \u00dcber die aesthetische Erziehung des Menschen (\u0130nsan\u0131n Estetik E\u011fitimi \u00dczerine Mektuplar) adl\u0131 eserine yan\u0131t olarak yaz\u0131lm\u0131\u015ft\u0131r. Bu mektuplarda insan\u0131n \u00f6zg\u00fcrl\u00fc\u011f\u00fc temas\u0131 tart\u0131\u015f\u0131lmaktad\u0131r. Hem Schiller uyumlu bir sosyal ya\u015fam\u0131n ancak \u00f6zg\u00fcr insan ki\u015filikleri temelinde kurulabilece\u011fini s\u00f6ylemektedirler. Herkesin i\u00e7inde \u201cideal bir insan\u201d vard\u0131r ve as\u0131l zorluk d\u0131\u015fsal ya\u015fam deneyimlerini bu \u201cideal\u201d ile uyumlu hale getirmekti. Goethe de d\u00fc\u015f\u00fcncesini bir masal ile dile getirmektedir. Hem \u00e7ocuklar\u0131n hem de yeti\u015fkinlerin okumas\u0131 gereken bu eseri yay\u0131nlamaktan k\u0131van\u00e7 duyuyoruz. Bu eserden uyarlanan opera da 8 Das M\u00e4rchen von der sch\u00f6nen Lilie) olduk\u00e7a \u00fcnl\u00fcd\u00fcr.<\/p>\n","protected":false},"excerpt":{"rendered":"<p>Ye\u015fil Y\u0131lan ile G\u00fczel Zambak Masal\u0131, Johann Wolfgang von Goethe\u2019nin \u00fcnl\u00fc bir eseridir. 1795 y\u0131l\u0131nda yay\u0131nlanan bu masal, sanatsal peri masal\u0131n\u0131n ilksel \u00f6rne\u011fi say\u0131lmaktad\u0131r. Bu masal,<span class=\"excerpt-hellip\"> [\u2026]<\/span><\/p>\n","protected":false},"featured_media":0,"template":"","meta":{"_monsterinsights_skip_tracking":false,"_monsterinsights_sitenote_active":false,"_monsterinsights_sitenote_note":"","_monsterinsights_sitenote_category":0},"product_brand":[],"product_cat":[12275,12274],"product_tag":[],"class_list":{"0":"post-733392","1":"product","2":"type-product","3":"status-publish","5":"product_cat-6-12-yas-kitaplari","6":"product_cat-cocuk-ve-genclik-kitaplari","7":"pa_cilt-ciltsiz","8":"pa_tur-kitap","9":"pa_yayinevi-mirhan-kitap","10":"pa_yazar-johann-wolfgang-von-goethe","12":"first","13":"instock","14":"sale","15":"shipping-taxable","16":"purchasable","17":"product-type-simple"},"_links":{"self":[{"href":"https:\/\/roveyayinevi.com.tr\/index.php\/wp-json\/wp\/v2\/product\/733392","targetHints":{"allow":["GET"]}}],"collection":[{"href":"https:\/\/roveyayinevi.com.tr\/index.php\/wp-json\/wp\/v2\/product"}],"about":[{"href":"https:\/\/roveyayinevi.com.tr\/index.php\/wp-json\/wp\/v2\/types\/product"}],"wp:attachment":[{"href":"https:\/\/roveyayinevi.com.tr\/index.php\/wp-json\/wp\/v2\/media?parent=733392"}],"wp:term":[{"taxonomy":"product_brand","embeddable":true,"href":"https:\/\/roveyayinevi.com.tr\/index.php\/wp-json\/wp\/v2\/product_brand?post=733392"},{"taxonomy":"product_cat","embeddable":true,"href":"https:\/\/roveyayinevi.com.tr\/index.php\/wp-json\/wp\/v2\/product_cat?post=733392"},{"taxonomy":"product_tag","embeddable":true,"href":"https:\/\/roveyayinevi.com.tr\/index.php\/wp-json\/wp\/v2\/product_tag?post=733392"}],"curies":[{"name":"wp","href":"https:\/\/api.w.org\/{rel}","templated":true}]}}