{"id":733391,"date":"2025-08-27T22:08:48","date_gmt":"2025-08-27T19:08:48","guid":{"rendered":"https:\/\/roveyayinevi.com.tr\/index.php\/urun\/buyukannenin-ogrettikleri\/"},"modified":"2026-04-16T02:40:57","modified_gmt":"2026-04-15T23:40:57","slug":"buyukannenin-ogrettikleri","status":"publish","type":"product","link":"https:\/\/roveyayinevi.com.tr\/index.php\/urun\/buyukannenin-ogrettikleri\/","title":{"rendered":"B\u00fcy\u00fckannenin \u00d6\u011frettikleri"},"content":{"rendered":"<p>Johanna Spyri, \u00fclkemizde daha \u00e7ok, iki kitapl\u0131k ilk roman\u0131 Heidi ile bilinir. Spyri eserlerinde, manzaralar\u0131 betimlemeteki ba\u015far\u0131s\u0131 ve \u00e7ocuklar\u0131n duygular\u0131n\u0131, d\u00fcnyaya nas\u0131l bakt\u0131\u011f\u0131n\u0131 anlatmaktaki ustal\u0131\u011f\u0131 ile bilinmektedir. B\u00fcy\u00fckannenin \u00d6\u011frettikleri adl\u0131 eserinde de bu anlat\u0131m ustal\u0131\u011f\u0131 \u00f6ne \u00e7\u0131kmaktad\u0131r.B\u00fcy\u00fckannenin \u00d6\u011frettikleri adl\u0131 eserinde de bu anlat\u0131m ustal\u0131\u011f\u0131 \u00f6ne \u00e7\u0131kmaktat\u0131r. T\u00fcm ya\u015fam\u0131n\u0131 \u0130svi\u00e7re\u2019de ge\u00e7iren Johanna Spyri (1827-1901), Fransa-Prusya Sava\u015f\u0131&#8217;n\u0131n gazilerine, \u00f6ks\u00fcz kalan \u00e7ocuklara yard\u0131m amac\u0131yla para kazanmak i\u00e7in hik\u00e2yeler yazmaya ba\u015flad\u0131. Hik\u00e2yeleri \u00e7ok be\u011fenilince bir ba\u015fka \u00f6ks\u00fcz \u00e7ocu\u011fun roman\u0131 Heidi\u2019yi yazd\u0131. B\u00fcy\u00fckannemin \u00d6\u011frettikleri\u2019nde de kahraman, \u00f6ks\u00fcz Trini\u2019dir.Spyri&#8217;nin \u00e7ocuklar\u0131n do\u011fal masumiyetine, iyilik ve erdemli bireylere d\u00f6n\u00fc\u015fme yeteneklerine olan inanc\u0131, \u00e7a\u011fda\u015f\u0131 Hans Christian Andersen ile benzerdir.<\/p>\n","protected":false},"excerpt":{"rendered":"<p>Johanna Spyri, \u00fclkemizde daha \u00e7ok, iki kitapl\u0131k ilk roman\u0131 Heidi ile bilinir. Spyri eserlerinde, manzaralar\u0131 betimlemeteki ba\u015far\u0131s\u0131 ve \u00e7ocuklar\u0131n duygular\u0131n\u0131, d\u00fcnyaya nas\u0131l bakt\u0131\u011f\u0131n\u0131 anlatmaktaki ustal\u0131\u011f\u0131 ile<span class=\"excerpt-hellip\"> [\u2026]<\/span><\/p>\n","protected":false},"featured_media":0,"template":"","meta":{"_monsterinsights_skip_tracking":false,"_monsterinsights_sitenote_active":false,"_monsterinsights_sitenote_note":"","_monsterinsights_sitenote_category":0},"product_brand":[],"product_cat":[12274,12467],"product_tag":[],"class_list":{"0":"post-733391","1":"product","2":"type-product","3":"status-publish","5":"product_cat-cocuk-ve-genclik-kitaplari","6":"product_cat-dunya-klasikleri","7":"pa_cilt-ciltsiz","8":"pa_tur-kitap","9":"pa_yayinevi-mirhan-kitap","10":"pa_yazar-johanna-spyri","12":"first","13":"instock","14":"sale","15":"shipping-taxable","16":"purchasable","17":"product-type-simple"},"_links":{"self":[{"href":"https:\/\/roveyayinevi.com.tr\/index.php\/wp-json\/wp\/v2\/product\/733391","targetHints":{"allow":["GET"]}}],"collection":[{"href":"https:\/\/roveyayinevi.com.tr\/index.php\/wp-json\/wp\/v2\/product"}],"about":[{"href":"https:\/\/roveyayinevi.com.tr\/index.php\/wp-json\/wp\/v2\/types\/product"}],"wp:attachment":[{"href":"https:\/\/roveyayinevi.com.tr\/index.php\/wp-json\/wp\/v2\/media?parent=733391"}],"wp:term":[{"taxonomy":"product_brand","embeddable":true,"href":"https:\/\/roveyayinevi.com.tr\/index.php\/wp-json\/wp\/v2\/product_brand?post=733391"},{"taxonomy":"product_cat","embeddable":true,"href":"https:\/\/roveyayinevi.com.tr\/index.php\/wp-json\/wp\/v2\/product_cat?post=733391"},{"taxonomy":"product_tag","embeddable":true,"href":"https:\/\/roveyayinevi.com.tr\/index.php\/wp-json\/wp\/v2\/product_tag?post=733391"}],"curies":[{"name":"wp","href":"https:\/\/api.w.org\/{rel}","templated":true}]}}