{"id":733352,"date":"2025-08-27T22:08:08","date_gmt":"2025-08-27T19:08:08","guid":{"rendered":"https:\/\/roveyayinevi.com.tr\/index.php\/urun\/cama-vuran-roket-fikri-bol-fikri-6\/"},"modified":"2026-04-16T02:40:56","modified_gmt":"2026-04-15T23:40:56","slug":"cama-vuran-roket-fikri-bol-fikri-6","status":"publish","type":"product","link":"https:\/\/roveyayinevi.com.tr\/index.php\/urun\/cama-vuran-roket-fikri-bol-fikri-6\/","title":{"rendered":"Cama Vuran Roket &#8211; Fikri Bol Fikri 6"},"content":{"rendered":"<p>Nuri\u2019nin babas\u0131, k\u00fc\u00e7\u00fck bakkal\u0131n\u0131 s\u00fcpermarkete d\u00f6n\u00fc\u015ft\u00fcr\u00fcr. Nuri de markete m\u00fcd\u00fcr olur. Nuri\u2019nin m\u00fcd\u00fcrl\u00fc\u011f\u00fc marketin gelece\u011fini nas\u0131l etkileyecek?Fikri, ilgin\u00e7 malzemeler kullanarak roket yapmaya karar verir. O roket yapmaya \u00e7al\u0131\u015fken di\u011fer \u00e7ocuklar da masal tiyatrosu sergilemek i\u00e7in haz\u0131rlan\u0131r. Fikri\u2019nin roketinin ve masal tiyatrosunun sonu ne olacak?Yine teyzeler bulu\u015fmas\u0131, yine al\u0131nan bir karar! Al\u0131nan karar ne olabilir?Fikri ile Fahri\u2019nin, Osman ile Nuri\u2019nin aralar\u0131 bozuk. Arkada\u015flar\u0131n aras\u0131 nas\u0131l d\u00fczelecek?Fikri ile Fahri\u2019nin yeni maceralar\u0131 bu kitapta da devam ediyor.<\/p>\n","protected":false},"excerpt":{"rendered":"<p>Nuri\u2019nin babas\u0131, k\u00fc\u00e7\u00fck bakkal\u0131n\u0131 s\u00fcpermarkete d\u00f6n\u00fc\u015ft\u00fcr\u00fcr. Nuri de markete m\u00fcd\u00fcr olur. Nuri\u2019nin m\u00fcd\u00fcrl\u00fc\u011f\u00fc marketin gelece\u011fini nas\u0131l etkileyecek?Fikri, ilgin\u00e7 malzemeler kullanarak roket yapmaya karar verir. O roket<span class=\"excerpt-hellip\"> [\u2026]<\/span><\/p>\n","protected":false},"featured_media":0,"template":"","meta":{"_monsterinsights_skip_tracking":false,"_monsterinsights_sitenote_active":false,"_monsterinsights_sitenote_note":"","_monsterinsights_sitenote_category":0},"product_brand":[],"product_cat":[13701,12291],"product_tag":[],"class_list":{"0":"post-733352","1":"product","2":"type-product","3":"status-publish","5":"product_cat-ani-mektup-gunluk","6":"product_cat-edebiyat","7":"pa_cilt-ciltsiz","8":"pa_tur-kitap","9":"pa_yayinevi-dus-degirmeni","10":"pa_yazar-nehir-aydin-gokduman","12":"first","13":"instock","14":"sale","15":"shipping-taxable","16":"purchasable","17":"product-type-simple"},"_links":{"self":[{"href":"https:\/\/roveyayinevi.com.tr\/index.php\/wp-json\/wp\/v2\/product\/733352","targetHints":{"allow":["GET"]}}],"collection":[{"href":"https:\/\/roveyayinevi.com.tr\/index.php\/wp-json\/wp\/v2\/product"}],"about":[{"href":"https:\/\/roveyayinevi.com.tr\/index.php\/wp-json\/wp\/v2\/types\/product"}],"wp:attachment":[{"href":"https:\/\/roveyayinevi.com.tr\/index.php\/wp-json\/wp\/v2\/media?parent=733352"}],"wp:term":[{"taxonomy":"product_brand","embeddable":true,"href":"https:\/\/roveyayinevi.com.tr\/index.php\/wp-json\/wp\/v2\/product_brand?post=733352"},{"taxonomy":"product_cat","embeddable":true,"href":"https:\/\/roveyayinevi.com.tr\/index.php\/wp-json\/wp\/v2\/product_cat?post=733352"},{"taxonomy":"product_tag","embeddable":true,"href":"https:\/\/roveyayinevi.com.tr\/index.php\/wp-json\/wp\/v2\/product_tag?post=733352"}],"curies":[{"name":"wp","href":"https:\/\/api.w.org\/{rel}","templated":true}]}}