{"id":733345,"date":"2025-08-27T22:08:01","date_gmt":"2025-08-27T19:08:01","guid":{"rendered":"https:\/\/roveyayinevi.com.tr\/index.php\/urun\/lalanin-kelimeleri\/"},"modified":"2026-04-16T02:40:56","modified_gmt":"2026-04-15T23:40:56","slug":"lalanin-kelimeleri","status":"publish","type":"product","link":"https:\/\/roveyayinevi.com.tr\/index.php\/urun\/lalanin-kelimeleri\/","title":{"rendered":"Lala&#8217;n\u0131n Kelimeleri"},"content":{"rendered":"<p>Bak! Bu Lala. Elinde bir kova su, \u00e7atlaklar\u0131nda yabani otlar\u0131n filizlendi\u011fi beton bir duvara su ta\u015f\u0131yor. &#8220;Merhaba dostlar\u0131m, merhaba&#8230;&#8221; diye selaml\u0131yor onlar\u0131 ve her g\u00fcn suluyor daha g\u00fc\u00e7l\u00fc olmalar\u0131, boy atmalar\u0131 i\u00e7in. Ama asl\u0131nda bitkileri b\u00fcy\u00fcten kavurucu g\u00fcne\u015fin alt\u0131nda ta\u015f\u0131d\u0131\u011f\u0131 su de\u011fil, Lala&#8217;n\u0131n her g\u00fcn sevgiyle f\u0131s\u0131ldad\u0131\u011f\u0131 g\u00fczel s\u00f6zler.K\u00fc\u00e7\u00fck bir k\u0131z, &#8220;yabani&#8221; do\u011fas\u0131 ve k\u00fc\u00e7\u00fck dostlar\u0131na duydu\u011fu derin ba\u011fl\u0131l\u0131kla; kelimelerin g\u00fcc\u00fcn\u00fc ve kendin olabilme cesaretini g\u00f6steriyor herkese. Lala&#8217;n\u0131n Kelimeleri; g\u00fczel s\u00f6zlerle filizlenen ve her yeni sayfada biraz daha ye\u015feren bir iyilik hik\u00e2yesi. <\/p>\n","protected":false},"excerpt":{"rendered":"<p>Bak! Bu Lala. Elinde bir kova su, \u00e7atlaklar\u0131nda yabani otlar\u0131n filizlendi\u011fi beton bir duvara su ta\u015f\u0131yor. &#8220;Merhaba dostlar\u0131m, merhaba&#8230;&#8221; diye selaml\u0131yor onlar\u0131 ve her g\u00fcn suluyor<span class=\"excerpt-hellip\"> [\u2026]<\/span><\/p>\n","protected":false},"featured_media":0,"template":"","meta":{"_monsterinsights_skip_tracking":false,"_monsterinsights_sitenote_active":false,"_monsterinsights_sitenote_note":"","_monsterinsights_sitenote_category":0},"product_brand":[],"product_cat":[12274,12518],"product_tag":[],"class_list":{"0":"post-733345","1":"product","2":"type-product","3":"status-publish","5":"product_cat-cocuk-ve-genclik-kitaplari","6":"product_cat-okul-oncesi-kitaplar","7":"pa_cilt-ciltsiz","8":"pa_tur-kitap","9":"pa_yayinevi-timas-cocuk","10":"pa_yazar-gracey-zhang","12":"first","13":"instock","14":"sale","15":"shipping-taxable","16":"purchasable","17":"product-type-simple"},"_links":{"self":[{"href":"https:\/\/roveyayinevi.com.tr\/index.php\/wp-json\/wp\/v2\/product\/733345","targetHints":{"allow":["GET"]}}],"collection":[{"href":"https:\/\/roveyayinevi.com.tr\/index.php\/wp-json\/wp\/v2\/product"}],"about":[{"href":"https:\/\/roveyayinevi.com.tr\/index.php\/wp-json\/wp\/v2\/types\/product"}],"wp:attachment":[{"href":"https:\/\/roveyayinevi.com.tr\/index.php\/wp-json\/wp\/v2\/media?parent=733345"}],"wp:term":[{"taxonomy":"product_brand","embeddable":true,"href":"https:\/\/roveyayinevi.com.tr\/index.php\/wp-json\/wp\/v2\/product_brand?post=733345"},{"taxonomy":"product_cat","embeddable":true,"href":"https:\/\/roveyayinevi.com.tr\/index.php\/wp-json\/wp\/v2\/product_cat?post=733345"},{"taxonomy":"product_tag","embeddable":true,"href":"https:\/\/roveyayinevi.com.tr\/index.php\/wp-json\/wp\/v2\/product_tag?post=733345"}],"curies":[{"name":"wp","href":"https:\/\/api.w.org\/{rel}","templated":true}]}}