{"id":733343,"date":"2025-08-27T22:07:59","date_gmt":"2025-08-27T19:07:59","guid":{"rendered":"https:\/\/roveyayinevi.com.tr\/index.php\/urun\/kara-miras-ciltli\/"},"modified":"2026-04-16T02:40:56","modified_gmt":"2026-04-15T23:40:56","slug":"kara-miras-ciltli","status":"publish","type":"product","link":"https:\/\/roveyayinevi.com.tr\/index.php\/urun\/kara-miras-ciltli\/","title":{"rendered":"Kara Miras (Ciltli)"},"content":{"rendered":"<p>New York Times \u00e7oksatan yazar\u0131 Chris d\u2019Lacey\u2019nin yeni paranormal aksiyon macera serisi!Telekinezi, h\u00fccresel haf\u0131za, ge\u00e7mi\u015f hayatlar\u0131 tekrar ya\u015fama ve \u00e7oklu ger\u00e7ekli\u011fin do\u011fas\u0131 gibi konular\u0131 ke\u015ffederken aksiyon dolu bir macera ya\u015famaya haz\u0131r m\u0131s\u0131n\u0131z?Michael Malone, s\u0131radan bir g\u00fcnde tamamen s\u0131rad\u0131\u015f\u0131 bir olay ya\u015far: U\u00e7urumdan atlamak \u00fczere kayal\u0131klarda dola\u015fan bir Sibirya kurdunun hayat\u0131n\u0131 kurtar\u0131r. Ancak bu, hayat\u0131n\u0131 de\u011fi\u015ftirecek ola\u011fan\u00fcst\u00fc olaylar\u0131n sadece ilkidir. Michael, ger\u00e7ekli\u011fi de\u011fi\u015ftirebilme g\u00fcc\u00fc oldu\u011funu ke\u015ffeder. Gizemli ve garip vakalar\u0131 ara\u015ft\u0131ran UNICORNE ad\u0131nda gizli bir \u00f6rg\u00fct, ona hemen bir anla\u015fma teklif eder: Kurtard\u0131\u011f\u0131 Sibirya kur-dunun gizemli vakas\u0131n\u0131 \u00e7\u00f6zebilirse, mor g\u00f6zleriyle bulutlar\u0131 izlemeyi \u00e7ok seven Amadeus Klimt, \u00fc\u00e7 y\u0131l \u00f6nce kaybolmu\u015f babas\u0131n\u0131 bulmas\u0131na yard\u0131m edecektir. Bir UNICORNE ajan\u0131 olan babas\u0131n\u0131&#8230;Ara\u015ft\u0131rmalar\u0131, Michael\u2019\u0131n yolunu hi\u00e7 ummayaca\u011f\u0131 ki\u015filerle kesi\u015ftirir: Garip ve her zaman hasta gibi g\u00f6r\u00fcnen s\u0131n\u0131f arkada\u015f\u0131 Freya ve bir kazada \u00f6lm\u00fc\u015f gen\u00e7 k\u0131z Rafferty. Ancak ara\u015ft\u0131rmalar\u0131n\u0131 ne kadar derinle\u015ftirirse tehlikeye de o kadar yakla\u015f\u0131yor gibidir. Michael, yeni ke\u015ffetti\u011fi yetene\u011finde ustala\u015farak UNICORNE taraf\u0131ndan ona verilen g\u00f6revleri tamamlay\u0131p babas\u0131n\u0131 bulabilecek mi?\u201cSizi ilk sayfadan i\u00e7ine \u00e7ekecek bu macera dolu kitaptan, \u015fa\u015f\u0131rt\u0131c\u0131 sonuna kadar ba\u015f\u0131n\u0131z\u0131 kald\u0131ramayacaks\u0131n\u0131z. D\u2019Lacey, sizi beklenmedik olaylar\u0131n ya\u015fanabilece\u011fine ikna ediyor.\u201dSchool Library Journal\u201cChris d&#8217;Lacey, h\u0131zl\u0131 akan bu hik\u00e2yede \u015fa\u015f\u0131rtmacalar\u0131n ve ger\u00e7eklerin ne zaman kar\u015f\u0131n\u0131za \u00e7\u0131kaca\u011f\u0131n\u0131 \u00e7ok iyi ayarlam\u0131\u015f. Ayr\u0131ca Michael\u2019\u0131n ya\u015fad\u0131\u011f\u0131 garip olaylar\u0131; ev \u00f6devleri, k\u0131zlarla ili\u015fkileri ve ailesiyle ya\u015fad\u0131\u011f\u0131 anla\u015fmazl\u0131klarla dengeleyerek komik ve heyecanl\u0131 bir roman yazm\u0131\u015f.\u201dFinancial Times<\/p>\n","protected":false},"excerpt":{"rendered":"<p>New York Times \u00e7oksatan yazar\u0131 Chris d\u2019Lacey\u2019nin yeni paranormal aksiyon macera serisi!Telekinezi, h\u00fccresel haf\u0131za, ge\u00e7mi\u015f hayatlar\u0131 tekrar ya\u015fama ve \u00e7oklu ger\u00e7ekli\u011fin do\u011fas\u0131 gibi konular\u0131 ke\u015ffederken aksiyon<span class=\"excerpt-hellip\"> [\u2026]<\/span><\/p>\n","protected":false},"featured_media":0,"template":"","meta":{"_monsterinsights_skip_tracking":false,"_monsterinsights_sitenote_active":false,"_monsterinsights_sitenote_note":"","_monsterinsights_sitenote_category":0},"product_brand":[],"product_cat":[12291,17033],"product_tag":[],"class_list":{"0":"post-733343","1":"product","2":"type-product","3":"status-publish","5":"product_cat-edebiyat","6":"product_cat-korku-gerilim","7":"pa_cilt-ciltli","8":"pa_tur-kitap","9":"pa_yayinevi-epsilon-yayinlari","10":"pa_yazar-chris-dlacey","12":"first","13":"instock","14":"sale","15":"shipping-taxable","16":"purchasable","17":"product-type-simple"},"_links":{"self":[{"href":"https:\/\/roveyayinevi.com.tr\/index.php\/wp-json\/wp\/v2\/product\/733343","targetHints":{"allow":["GET"]}}],"collection":[{"href":"https:\/\/roveyayinevi.com.tr\/index.php\/wp-json\/wp\/v2\/product"}],"about":[{"href":"https:\/\/roveyayinevi.com.tr\/index.php\/wp-json\/wp\/v2\/types\/product"}],"wp:attachment":[{"href":"https:\/\/roveyayinevi.com.tr\/index.php\/wp-json\/wp\/v2\/media?parent=733343"}],"wp:term":[{"taxonomy":"product_brand","embeddable":true,"href":"https:\/\/roveyayinevi.com.tr\/index.php\/wp-json\/wp\/v2\/product_brand?post=733343"},{"taxonomy":"product_cat","embeddable":true,"href":"https:\/\/roveyayinevi.com.tr\/index.php\/wp-json\/wp\/v2\/product_cat?post=733343"},{"taxonomy":"product_tag","embeddable":true,"href":"https:\/\/roveyayinevi.com.tr\/index.php\/wp-json\/wp\/v2\/product_tag?post=733343"}],"curies":[{"name":"wp","href":"https:\/\/api.w.org\/{rel}","templated":true}]}}