{"id":733341,"date":"2025-08-27T22:07:57","date_gmt":"2025-08-27T19:07:57","guid":{"rendered":"https:\/\/roveyayinevi.com.tr\/index.php\/urun\/vahsi-doganin-kalbinde\/"},"modified":"2026-04-16T02:40:56","modified_gmt":"2026-04-15T23:40:56","slug":"vahsi-doganin-kalbinde","status":"publish","type":"product","link":"https:\/\/roveyayinevi.com.tr\/index.php\/urun\/vahsi-doganin-kalbinde\/","title":{"rendered":"Vah\u015fi Do\u011fan\u0131n Kalbinde"},"content":{"rendered":"<p>Bir teknede ya\u015fayan Cara ve karde\u015fleri, bir g\u00fcn kanal\u0131n dibinde gizemli bir kasa bulur. \u0130\u00e7inde bir hazine oldu\u011funu d\u00fc\u015f\u00fcnd\u00fckleri kasa \u015fifreyle korunur. Kasay\u0131 a\u00e7t\u0131klar\u0131nda b\u00fct\u00fcn hayallerinin ger\u00e7ekle\u015fece\u011fine inan\u0131rlar. Fakat hazinenin pe\u015finde ba\u015fka biri daha oldu\u011fu ortaya \u00e7\u0131kar, tehlikeli ve hazineye ula\u015fmak i\u00e7in her \u015feyi g\u00f6ze alm\u0131\u015f biri&#8230; Cara ve karde\u015fleri, hazineyi korumak i\u00e7in ka\u00e7arken ormanl\u0131k alanda yolunu kaybeder. Giderek yakla\u015fan kar f\u0131rt\u0131nas\u0131 kar\u015f\u0131s\u0131nda annelerinin \u00f6\u011fretti\u011fi ipu\u00e7lar\u0131, cesaretleri ve vefal\u0131 k\u00f6pekleri onlar\u0131 kurtarmaya yetecek mi? B\u00fct\u00fcn zorluklar\u0131 a\u015f\u0131p \u00f6zlediklerine ve \u201cev\u201dlerine kavu\u015fabilecekler mi? Ya\u015fad\u0131\u011f\u0131 yerlerden ilham alan Jess Butterworth\u2019ten do\u011fan\u0131n b\u00fcy\u00fcleyici g\u00fczellikleriyle ve s\u00fcrprizleriyle dolu, heyecanl\u0131 bir macera roman\u0131!<\/p>\n","protected":false},"excerpt":{"rendered":"<p>Bir teknede ya\u015fayan Cara ve karde\u015fleri, bir g\u00fcn kanal\u0131n dibinde gizemli bir kasa bulur. \u0130\u00e7inde bir hazine oldu\u011funu d\u00fc\u015f\u00fcnd\u00fckleri kasa \u015fifreyle korunur. Kasay\u0131 a\u00e7t\u0131klar\u0131nda b\u00fct\u00fcn hayallerinin<span class=\"excerpt-hellip\"> [\u2026]<\/span><\/p>\n","protected":false},"featured_media":0,"template":"","meta":{"_monsterinsights_skip_tracking":false,"_monsterinsights_sitenote_active":false,"_monsterinsights_sitenote_note":"","_monsterinsights_sitenote_category":0},"product_brand":[],"product_cat":[12275,12274],"product_tag":[],"class_list":{"0":"post-733341","1":"product","2":"type-product","3":"status-publish","5":"product_cat-6-12-yas-kitaplari","6":"product_cat-cocuk-ve-genclik-kitaplari","7":"pa_cilt-ciltsiz","8":"pa_tur-kitap","9":"pa_yayinevi-genc-timas","10":"pa_yazar-jess-butterworth","12":"first","13":"instock","14":"sale","15":"shipping-taxable","16":"purchasable","17":"product-type-simple"},"_links":{"self":[{"href":"https:\/\/roveyayinevi.com.tr\/index.php\/wp-json\/wp\/v2\/product\/733341","targetHints":{"allow":["GET"]}}],"collection":[{"href":"https:\/\/roveyayinevi.com.tr\/index.php\/wp-json\/wp\/v2\/product"}],"about":[{"href":"https:\/\/roveyayinevi.com.tr\/index.php\/wp-json\/wp\/v2\/types\/product"}],"wp:attachment":[{"href":"https:\/\/roveyayinevi.com.tr\/index.php\/wp-json\/wp\/v2\/media?parent=733341"}],"wp:term":[{"taxonomy":"product_brand","embeddable":true,"href":"https:\/\/roveyayinevi.com.tr\/index.php\/wp-json\/wp\/v2\/product_brand?post=733341"},{"taxonomy":"product_cat","embeddable":true,"href":"https:\/\/roveyayinevi.com.tr\/index.php\/wp-json\/wp\/v2\/product_cat?post=733341"},{"taxonomy":"product_tag","embeddable":true,"href":"https:\/\/roveyayinevi.com.tr\/index.php\/wp-json\/wp\/v2\/product_tag?post=733341"}],"curies":[{"name":"wp","href":"https:\/\/api.w.org\/{rel}","templated":true}]}}