{"id":733332,"date":"2025-08-27T22:07:49","date_gmt":"2025-08-27T19:07:49","guid":{"rendered":"https:\/\/roveyayinevi.com.tr\/index.php\/urun\/meyra-2\/"},"modified":"2025-08-31T17:32:18","modified_gmt":"2025-08-31T14:32:18","slug":"meyra-2","status":"publish","type":"product","link":"https:\/\/roveyayinevi.com.tr\/index.php\/urun\/meyra-2\/","title":{"rendered":"Meyra"},"content":{"rendered":"<p>M\u00fcjdelensin bug\u00fcn haber alay\u0131m \u0130lmek ilmek elden dokunsun MEYRA Ay y\u00fczl\u00fc \u0131\u015f\u0131ktan a\u00e7s\u0131n yapra\u011f\u0131n Gelen a\u015fk\u0131 k\u00fclden yak\u0131ns\u0131n MEYRA   Arzuhalim vard\u0131r menzil yetirin Dosta dost ol olsun g\u00f6n\u00fcl hat\u0131r\u0131n G\u00f6z nurunden kalem yazd\u0131 sat\u0131r\u0131n M\u0131sra m\u0131sra dilden okunsun MEYRA   Bir g\u00fcne\u015f misali berrak \u0131\u015f\u0131\u011f\u0131n Her g\u00f6ren bir oldu senin a\u015f\u0131\u011f\u0131n Saf hay\u00e2lle olur sevda ma\u015fu\u011fun Emanetsin kuldan hakk\u0131ns\u0131n MEYRA   Her harfin var bin bir man\u00e2ya de\u011fer G\u00e2hi bekler olur g\u00e2h boyun e\u011fer Ak\u015fam olur sabah bekler g\u00fcn a\u011far  B\u0131rak \u015fimdi halden tak\u0131ns\u0131n MEYRA                              Yasemin KARLI <\/p>\n","protected":false},"excerpt":{"rendered":"<p>M\u00fcjdelensin bug\u00fcn haber alay\u0131m \u0130lmek ilmek elden dokunsun MEYRA Ay y\u00fczl\u00fc \u0131\u015f\u0131ktan a\u00e7s\u0131n yapra\u011f\u0131n Gelen a\u015fk\u0131 k\u00fclden yak\u0131ns\u0131n MEYRA Arzuhalim vard\u0131r menzil yetirin Dosta dost ol<span class=\"excerpt-hellip\"> [\u2026]<\/span><\/p>\n","protected":false},"featured_media":0,"template":"","meta":{"_monsterinsights_skip_tracking":false,"_monsterinsights_sitenote_active":false,"_monsterinsights_sitenote_note":"","_monsterinsights_sitenote_category":0},"product_brand":[],"product_cat":[12291,12509],"product_tag":[],"class_list":{"0":"post-733332","1":"product","2":"type-product","3":"status-publish","5":"product_cat-edebiyat","6":"product_cat-siir","7":"pa_cilt-ciltsiz","8":"pa_tur-kitap","9":"pa_yayinevi-kultur-ajans-yayinlari","10":"pa_yazar-yasemin-karli-bas","12":"first","13":"instock","14":"sale","15":"shipping-taxable","16":"purchasable","17":"product-type-simple"},"_links":{"self":[{"href":"https:\/\/roveyayinevi.com.tr\/index.php\/wp-json\/wp\/v2\/product\/733332","targetHints":{"allow":["GET"]}}],"collection":[{"href":"https:\/\/roveyayinevi.com.tr\/index.php\/wp-json\/wp\/v2\/product"}],"about":[{"href":"https:\/\/roveyayinevi.com.tr\/index.php\/wp-json\/wp\/v2\/types\/product"}],"wp:attachment":[{"href":"https:\/\/roveyayinevi.com.tr\/index.php\/wp-json\/wp\/v2\/media?parent=733332"}],"wp:term":[{"taxonomy":"product_brand","embeddable":true,"href":"https:\/\/roveyayinevi.com.tr\/index.php\/wp-json\/wp\/v2\/product_brand?post=733332"},{"taxonomy":"product_cat","embeddable":true,"href":"https:\/\/roveyayinevi.com.tr\/index.php\/wp-json\/wp\/v2\/product_cat?post=733332"},{"taxonomy":"product_tag","embeddable":true,"href":"https:\/\/roveyayinevi.com.tr\/index.php\/wp-json\/wp\/v2\/product_tag?post=733332"}],"curies":[{"name":"wp","href":"https:\/\/api.w.org\/{rel}","templated":true}]}}