{"id":733331,"date":"2025-08-27T22:07:49","date_gmt":"2025-08-27T19:07:49","guid":{"rendered":"https:\/\/roveyayinevi.com.tr\/index.php\/urun\/milli-mucadele-hatiralari\/"},"modified":"2026-04-16T02:40:55","modified_gmt":"2026-04-15T23:40:55","slug":"milli-mucadele-hatiralari","status":"publish","type":"product","link":"https:\/\/roveyayinevi.com.tr\/index.php\/urun\/milli-mucadele-hatiralari\/","title":{"rendered":"Milli M\u00fccadele Hat\u0131ralar\u0131"},"content":{"rendered":"<p>\u201cHepimiz bu fani d\u00fcnyadan bir g\u00fcn g\u00f6\u00e7ece\u011fiz. Yak\u0131n tarihin ayd\u0131nlat\u0131lmas\u0131 i\u015finden \u00e7ekinmek, vatana faydal\u0131 de\u011fildir. \u0130bret almak, dertleri g\u00f6sterip devas\u0131n\u0131 aramak vatanda\u015fl\u0131k icab\u0131d\u0131r. Me\u00e7hul hakikatler \u00fczerindeki esrarl\u0131 [gizli] perdeleri tarihin tenviri i\u00e7in yava\u015f yava\u015f kald\u0131rmak, tarihin hakk\u0131n\u0131 tarihe vermek zaman\u0131 gelmi\u015ftir.\u201d Ali \u0130hsan S\u00e2bis T\u00fcrk milletinin sadece has\u0131mlar\u0131n\u0131 de\u011fil, \u201cmak\u00fbs talihini\u201d de yendi\u011fi Mill\u00ee M\u00fccadele d\u00f6nemini ele alan an\u0131-hat\u0131ra t\u00fcr\u00fc eserler aras\u0131nda belki de en fazla dikkat \u00e7ekeni Ali \u0130hsan S\u00e2bis\u2019in yazd\u0131klar\u0131d\u0131r. Zira gerek o d\u00f6nemdeki asker\u00ee konumu gerekse \u00f6zg\u00fcn bir karaktere sahip olmas\u0131 S\u00e2bis\u2019in yazd\u0131klar\u0131n\u0131 emsallerine g\u00f6re farkl\u0131 k\u0131lar. \u00d6nce Top\u00e7u Harbiyesini, ard\u0131ndan ise Erk\u00e2n-\u0131 Harbiye Mektebini birincilikle bitirerek asker\u00ee kariyerine ba\u015flayan Ali \u0130hsan S\u00e2bis; sert disiplinli, \u00f6zg\u00fcveni y\u00fcksek ve at\u0131lgan bir kumandan olarak tan\u0131nm\u0131\u015f, emrindeki askerler taraf\u0131ndan b\u00fcy\u00fck sayg\u0131 g\u00f6rm\u00fc\u015ft\u00fcr. Birinci D\u00fcnya Harbi\u2019nde g\u00f6sterdi\u011fi \u00fcst\u00fcn liyakat sayesinde r\u00fctbesi gen\u00e7 ya\u015f\u0131nda pa\u015fal\u0131\u011fa terfi ettirilen S\u00e2bis, harp boyunca aksakl\u0131k tespit etti\u011fi yerlerde, ilgili makamlara a\u00e7\u0131k ve sert ele\u015ftirilerde bulunmaktan \u00e7ekinmemi\u015ftir. Ne var ki bu tavr\u0131 Mill\u00ee M\u00fccadele\u2019nin kritik g\u00fcnlerinde de devam edince \u00fcst komuta kademesinin tepkisini \u00e7ekmi\u015f ve g\u00f6revden al\u0131nmas\u0131n\u0131 beraberinde getirmi\u015ftir. \u201cSak\u0131ncal\u0131\u201d ki\u015fili\u011finden \u00f6t\u00fcr\u00fc Cumhuriyet y\u0131llar\u0131nda iyice g\u00f6zden d\u00fc\u015fen ve deyim yerindeyse \u201ckenara itilen\u201d S\u00e2bis, bu d\u00f6nemde m\u00fcnzevi say\u0131labilecek bir hayat ya\u015fam\u0131\u015ft\u0131r. B\u00f6yle bir atmosferde k\u0131rg\u0131nl\u0131k ve sitem duygular\u0131yla kaleme ald\u0131\u011f\u0131 hat\u0131ralar\u0131, yay\u0131nland\u0131\u011f\u0131 ilk andan itibaren b\u00fcy\u00fck yank\u0131 uyand\u0131rm\u0131\u015ft\u0131r. Nutuk da d\u00e2hil olmak \u00fczere, pek \u00e7ok mecradan kendisine y\u00f6neltilen ele\u015ftirilere kar\u015f\u0131l\u0131k verirken karakterine uygun sertlikteki bir \u00fcslubu tercih etmi\u015ftir. Bu anlamda S\u00e2bis, taraf oldu\u011fu bir\u00e7ok resm\u00ee yaz\u0131\u015fman\u0131n kopyalar\u0131n\u0131 da kullanarak, \u015fahs\u0131na y\u00f6neltilen iddia ve ithamlara verdi\u011fi cevaplar\u0131n alt\u0131n\u0131 doldurmaya \u00e7al\u0131\u015fm\u0131\u015ft\u0131r. Mill\u00ee M\u00fccadele y\u0131llar\u0131nda \u201cOrdu Kumandan\u0131\u201d s\u0131fat\u0131yla o d\u00f6nemin par\u00e7as\u0131 olan bir askerin \u015fah\u0131slara ve olaylara ili\u015fkin hat\u0131ralar\u0131n\u0131 ele\u015ftirel bir \u00fcslupla kaleme almas\u0131, bu metni \u00f6ne \u00e7\u0131karan olduk\u00e7a \u00f6nemli bir noktad\u0131r. B\u00fct\u00fcn bu y\u00f6nleriyle Ali \u0130hsan S\u00e2bis\u2019in Mill\u00ee M\u00fccadele Hat\u0131ralar\u0131, Mill\u00ee M\u00fccadele\u2019ye farkl\u0131 bir pencereden bak\u0131lmas\u0131n\u0131 sa\u011flamaktad\u0131r.<\/p>\n","protected":false},"excerpt":{"rendered":"<p>\u201cHepimiz bu fani d\u00fcnyadan bir g\u00fcn g\u00f6\u00e7ece\u011fiz. Yak\u0131n tarihin ayd\u0131nlat\u0131lmas\u0131 i\u015finden \u00e7ekinmek, vatana faydal\u0131 de\u011fildir. \u0130bret almak, dertleri g\u00f6sterip devas\u0131n\u0131 aramak vatanda\u015fl\u0131k icab\u0131d\u0131r. Me\u00e7hul hakikatler \u00fczerindeki<span class=\"excerpt-hellip\"> [\u2026]<\/span><\/p>\n","protected":false},"featured_media":0,"template":"","meta":{"_monsterinsights_skip_tracking":false,"_monsterinsights_sitenote_active":false,"_monsterinsights_sitenote_note":"","_monsterinsights_sitenote_category":0},"product_brand":[],"product_cat":[12370,12304],"product_tag":[],"class_list":{"0":"post-733331","1":"product","2":"type-product","3":"status-publish","5":"product_cat-arastirma-inceleme","6":"product_cat-tarih","7":"pa_cilt-ciltsiz","8":"pa_tur-kitap","9":"pa_yayinevi-timas-yayinlari","10":"pa_yazar-ali-ihsan-sabis","12":"first","13":"instock","14":"sale","15":"shipping-taxable","16":"purchasable","17":"product-type-simple"},"_links":{"self":[{"href":"https:\/\/roveyayinevi.com.tr\/index.php\/wp-json\/wp\/v2\/product\/733331","targetHints":{"allow":["GET"]}}],"collection":[{"href":"https:\/\/roveyayinevi.com.tr\/index.php\/wp-json\/wp\/v2\/product"}],"about":[{"href":"https:\/\/roveyayinevi.com.tr\/index.php\/wp-json\/wp\/v2\/types\/product"}],"wp:attachment":[{"href":"https:\/\/roveyayinevi.com.tr\/index.php\/wp-json\/wp\/v2\/media?parent=733331"}],"wp:term":[{"taxonomy":"product_brand","embeddable":true,"href":"https:\/\/roveyayinevi.com.tr\/index.php\/wp-json\/wp\/v2\/product_brand?post=733331"},{"taxonomy":"product_cat","embeddable":true,"href":"https:\/\/roveyayinevi.com.tr\/index.php\/wp-json\/wp\/v2\/product_cat?post=733331"},{"taxonomy":"product_tag","embeddable":true,"href":"https:\/\/roveyayinevi.com.tr\/index.php\/wp-json\/wp\/v2\/product_tag?post=733331"}],"curies":[{"name":"wp","href":"https:\/\/api.w.org\/{rel}","templated":true}]}}