{"id":733318,"date":"2025-08-27T22:07:36","date_gmt":"2025-08-27T19:07:36","guid":{"rendered":"https:\/\/roveyayinevi.com.tr\/index.php\/urun\/iyi-esler-bez-ciltli\/"},"modified":"2026-04-16T02:40:55","modified_gmt":"2026-04-15T23:40:55","slug":"iyi-esler-bez-ciltli","status":"publish","type":"product","link":"https:\/\/roveyayinevi.com.tr\/index.php\/urun\/iyi-esler-bez-ciltli\/","title":{"rendered":"\u0130yi E\u015fler (Bez Ciltli)"},"content":{"rendered":"<p>Her biri kendi hayatlar\u0131n\u0131 kendi bildikleri gibi ya\u015famaya kararl\u0131 March karde\u015flerin hik\u00e2yesi, K\u00fc\u00e7\u00fck Kad\u0131nlar\u2019\u0131n devam\u0131 olan ve \u00fc\u00e7 y\u0131l sonras\u0131na odaklanan bu kitapla devam ediyor. D\u00fc\u011f\u00fcn haz\u0131rl\u0131klar\u0131 yapan Meg, edeb\u00ee kariyerine ad\u0131m atan Jo, eski sa\u011fl\u0131kl\u0131 g\u00fcnlerine d\u00f6nmek i\u00e7in \u00e7abalayan Beth ve halas\u0131n\u0131n pe\u015finde d\u00fcnyay\u0131 gezmeye hevesli Amy. Fakat k\u0131zlar ve hayalleri aras\u0131ndaki birtak\u0131m engeller, onlar\u0131 tahminlerinin de \u00f6tesinde hayal k\u0131r\u0131kl\u0131klar\u0131yla y\u00fczle\u015ftirir.\u0130yi E\u015fler 1868\u2019de, K\u00fc\u00e7\u00fck Kad\u0131nlar\u2019dan iki y\u0131l sonra yaz\u0131ld\u0131. Birinci kitapta tan\u0131\u015ft\u0131\u011f\u0131m\u0131z g\u00fc\u00e7l\u00fc k\u00fc\u00e7\u00fck kad\u0131nlar\u0131n daha g\u00fc\u00e7l\u00fc kad\u0131nlara d\u00f6n\u00fc\u015ft\u00fc\u011f\u00fc bu eseri \u00c7i\u011fdem \u00d6ztekin\u2019in \u00f6zenli \u00e7evirisiyle sunuyoruz.<\/p>\n","protected":false},"excerpt":{"rendered":"<p>Her biri kendi hayatlar\u0131n\u0131 kendi bildikleri gibi ya\u015famaya kararl\u0131 March karde\u015flerin hik\u00e2yesi, K\u00fc\u00e7\u00fck Kad\u0131nlar\u2019\u0131n devam\u0131 olan ve \u00fc\u00e7 y\u0131l sonras\u0131na odaklanan bu kitapla devam ediyor. D\u00fc\u011f\u00fcn<span class=\"excerpt-hellip\"> [\u2026]<\/span><\/p>\n","protected":false},"featured_media":0,"template":"","meta":{"_monsterinsights_skip_tracking":false,"_monsterinsights_sitenote_active":false,"_monsterinsights_sitenote_note":"","_monsterinsights_sitenote_category":0},"product_brand":[],"product_cat":[12291,12711],"product_tag":[],"class_list":{"0":"post-733318","1":"product","2":"type-product","3":"status-publish","5":"product_cat-edebiyat","6":"product_cat-roman-oyku","7":"pa_cilt-ciltli","8":"pa_tur-kitap","9":"pa_yayinevi-koridor-yayincilik","10":"pa_yazar-louisa-may-alcott","12":"first","13":"instock","14":"sale","15":"shipping-taxable","16":"purchasable","17":"product-type-simple"},"_links":{"self":[{"href":"https:\/\/roveyayinevi.com.tr\/index.php\/wp-json\/wp\/v2\/product\/733318","targetHints":{"allow":["GET"]}}],"collection":[{"href":"https:\/\/roveyayinevi.com.tr\/index.php\/wp-json\/wp\/v2\/product"}],"about":[{"href":"https:\/\/roveyayinevi.com.tr\/index.php\/wp-json\/wp\/v2\/types\/product"}],"wp:attachment":[{"href":"https:\/\/roveyayinevi.com.tr\/index.php\/wp-json\/wp\/v2\/media?parent=733318"}],"wp:term":[{"taxonomy":"product_brand","embeddable":true,"href":"https:\/\/roveyayinevi.com.tr\/index.php\/wp-json\/wp\/v2\/product_brand?post=733318"},{"taxonomy":"product_cat","embeddable":true,"href":"https:\/\/roveyayinevi.com.tr\/index.php\/wp-json\/wp\/v2\/product_cat?post=733318"},{"taxonomy":"product_tag","embeddable":true,"href":"https:\/\/roveyayinevi.com.tr\/index.php\/wp-json\/wp\/v2\/product_tag?post=733318"}],"curies":[{"name":"wp","href":"https:\/\/api.w.org\/{rel}","templated":true}]}}