{"id":733315,"date":"2025-08-27T22:07:32","date_gmt":"2025-08-27T19:07:32","guid":{"rendered":"https:\/\/roveyayinevi.com.tr\/index.php\/urun\/emma-bez-ciltli\/"},"modified":"2026-04-12T02:47:58","modified_gmt":"2026-04-11T23:47:58","slug":"emma-bez-ciltli","status":"publish","type":"product","link":"https:\/\/roveyayinevi.com.tr\/index.php\/urun\/emma-bez-ciltli\/","title":{"rendered":"Emma (Bez Ciltli)"},"content":{"rendered":"<p>Emma Woodhouse hem ak\u0131ll\u0131 hem zengin hem de g\u00fczel bir han\u0131mefendidir. Bu kadar olumlu \u00f6zelli\u011finin yan\u0131nda ba\u015fkalar\u0131n\u0131n g\u00f6n\u00fcl i\u015flerine burnunu sokmak gibi k\u00f6t\u00fc bir huyu da vard\u0131r. M\u00fcrebbiyesi onun sayesinde evlenip yanlar\u0131ndan ayr\u0131l\u0131nca kendini iyice \u00e7\u00f6p\u00e7atanl\u0131k i\u015fine kapt\u0131r\u0131r ve yeni tan\u0131\u015ft\u0131\u011f\u0131, gen\u00e7 ve naif Harriet\u2019e uygun bir e\u015f bulma giri\u015fiminde bulunur. Titizlikle yapt\u0131\u011f\u0131 planlara ra\u011fmen ba\u015f\u0131na umulmad\u0131k i\u015fler a\u00e7acak, a\u015fk hakk\u0131nda asl\u0131nda hi\u00e7bir \u015fey bilmedi\u011fini fark edecektir.\u0130ngiltere\u2019deki s\u0131n\u0131fsal ayr\u0131mlar\u0131, sosyal ili\u015fkileri, zenginlik ve yoksulluk olgular\u0131n\u0131 n\u00fckteli bir dille irdeleyen, Jane Austen\u2019\u0131n \u00f6lmeden \u00f6nce yazd\u0131\u011f\u0131 son roman\u0131 olan bu eseri \u00c7i\u011fdem \u00d6ztekin\u2019in \u00f6zenli \u00e7evirisiyle sunuyoruz.<\/p>\n","protected":false},"excerpt":{"rendered":"<p>Emma Woodhouse hem ak\u0131ll\u0131 hem zengin hem de g\u00fczel bir han\u0131mefendidir. Bu kadar olumlu \u00f6zelli\u011finin yan\u0131nda ba\u015fkalar\u0131n\u0131n g\u00f6n\u00fcl i\u015flerine burnunu sokmak gibi k\u00f6t\u00fc bir huyu da<span class=\"excerpt-hellip\"> [\u2026]<\/span><\/p>\n","protected":false},"featured_media":0,"template":"","meta":{"_monsterinsights_skip_tracking":false,"_monsterinsights_sitenote_active":false,"_monsterinsights_sitenote_note":"","_monsterinsights_sitenote_category":0},"product_brand":[],"product_cat":[12291,12711],"product_tag":[],"class_list":{"0":"post-733315","1":"product","2":"type-product","3":"status-publish","5":"product_cat-edebiyat","6":"product_cat-roman-oyku","7":"pa_cilt-ciltli","8":"pa_tur-kitap","9":"pa_yayinevi-koridor-yayincilik","10":"pa_yazar-jane-austen","12":"first","13":"instock","14":"sale","15":"shipping-taxable","16":"purchasable","17":"product-type-simple"},"_links":{"self":[{"href":"https:\/\/roveyayinevi.com.tr\/index.php\/wp-json\/wp\/v2\/product\/733315","targetHints":{"allow":["GET"]}}],"collection":[{"href":"https:\/\/roveyayinevi.com.tr\/index.php\/wp-json\/wp\/v2\/product"}],"about":[{"href":"https:\/\/roveyayinevi.com.tr\/index.php\/wp-json\/wp\/v2\/types\/product"}],"wp:attachment":[{"href":"https:\/\/roveyayinevi.com.tr\/index.php\/wp-json\/wp\/v2\/media?parent=733315"}],"wp:term":[{"taxonomy":"product_brand","embeddable":true,"href":"https:\/\/roveyayinevi.com.tr\/index.php\/wp-json\/wp\/v2\/product_brand?post=733315"},{"taxonomy":"product_cat","embeddable":true,"href":"https:\/\/roveyayinevi.com.tr\/index.php\/wp-json\/wp\/v2\/product_cat?post=733315"},{"taxonomy":"product_tag","embeddable":true,"href":"https:\/\/roveyayinevi.com.tr\/index.php\/wp-json\/wp\/v2\/product_tag?post=733315"}],"curies":[{"name":"wp","href":"https:\/\/api.w.org\/{rel}","templated":true}]}}