{"id":733313,"date":"2025-08-27T22:07:31","date_gmt":"2025-08-27T19:07:31","guid":{"rendered":"https:\/\/roveyayinevi.com.tr\/index.php\/urun\/yonetim-strateji-organizasyon-teoride-ve-uygulamada-cilt-2\/"},"modified":"2026-04-16T02:40:55","modified_gmt":"2026-04-15T23:40:55","slug":"yonetim-strateji-organizasyon-teoride-ve-uygulamada-cilt-2","status":"publish","type":"product","link":"https:\/\/roveyayinevi.com.tr\/index.php\/urun\/yonetim-strateji-organizasyon-teoride-ve-uygulamada-cilt-2\/","title":{"rendered":"Y\u00f6netim &#8211; Strateji &#8211; Organizasyon Teoride ve Uygulamada (Cilt 2)"},"content":{"rendered":"<p>1Organizational Change and Development 2.Human Resources Development Climate and Employee Engagement: Mediating Role of Organizational Commitment 3.Leadership and Leadership Qualities in Chaos Management 4.Digital Transformation Adaptation Proposal: Digital Leadership 5.Post-Modern D\u00f6nemde Liderlik 6.Liderli\u011fin Karanl\u0131k Y\u00fcz\u00fc: Y\u0131k\u0131c\u0131 Liderlik \u00dczerine Bir De\u011ferlendirme 7.Kontrol Oda\u011f\u0131 ve Duygusal Zek\u00e2n\u0131n Liderlik Etme Motivasyonuna Etkisinin \u0130ncelenmesi 8.Sanal Tak\u0131m Y\u00f6netimi \u0130\u00e7in \u00d6z Liderlik Stratejilerini Anlamak: Birey ve Tak\u0131m D\u00fczeyinde Bir \u0130nceleme 9.Y\u00f6neticilerin Stratejik Liderlik Davran\u0131\u015flar\u0131n\u0131n \u00d6rg\u00fctsel \u00d6zde\u015fle\u015fme \u00dczerine Etkisinde Kurumsal Sosyal Sorumlulu\u011fun (KSS) Rol\u00fc 10.Stratejik Bir D\u00f6n\u00fc\u015f\u00fcm: Mavi Okyanus 11.Stratejik Yetenek Y\u00f6netimi 12.Bir Stratejik Y\u00f6netim Arac\u0131 Olarak Oyun Teorisi 13.Profesyonel Futbol Kul\u00fcplerinin Stratejik Y\u00f6netimi 14.A\u011f\u0131rlama End\u00fcstrisinde Stratejik Y\u00f6netim: Uluslararas\u0131 Otel Zincirinde Bir Ara\u015ft\u0131rma 15.\u00d6rg\u00fctlerde Karar Alma 16.\u00d6rg\u00fctlerde \u0130\u015fe G\u00f6m\u00fclm\u00fc\u015fl\u00fck 17.\u00d6rg\u00fctsel Duyars\u0131zla\u015fma Sarmal\u0131: Kuramsal Bir Model 18.\u00d6rg\u00fctlerde \u00c7at\u0131\u015fma Y\u00f6netimi ve \u00c7\u00f6z\u00fcm Yollar\u0131 19.\u00d6rg\u00fctsel \u00c7at\u0131\u015fman\u0131n Polis \u00d6rg\u00fct\u00fcndeki \u0130zd\u00fc\u015f\u00fcmleri: \u00dc\u00e7 Yer-\u00dc\u00e7 \u00d6rg\u00fct 20.Y\u00f6netim, Strateji ve \u00d6rg\u00fctsel Davran\u0131\u015f Ba\u011flam\u0131nda Metafor Kavramlar: \u00d6rg\u00fctsel Sa\u011fl\u0131k ve \u00d6rg\u00fctsel Hastal\u0131klar 21.Kariyer Y\u00f6netimi ve G\u00fcncel Kariyer Sorunlar\u0131 22.Organizasyonlarda Yeni Nesil Radikal Bir Y\u00f6netim Sistemi: Holakrasi ve Y\u00f6neticisiz Y\u00f6netim 23.T\u00fcrk G\u00fcmr\u00fck \u0130darelerinde Risk Y\u00f6netimi ve \u0130deal \u0130stihbarat Uygulamalar\u0131 24.Toplam Kalite Y\u00f6netimi ve Alt\u0131 Sigma Uygulamalar\u0131nda Kritik Ba\u015far\u0131 Fakt\u00f6rlerinin Kar\u015f\u0131la\u015ft\u0131r\u0131lmas\u0131 25.Sa\u011fl\u0131k End\u00fcstrisinde Dijital Tedarik Zinciri Y\u00f6netimi 26.Hizmetkar Kurumlar ve Hizmetkar Y\u00f6netim Kurulu \u00dcyeleri Tan\u0131mlamas\u0131n\u0131n Kurumsal Y\u00f6netim \u0130lkelerine G\u00f6re De\u011ferlendirilmesi 27.\u0130\u015fletme Y\u00f6netiminin Covid-19 Salg\u0131n\u0131 ile Etkile\u015fiminde Uzaktan \u00c7al\u0131\u015fman\u0131n \u0130ncelenmesi <\/p>\n","protected":false},"excerpt":{"rendered":"<p>1Organizational Change and Development 2.Human Resources Development Climate and Employee Engagement: Mediating Role of Organizational Commitment 3.Leadership and Leadership Qualities in Chaos Management 4.Digital Transformation Adaptation<span class=\"excerpt-hellip\"> [\u2026]<\/span><\/p>\n","protected":false},"featured_media":0,"template":"","meta":{"_monsterinsights_skip_tracking":false,"_monsterinsights_sitenote_active":false,"_monsterinsights_sitenote_note":"","_monsterinsights_sitenote_category":0},"product_brand":[],"product_cat":[13043,19008],"product_tag":[],"class_list":{"0":"post-733313","1":"product","2":"type-product","3":"status-publish","5":"product_cat-ekonomi","6":"product_cat-yonetim","7":"pa_cilt-ciltsiz","8":"pa_tur-kitap","9":"pa_yayinevi-gazi-kitabevi","10":"pa_yazar-gazi-kitabevi-kolektif","12":"first","13":"instock","14":"sale","15":"shipping-taxable","16":"purchasable","17":"product-type-simple"},"_links":{"self":[{"href":"https:\/\/roveyayinevi.com.tr\/index.php\/wp-json\/wp\/v2\/product\/733313","targetHints":{"allow":["GET"]}}],"collection":[{"href":"https:\/\/roveyayinevi.com.tr\/index.php\/wp-json\/wp\/v2\/product"}],"about":[{"href":"https:\/\/roveyayinevi.com.tr\/index.php\/wp-json\/wp\/v2\/types\/product"}],"wp:attachment":[{"href":"https:\/\/roveyayinevi.com.tr\/index.php\/wp-json\/wp\/v2\/media?parent=733313"}],"wp:term":[{"taxonomy":"product_brand","embeddable":true,"href":"https:\/\/roveyayinevi.com.tr\/index.php\/wp-json\/wp\/v2\/product_brand?post=733313"},{"taxonomy":"product_cat","embeddable":true,"href":"https:\/\/roveyayinevi.com.tr\/index.php\/wp-json\/wp\/v2\/product_cat?post=733313"},{"taxonomy":"product_tag","embeddable":true,"href":"https:\/\/roveyayinevi.com.tr\/index.php\/wp-json\/wp\/v2\/product_tag?post=733313"}],"curies":[{"name":"wp","href":"https:\/\/api.w.org\/{rel}","templated":true}]}}