{"id":733300,"date":"2025-08-27T22:07:21","date_gmt":"2025-08-27T19:07:21","guid":{"rendered":"https:\/\/roveyayinevi.com.tr\/index.php\/urun\/cografyanin-anarsist-kokleri\/"},"modified":"2026-04-16T02:40:55","modified_gmt":"2026-04-15T23:40:55","slug":"cografyanin-anarsist-kokleri","status":"publish","type":"product","link":"https:\/\/roveyayinevi.com.tr\/index.php\/urun\/cografyanin-anarsist-kokleri\/","title":{"rendered":"Co\u011frafyan\u0131n Anar\u015fist K\u00f6kleri"},"content":{"rendered":"<p>Co\u011frafyan\u0131n Anar\u015fist K\u00f6kleri, \u00f6zg\u00fcrl\u00fck aray\u0131\u015flar\u0131n\u0131 ve g\u00fcnl\u00fck deneyimleri ayaklanma co\u011frafyalar\u0131yla ba\u011f kurarak tart\u0131\u015ft\u0131rmaya \u00e7al\u0131\u015f\u0131yor.Anar\u015fist co\u011frafyalar, \u00f6zerk varl\u0131klar aras\u0131nda hiyerar\u015fik olmayan ba\u011flant\u0131lara izin veren kaleydoskopik mekanlar olarak, yeni bir politik hayal g\u00fcc\u00fc kurar.\u201c\u2026 uzayda deney yapmak, insanl\u0131\u011f\u0131n gezegendeki yerinin \u00f6yk\u00fcs\u00fcd\u00fcr ve \u015fu anda devam eden organize edici deneylerin yerine ge\u00e7en dura\u011fanl\u0131k ve kontrol, hayatta kalmam\u0131z\u0131n bir sonucudur. Bir \u015feyi yapman\u0131n belirli bir yolunu destekleyen tekil ontolojik modlar, mek\u00e2nsall\u0131\u011f\u0131 ge\u00e7ici olarak birbirine ba\u011fl\u0131 olan s\u00fcrekli bir de\u011fi\u015fmez topluluk olarak anlayamad\u0131klar\u0131 i\u00e7in co\u011frafyay\u0131 reddederler. Daha da k\u00f6t\u00fcs\u00fc, bu t\u00fcr durgun fikirler genellikle elit bir az\u0131nl\u0131\u011f\u0131n dar g\u00f6r\u00fc\u015fl\u00fc \u00e7\u0131karlar\u0131na uymaktad\u0131r ve dolay\u0131s\u0131yla kolektif geri d\u00f6n\u00fc\u015f\u00fcm\u00fcz\u00fc tehdit etmektedir. \u0130htiya\u00e7 duyulan \u015fey, d\u00fcnyam\u0131zla ve birbirimizle \u00f6nemli \u00f6l\u00e7\u00fcde yeni ili\u015fkilerin geli\u015fmesidir.\u201dSon derece ikna edici, sa\u011flam ve orijinal olan Co\u011frafyan\u0131n Anar\u015fist K\u00f6kleri&#8217;ni g\u00f6rmezden gelmek imkans\u0131zd\u0131r. Art\u0131k bizi devlet\u00e7ili\u011fe, kapitalizme, toplumsal cinsiyet egemenli\u011fine, \u0131rksal bask\u0131ya ve emperyalizme zincirleyen hiyerar\u015finin \u00e7\u00fcr\u00fcyen, arkaik co\u011frafyalar\u0131n\u0131 kabul edemeyiz.Bu kitap k\u0131\u015fk\u0131rt\u0131c\u0131 ve k\u0131\u015fk\u0131rtmaya ihtiya\u00e7 duyanlar\u0131 k\u0131\u015fk\u0131rtacak; \u00e7\u00fcnk\u00fc kriz zaman\u0131nda ger\u00e7ekten radikal olman\u0131n ne olaca\u011f\u0131yla ilgili temel varsay\u0131mlar\u0131 k\u00f6kten de\u011fi\u015ftiriyor<\/p>\n","protected":false},"excerpt":{"rendered":"<p>Co\u011frafyan\u0131n Anar\u015fist K\u00f6kleri, \u00f6zg\u00fcrl\u00fck aray\u0131\u015flar\u0131n\u0131 ve g\u00fcnl\u00fck deneyimleri ayaklanma co\u011frafyalar\u0131yla ba\u011f kurarak tart\u0131\u015ft\u0131rmaya \u00e7al\u0131\u015f\u0131yor.Anar\u015fist co\u011frafyalar, \u00f6zerk varl\u0131klar aras\u0131nda hiyerar\u015fik olmayan ba\u011flant\u0131lara izin veren kaleydoskopik mekanlar olarak,<span class=\"excerpt-hellip\"> [\u2026]<\/span><\/p>\n","protected":false},"featured_media":0,"template":"","meta":{"_monsterinsights_skip_tracking":false,"_monsterinsights_sitenote_active":false,"_monsterinsights_sitenote_note":"","_monsterinsights_sitenote_category":0},"product_brand":[],"product_cat":[12305,12304],"product_tag":[],"class_list":{"0":"post-733300","1":"product","2":"type-product","3":"status-publish","5":"product_cat-dunya-tarihi","6":"product_cat-tarih","7":"pa_cilt-ciltsiz","8":"pa_tur-kitap","9":"pa_yayinevi-sumer-yayin","10":"pa_yazar-simon-springer","12":"first","13":"instock","14":"sale","15":"shipping-taxable","16":"purchasable","17":"product-type-simple"},"_links":{"self":[{"href":"https:\/\/roveyayinevi.com.tr\/index.php\/wp-json\/wp\/v2\/product\/733300","targetHints":{"allow":["GET"]}}],"collection":[{"href":"https:\/\/roveyayinevi.com.tr\/index.php\/wp-json\/wp\/v2\/product"}],"about":[{"href":"https:\/\/roveyayinevi.com.tr\/index.php\/wp-json\/wp\/v2\/types\/product"}],"wp:attachment":[{"href":"https:\/\/roveyayinevi.com.tr\/index.php\/wp-json\/wp\/v2\/media?parent=733300"}],"wp:term":[{"taxonomy":"product_brand","embeddable":true,"href":"https:\/\/roveyayinevi.com.tr\/index.php\/wp-json\/wp\/v2\/product_brand?post=733300"},{"taxonomy":"product_cat","embeddable":true,"href":"https:\/\/roveyayinevi.com.tr\/index.php\/wp-json\/wp\/v2\/product_cat?post=733300"},{"taxonomy":"product_tag","embeddable":true,"href":"https:\/\/roveyayinevi.com.tr\/index.php\/wp-json\/wp\/v2\/product_tag?post=733300"}],"curies":[{"name":"wp","href":"https:\/\/api.w.org\/{rel}","templated":true}]}}