{"id":733285,"date":"2025-08-27T22:07:07","date_gmt":"2025-08-27T19:07:07","guid":{"rendered":"https:\/\/roveyayinevi.com.tr\/index.php\/urun\/buz-altinda-yanardag\/"},"modified":"2026-04-16T02:40:54","modified_gmt":"2026-04-15T23:40:54","slug":"buz-altinda-yanardag","status":"publish","type":"product","link":"https:\/\/roveyayinevi.com.tr\/index.php\/urun\/buz-altinda-yanardag\/","title":{"rendered":"Buz Alt\u0131nda Yanarda\u011f"},"content":{"rendered":"<p>Bunlar benim sultan y\u0131llar\u0131m burcum b\u00f6yle buyuruyor   Yan\u0131ltmaya burcumu \u00e7apra\u015f\u0131k yollara dal\u0131yorum kaybolmaya bir anda bulvarlara \u00e7\u0131k\u0131yorum. Silah \u00e7ekiyorum g\u00f6z\u00fc kapal\u0131 ilk at\u0131\u015fta on ikiden vuruyorum. Yan\u0131ltmaya burcumu ne denli yanl\u0131\u015fa ko\u015fsam do\u011frulara kavu\u015fuyor.   Bunlar benim sultan y\u0131llar\u0131m burcum b\u00f6yle buyuruyor <\/p>\n","protected":false},"excerpt":{"rendered":"<p>Bunlar benim sultan y\u0131llar\u0131m burcum b\u00f6yle buyuruyor Yan\u0131ltmaya burcumu \u00e7apra\u015f\u0131k yollara dal\u0131yorum kaybolmaya bir anda bulvarlara \u00e7\u0131k\u0131yorum. Silah \u00e7ekiyorum g\u00f6z\u00fc kapal\u0131 ilk at\u0131\u015fta on ikiden vuruyorum.<span class=\"excerpt-hellip\"> [\u2026]<\/span><\/p>\n","protected":false},"featured_media":0,"template":"","meta":{"_monsterinsights_skip_tracking":false,"_monsterinsights_sitenote_active":false,"_monsterinsights_sitenote_note":"","_monsterinsights_sitenote_category":0},"product_brand":[],"product_cat":[12291,12509],"product_tag":[],"class_list":{"0":"post-733285","1":"product","2":"type-product","3":"status-publish","5":"product_cat-edebiyat","6":"product_cat-siir","7":"pa_cilt-ciltsiz","8":"pa_tur-kitap","9":"pa_yayinevi-everest-yayinlari","10":"pa_yazar-turkan-ildeniz","12":"first","13":"instock","14":"sale","15":"shipping-taxable","16":"purchasable","17":"product-type-simple"},"_links":{"self":[{"href":"https:\/\/roveyayinevi.com.tr\/index.php\/wp-json\/wp\/v2\/product\/733285","targetHints":{"allow":["GET"]}}],"collection":[{"href":"https:\/\/roveyayinevi.com.tr\/index.php\/wp-json\/wp\/v2\/product"}],"about":[{"href":"https:\/\/roveyayinevi.com.tr\/index.php\/wp-json\/wp\/v2\/types\/product"}],"wp:attachment":[{"href":"https:\/\/roveyayinevi.com.tr\/index.php\/wp-json\/wp\/v2\/media?parent=733285"}],"wp:term":[{"taxonomy":"product_brand","embeddable":true,"href":"https:\/\/roveyayinevi.com.tr\/index.php\/wp-json\/wp\/v2\/product_brand?post=733285"},{"taxonomy":"product_cat","embeddable":true,"href":"https:\/\/roveyayinevi.com.tr\/index.php\/wp-json\/wp\/v2\/product_cat?post=733285"},{"taxonomy":"product_tag","embeddable":true,"href":"https:\/\/roveyayinevi.com.tr\/index.php\/wp-json\/wp\/v2\/product_tag?post=733285"}],"curies":[{"name":"wp","href":"https:\/\/api.w.org\/{rel}","templated":true}]}}