{"id":733276,"date":"2025-08-27T22:07:00","date_gmt":"2025-08-27T19:07:00","guid":{"rendered":"https:\/\/roveyayinevi.com.tr\/index.php\/urun\/1-lig-ampute-futbol-takimlarinda-bacak-ve-el-kavrama-kuvvetinin-sportif-performansa-etkisi\/"},"modified":"2026-04-16T02:40:54","modified_gmt":"2026-04-15T23:40:54","slug":"1-lig-ampute-futbol-takimlarinda-bacak-ve-el-kavrama-kuvvetinin-sportif-performansa-etkisi","status":"publish","type":"product","link":"https:\/\/roveyayinevi.com.tr\/index.php\/urun\/1-lig-ampute-futbol-takimlarinda-bacak-ve-el-kavrama-kuvvetinin-sportif-performansa-etkisi\/","title":{"rendered":"1. Lig Ampute Futbol Tak\u0131mlar\u0131nda Bacak ve El Kavrama Kuvvetinin Sportif Performansa Etkisi"},"content":{"rendered":"<p>1.G\u0130R\u0130\u015e 2.GENEL B\u0130LG\u0130LER 2.1.Engellilik 2.2. Engel \u00c7e\u0122itleri 2.3. Engelliler ve Spor 2.4. Bedensel Engellilerde Spor 2.5. Sporda Temel Motorik \u00d6zellikler 2.6. Ampute Futbol 2.7. Ampute Futbolun D\u00fcnyadaki ve \u00dclkemizdeki Geli\u0122imi 2.8. Ampute Futbolda Bacak ve El Kavrama Kuvvetinin \u00d6nemi 2.9.Sportif Performans 3. MATERYAL VE METOT 3.1.\u00c7al\u0131\u015fma Evreni ve \u00d6rneklem 3.2.Veri Toplama Ara\u00e7lar\u0131 3.3. Verilerin Analizi <\/p>\n","protected":false},"excerpt":{"rendered":"<p>1.G\u0130R\u0130\u015e 2.GENEL B\u0130LG\u0130LER 2.1.Engellilik 2.2. Engel \u00c7e\u0122itleri 2.3. Engelliler ve Spor 2.4. Bedensel Engellilerde Spor 2.5. Sporda Temel Motorik \u00d6zellikler 2.6. Ampute Futbol 2.7. Ampute Futbolun<span class=\"excerpt-hellip\"> [\u2026]<\/span><\/p>\n","protected":false},"featured_media":0,"template":"","meta":{"_monsterinsights_skip_tracking":false,"_monsterinsights_sitenote_active":false,"_monsterinsights_sitenote_note":"","_monsterinsights_sitenote_category":0},"product_brand":[],"product_cat":[15563,15564],"product_tag":[],"class_list":{"0":"post-733276","1":"product","2":"type-product","3":"status-publish","5":"product_cat-hobi","6":"product_cat-spor","7":"pa_cilt-ciltsiz","8":"pa_tur-kitap","9":"pa_yayinevi-gazi-kitabevi","10":"pa_yazar-mustafa-han-nurettin-konar","12":"first","13":"instock","14":"sale","15":"shipping-taxable","16":"purchasable","17":"product-type-simple"},"_links":{"self":[{"href":"https:\/\/roveyayinevi.com.tr\/index.php\/wp-json\/wp\/v2\/product\/733276","targetHints":{"allow":["GET"]}}],"collection":[{"href":"https:\/\/roveyayinevi.com.tr\/index.php\/wp-json\/wp\/v2\/product"}],"about":[{"href":"https:\/\/roveyayinevi.com.tr\/index.php\/wp-json\/wp\/v2\/types\/product"}],"wp:attachment":[{"href":"https:\/\/roveyayinevi.com.tr\/index.php\/wp-json\/wp\/v2\/media?parent=733276"}],"wp:term":[{"taxonomy":"product_brand","embeddable":true,"href":"https:\/\/roveyayinevi.com.tr\/index.php\/wp-json\/wp\/v2\/product_brand?post=733276"},{"taxonomy":"product_cat","embeddable":true,"href":"https:\/\/roveyayinevi.com.tr\/index.php\/wp-json\/wp\/v2\/product_cat?post=733276"},{"taxonomy":"product_tag","embeddable":true,"href":"https:\/\/roveyayinevi.com.tr\/index.php\/wp-json\/wp\/v2\/product_tag?post=733276"}],"curies":[{"name":"wp","href":"https:\/\/api.w.org\/{rel}","templated":true}]}}