{"id":733271,"date":"2025-08-27T22:06:55","date_gmt":"2025-08-27T19:06:55","guid":{"rendered":"https:\/\/roveyayinevi.com.tr\/index.php\/urun\/dunyadan-geriye-kalan\/"},"modified":"2026-04-16T02:40:54","modified_gmt":"2026-04-15T23:40:54","slug":"dunyadan-geriye-kalan","status":"publish","type":"product","link":"https:\/\/roveyayinevi.com.tr\/index.php\/urun\/dunyadan-geriye-kalan\/","title":{"rendered":"D\u00fcnyadan Geriye Kalan"},"content":{"rendered":"<p>\u201cDevrim bir hayaldir\u201d derler.   Fakat bug\u00fcn tam\u0131 tam\u0131na bir ihtiya\u00e7 oldu. S\u00fcreyya Su, D\u00fcnyadan Geriye Kalan\u2019da, devrimi hayal etmenin, d\u00fcnyay\u0131 de\u011fi\u015ftirmek i\u00e7in inatla m\u00fccadele etmenin ve sebatla \u00e7al\u0131\u015fman\u0131n gereklili\u011fi \u00fczerine bizi bir kez daha d\u00fc\u015f\u00fcnmeye \u00e7a\u011f\u0131r\u0131yor. \u00c7al\u0131\u015fma bir anlamda, devrimi hayal etmek i\u00e7in okuru meditasyona \u00e7a\u011f\u0131r\u0131yor. Kitap, \u00f6ncelikle ba\u015fka bir d\u00fcnyay\u0131 hayal edebilmek i\u00e7in ba\u015fka t\u00fcrl\u00fc d\u00fc\u015f\u00fcnebilmenin gerekli oldu\u011fundan hareket ederek kuramsal bir \u00e7er\u00e7eve \u00e7izen yaz\u0131lar\u0131 bir araya geliyor. Yazar burada bir anlamda, d\u00fcnyay\u0131 yorumlamak\/anlamak ve de\u011fi\u015ftirmek i\u00e7in gerekli olabilecek alet edevat\u0131 kutuya koyuyor. Sonra bu alet edevatla baz\u0131 olay ve olgular\u0131 yorumlamaya ve anlamaya giri\u015fiyor. Yazara g\u00f6re, d\u00fcnyay\u0131 de\u011fi\u015ftirmek i\u00e7in \u00f6nce \u00e7\u00f6z\u00fcmlemek ve yorumlamak gerekir ve b\u00f6ylece d\u00fcnyada meydana gelen baz\u0131 olaylar\u0131 teorik bak\u0131\u015fla \u00e7\u00f6z\u00fcml\u00fcyor ve yorumluyor. Su, \u00e7al\u0131\u015fmas\u0131n\u0131n devam\u0131nda da, d\u00fcnyadan geriye kalanlara; yani krizlere, \u015fiddete, adaletsizli\u011fe, g\u00fcvencesizli\u011fe, umutsuzlu\u011fa, utanmazl\u0131\u011fa, \u00e7er-\u00e7\u00f6pe, k\u00f6t\u00fcl\u00fc\u011fe, \u00f6l\u00fcme ele\u015ftirel teorik bir perspektifle bak\u0131yor.   D\u00fcnyadan Geriye Kalan, b\u00fcy\u00fcyen \u00e7\u00f6lle\u015fmeye kar\u015f\u0131 d\u00fcnyay\u0131 de\u011fi\u015ftirme ve ba\u015fka bir d\u00fcnya kurma iradesini, ba\u015fka d\u00fcnyalar\u0131 hayal etme ve tasarlamay\u0131, ba\u015fka d\u00fcnyalar\u0131n olanaklar\u0131 \u00fczerine d\u00fc\u015f\u00fcnmeyi koyuyor. <\/p>\n","protected":false},"excerpt":{"rendered":"<p>\u201cDevrim bir hayaldir\u201d derler. Fakat bug\u00fcn tam\u0131 tam\u0131na bir ihtiya\u00e7 oldu. S\u00fcreyya Su, D\u00fcnyadan Geriye Kalan\u2019da, devrimi hayal etmenin, d\u00fcnyay\u0131 de\u011fi\u015ftirmek i\u00e7in inatla m\u00fccadele etmenin ve<span class=\"excerpt-hellip\"> [\u2026]<\/span><\/p>\n","protected":false},"featured_media":0,"template":"","meta":{"_monsterinsights_skip_tracking":false,"_monsterinsights_sitenote_active":false,"_monsterinsights_sitenote_note":"","_monsterinsights_sitenote_category":0},"product_brand":[],"product_cat":[12777,12291],"product_tag":[],"class_list":{"0":"post-733271","1":"product","2":"type-product","3":"status-publish","5":"product_cat-deneme","6":"product_cat-edebiyat","7":"pa_cilt-ciltsiz","8":"pa_tur-kitap","9":"pa_yayinevi-sumer-yayin","10":"pa_yazar-sureyya-su","12":"first","13":"instock","14":"sale","15":"shipping-taxable","16":"purchasable","17":"product-type-simple"},"_links":{"self":[{"href":"https:\/\/roveyayinevi.com.tr\/index.php\/wp-json\/wp\/v2\/product\/733271","targetHints":{"allow":["GET"]}}],"collection":[{"href":"https:\/\/roveyayinevi.com.tr\/index.php\/wp-json\/wp\/v2\/product"}],"about":[{"href":"https:\/\/roveyayinevi.com.tr\/index.php\/wp-json\/wp\/v2\/types\/product"}],"wp:attachment":[{"href":"https:\/\/roveyayinevi.com.tr\/index.php\/wp-json\/wp\/v2\/media?parent=733271"}],"wp:term":[{"taxonomy":"product_brand","embeddable":true,"href":"https:\/\/roveyayinevi.com.tr\/index.php\/wp-json\/wp\/v2\/product_brand?post=733271"},{"taxonomy":"product_cat","embeddable":true,"href":"https:\/\/roveyayinevi.com.tr\/index.php\/wp-json\/wp\/v2\/product_cat?post=733271"},{"taxonomy":"product_tag","embeddable":true,"href":"https:\/\/roveyayinevi.com.tr\/index.php\/wp-json\/wp\/v2\/product_tag?post=733271"}],"curies":[{"name":"wp","href":"https:\/\/api.w.org\/{rel}","templated":true}]}}