{"id":733258,"date":"2025-08-27T22:06:44","date_gmt":"2025-08-27T19:06:44","guid":{"rendered":"https:\/\/roveyayinevi.com.tr\/index.php\/urun\/dogru-beslen-saglikli-yasa-vucudun-5-savunma-sistemi-yiyecekler-hayatinizi-nasil-kurtarir\/"},"modified":"2026-04-07T02:50:26","modified_gmt":"2026-04-06T23:50:26","slug":"dogru-beslen-saglikli-yasa-vucudun-5-savunma-sistemi-yiyecekler-hayatinizi-nasil-kurtarir","status":"publish","type":"product","link":"https:\/\/roveyayinevi.com.tr\/index.php\/urun\/dogru-beslen-saglikli-yasa-vucudun-5-savunma-sistemi-yiyecekler-hayatinizi-nasil-kurtarir\/","title":{"rendered":"Do\u011fru Beslen Sa\u011fl\u0131kl\u0131 Ya\u015fa: V\u00fccudun 5 Savunma Sistemi &amp; Yiyecekler Hayat\u0131n\u0131z\u0131 Nas\u0131l Kurtar\u0131r?"},"content":{"rendered":"<p>\u201cKanser, kardiyovasku\u0308ler hastal\u0131klar ve diyabet gibi bula\u015f\u0131c\u0131 olmayan hastal\u0131klar modern toplumun en \u00e7ok kar\u015f\u0131 kar\u015f\u0131ya kald\u0131\u011f\u0131 sa\u011fl\u0131k sorunlar\u0131d\u0131r. \u0130la\u00e7 \u015firketleri ve sa\u011fl\u0131k sistemleri ise \u00e7\u00f6zu\u0308m bulma konusunda \u00e7ok yava\u015f, \u00e7ok pahal\u0131 ve \u00e7ok etkisiz kalmaktad\u0131r. Sa\u011fl\u0131k \u00e7antas\u0131ndaki eksik par\u00e7a besinlerdir. V\u00fccudumuzda geli\u015fen kronik hastal\u0131klara kar\u015f\u0131 en iyi \u00f6nlemin beslenme vas\u0131tas\u0131yla kendi bedenimizin sa\u011fl\u0131k savunmas\u0131n\u0131 harekete ge\u00e7irmek oldu\u011fu a\u00e7\u0131kt\u0131r.\u201d   Dr. William Li, d\u00fczinelerce hastal\u0131\u011f\u0131 \u00f6nleyebilen ve sa\u011fl\u0131\u011f\u0131 g\u00fc\u00e7lendiren iki y\u00fczden fazla yiyece\u011fin faydas\u0131na dair yap\u0131lm\u0131\u015f \u00e7al\u0131\u015fmalar\u0131 ortaya koyarak sa\u011fl\u0131\u011f\u0131m\u0131z\u0131 y\u00f6netme \u015feklimizi de\u011fi\u015ftiriyor. Yirmi be\u015fi ba\u011f\u0131\u015f\u0131kl\u0131k sistemini g\u00fc\u00e7lendirmeye y\u00f6nelik toplam elli tarifle zenginle\u015ftirilmi\u015f Do\u011fru Beslen Sa\u011fl\u0131kl\u0131 Ya\u015fa, hangi yiyeceklerden ka\u00e7\u0131n\u0131lmas\u0131 gerekti\u011fine de\u011fil, bunun yerine \u00f6\u011f\u00fcnlerinize ekledi\u011finiz taktirde v\u00fccudun savunma sistemlerini destekleyen erik, tar\u00e7\u0131n, \u00e7ay, zeytinya\u011f\u0131, domates, bal\u0131k, ek\u015fi mayal\u0131 ekmek gibi \u015fifal\u0131 g\u0131dalara odaklanan hem bilgilendirici hem de pratik bir rehberdir.   \u0130la\u00e7lar ve a\u015f\u0131lar hayatlar\u0131m\u0131z\u0131 yeniden kazanabilmemize yard\u0131mc\u0131 olacak yolu a\u00e7arken besinler bugu\u0308n ve her gu\u0308n alabilece\u011finiz ila\u00e7lard\u0131r. V\u00fccudunuz ile yedikleriniz hakk\u0131nda bildi\u011finizi d\u00fc\u015f\u00fcnd\u00fc\u011f\u00fcn\u00fcz her \u015feyi unutun ve v\u00fccudun kendini nas\u0131l iyile\u015ftirdi\u011fine dair yeni bilimi ke\u015ffedin.     Ya\u015fad\u0131\u011f\u0131m\u0131z pandeminin \u0131\u015f\u0131\u011f\u0131nda Do\u011fru Besle Sa\u011fl\u0131kl\u0131 Ya\u015fa \u015fimdi, her zaman oldu\u011fundan daha da amac\u0131na uygun. Bu kitapta yer alan bilgilerle ve Dr. William Li\u2019nin pandemi esnas\u0131nda geli\u015ftirerek ekledi\u011fi ba\u011f\u0131\u015f\u0131kl\u0131k g\u00fc\u00e7lendirici yirmi be\u015f yeni tarifle, koronaviru\u0308sle ve ba\u015fka bir\u00e7ok hastal\u0131kla sava\u015facak cephaneye sahip olacaks\u0131n\u0131z.   &#8220;Molek\u00fcler T\u0131p sonunda Molek\u00fcler Beslenme ile birle\u015fti! Son on y\u0131llard\u0131r ilkel bir &#8216;sa\u011fl\u0131kl\u0131 g\u0131dalar&#8217; anlay\u0131\u015f\u0131 benimsedik ve &#8216;g\u00fcnde bir elma doktoru uzak tutar&#8217; gibi \u00f6zdeyi\u015fleri uygulad\u0131k. Dr. Li bize sadece bir elman\u0131n neden sa\u011fl\u0131\u011fa faydalar\u0131 oldu\u011funu anlatmakla kalm\u0131yor, daha da \u00f6nemlisi hangi elma \u00e7e\u015fidinin en iyi oldu\u011funu s\u00f6yl\u00fcyor!&#8221; \u2015Dr. Andrew C. Von Eschenbach   &#8220;\u0130nsanlar\u0131 sevdikleri yiyeceklerden uzakla\u015ft\u0131ran pek \u00e7ok kitab\u0131n aksine, Do\u011fru Beslen Sa\u011fl\u0131kl\u0131 Ya\u015fa bize sevdi\u011fimiz yiyeceklerin asl\u0131nda sa\u011fl\u0131\u011f\u0131m\u0131z\u0131 ve canl\u0131l\u0131\u011f\u0131m\u0131z\u0131 nas\u0131l destekledi\u011fini g\u00f6steriyor. Sa\u011fl\u0131k arayan herkesin bu yeni klasi\u011fi okumas\u0131n\u0131; onun t\u00fcm detaylar\u0131n\u0131 arkada\u015flar\u0131na ve ailesine anlatmas\u0131n\u0131 \u00f6neriyorum.&#8221;\u2015Dr. Mark Hyman   &#8220;\u00c7\u0131\u011f\u0131r a\u00e7an bir doktor, do\u011fal savunma sistemlerimizi harekete ge\u00e7irmek i\u00e7in yiyecekleri nas\u0131l kullanabilece\u011fimizi ve sa\u011fl\u0131k i\u00e7in kendimizi nas\u0131l donatabilece\u011fimizi g\u00f6steriyor.&#8221;\u2015Dr. Mehmet \u00d6z   &#8220;Tar\u0131m Eski Bakan\u0131 olarak g\u00f6revlerimden biri halka yedikleri yiyecekler hakk\u0131nda modern, bilimsel temelli bilgiler vererek iyi sa\u011fl\u0131k ve beslenmeyi te\u015fvik etmekti. Dr. Li&#8217;nin kitab\u0131, sa\u011fl\u0131kl\u0131 beslenme, beslenme ve hastal\u0131klarla m\u00fccadele aras\u0131ndaki bilimsel ili\u015fki hakk\u0131nda okudu\u011fum en iyi anlat\u0131lardan biri. \u015eiddetle tavsiye ederim.&#8221; \u2015Dan Glickman   \u201cDr. William W. Li bir sa\u011fl\u0131k \u00f6nc\u00fcs\u00fc\u2026 Kitab\u0131nda okurlara daha sa\u011fl\u0131kl\u0131 bir ya\u015fam i\u00e7in ipu\u00e7lar\u0131 verirken ayn\u0131 zamanda v\u00fccutlar\u0131n\u0131n hastal\u0131klarla sava\u015fmas\u0131na yard\u0131mc\u0131 olabilmeleri i\u00e7in onlar\u0131 g\u00fc\u00e7lendiriyor.\u201d \u2014Arianna Huffington   &#8220;Yeni ve \u00e7\u0131\u011f\u0131r a\u00e7an bir \u00e7al\u0131\u015fmada Dr. William W. Li, her g\u00fcn ne yiyece\u011fimize dair daha iyi kararlar verebilmemiz i\u00e7in gerekli bilgi ve ara\u00e7lar\u0131 sa\u011fl\u0131yor. Bu kolay okunan kitap bir diyet kitab\u0131 de\u011fil, ne yedi\u011finizi daha iyi anlaman\u0131za yard\u0131mc\u0131 olacak bir rehber.\u201d\u2014Washington Book Review   &#8220;&#8216;Sa\u011fl\u0131\u011f\u0131n&#8217; do\u011fru bir \u015fekilde tan\u0131mlanmas\u0131n\u0131n ve g\u0131dalar\u0131n sa\u011fl\u0131\u011f\u0131 nas\u0131l etkiledi\u011fini net bir \u015fekilde anlamam\u0131z\u0131n zaman\u0131 geldi. Do\u011fru Beslen Sa\u011fl\u0131kl\u0131 Ya\u015fa bu vizyonu b\u00fcy\u00fck \u00f6l\u00e7\u00fcde yerine getiriyor \u2013 ve bunu ger\u00e7ek bilimle destekliyor. Dr. Li\u2019nin keyifli ve bilgilendirici kitab\u0131 sevdi\u011fimiz yiyecekleri kullanarak, sa\u011fl\u0131kl\u0131 ya\u015fam\u0131n hepimizin ula\u015fabilece\u011fi bir yerde oldu\u011funu anlat\u0131yor. Kaderinin kontrol\u00fc sende.&#8221; \u2015Louis J. Ignarro, 1998 Nobel T\u0131p \u00d6d\u00fcl\u00fc   &#8220;Do\u011fru Beslen Sa\u011fl\u0131kl\u0131 Ya\u015fa \u00e7\u0131\u011f\u0131r a\u00e7an bir kitap. Yazar, d\u00fcnyaca \u00fcnl\u00fc doktor ve biliminsan\u0131 Dr. William Li, v\u00fccudun kendi kendini iyile\u015ftirmesine yard\u0131mc\u0131 olacak kararlar alarak kendi sa\u011fl\u0131k kaderimizi kontrol etme g\u00fcc\u00fcne nas\u0131l sahip olabilece\u011fimizi g\u00f6zler \u00f6n\u00fcne seriyor. Dr. Li, 200&#8217;den fazla g\u0131dan\u0131n v\u00fccudumuzun savunmas\u0131n\u0131 g\u00fc\u00e7lendirerek faydal\u0131 sa\u011fl\u0131k sonu\u00e7lar\u0131na ula\u015fmam\u0131z\u0131 sa\u011flayabilece\u011fini anlat\u0131yor. Do\u011fru Beslen Sa\u011fl\u0131kl\u0131 Ya\u015fa mutlaka okunmal\u0131 \u2013 \u015fiddetle destekliyorum.&#8221; \u2015Dr. Dean Ornish <\/p>\n","protected":false},"excerpt":{"rendered":"<p>\u201cKanser, kardiyovasku\u0308ler hastal\u0131klar ve diyabet gibi bula\u015f\u0131c\u0131 olmayan hastal\u0131klar modern toplumun en \u00e7ok kar\u015f\u0131 kar\u015f\u0131ya kald\u0131\u011f\u0131 sa\u011fl\u0131k sorunlar\u0131d\u0131r. \u0130la\u00e7 \u015firketleri ve sa\u011fl\u0131k sistemleri ise \u00e7\u00f6zu\u0308m bulma<span class=\"excerpt-hellip\"> [\u2026]<\/span><\/p>\n","protected":false},"featured_media":0,"template":"","meta":{"_monsterinsights_skip_tracking":false,"_monsterinsights_sitenote_active":false,"_monsterinsights_sitenote_note":"","_monsterinsights_sitenote_category":0},"product_brand":[],"product_cat":[13402,13365],"product_tag":[],"class_list":{"0":"post-733258","1":"product","2":"type-product","3":"status-publish","5":"product_cat-beslenme-ve-diyet","6":"product_cat-saglik","7":"pa_cilt-ciltsiz","8":"pa_tur-kitap","9":"pa_yayinevi-nova-kitap","10":"pa_yazar-william-w-li","12":"first","13":"instock","14":"sale","15":"shipping-taxable","16":"purchasable","17":"product-type-simple"},"_links":{"self":[{"href":"https:\/\/roveyayinevi.com.tr\/index.php\/wp-json\/wp\/v2\/product\/733258","targetHints":{"allow":["GET"]}}],"collection":[{"href":"https:\/\/roveyayinevi.com.tr\/index.php\/wp-json\/wp\/v2\/product"}],"about":[{"href":"https:\/\/roveyayinevi.com.tr\/index.php\/wp-json\/wp\/v2\/types\/product"}],"wp:attachment":[{"href":"https:\/\/roveyayinevi.com.tr\/index.php\/wp-json\/wp\/v2\/media?parent=733258"}],"wp:term":[{"taxonomy":"product_brand","embeddable":true,"href":"https:\/\/roveyayinevi.com.tr\/index.php\/wp-json\/wp\/v2\/product_brand?post=733258"},{"taxonomy":"product_cat","embeddable":true,"href":"https:\/\/roveyayinevi.com.tr\/index.php\/wp-json\/wp\/v2\/product_cat?post=733258"},{"taxonomy":"product_tag","embeddable":true,"href":"https:\/\/roveyayinevi.com.tr\/index.php\/wp-json\/wp\/v2\/product_tag?post=733258"}],"curies":[{"name":"wp","href":"https:\/\/api.w.org\/{rel}","templated":true}]}}