{"id":733254,"date":"2025-08-27T22:06:39","date_gmt":"2025-08-27T19:06:39","guid":{"rendered":"https:\/\/roveyayinevi.com.tr\/index.php\/urun\/gel-de-inanma-sasirtici-osmanli-gercekleri-eglenceli-tarih\/"},"modified":"2026-04-16T02:40:54","modified_gmt":"2026-04-15T23:40:54","slug":"gel-de-inanma-sasirtici-osmanli-gercekleri-eglenceli-tarih","status":"publish","type":"product","link":"https:\/\/roveyayinevi.com.tr\/index.php\/urun\/gel-de-inanma-sasirtici-osmanli-gercekleri-eglenceli-tarih\/","title":{"rendered":"Gel de \u0130nanma \u015ea\u015f\u0131rt\u0131c\u0131 Osmanl\u0131 Ger\u00e7ekleri &#8211; E\u011flenceli Tarih"},"content":{"rendered":"<p>Gel de inanma! Neye mi? Tabii ki, Osmanl\u0131\u2019n\u0131n en tart\u0131\u015fmal\u0131 konular\u0131n\u0131n ayd\u0131nlat\u0131ld\u0131\u011f\u0131 bu kitapta yaz\u0131lanlara! Kafan\u0131zdaki soru i\u015faretleriyle ziyaret edece\u011finiz sayfalarda muhte\u015fem ger\u00e7ekleri \u00f6\u011freneceksiniz. Bazen \u00e7ok \u015fa\u015f\u0131racak, bazen de \u015fimdiye kadar zihninizde kabullendi\u011finiz bilgilerin do\u011frulu\u011fuyla kar\u015f\u0131la\u015f\u0131p gururlanacaks\u0131n\u0131z.\u201cGel De \u0130nanma\u201d ezberleri bozacak, 600 y\u0131l\u0131 a\u015fk\u0131n Osmanl\u0131 tarihine yeni bir bak\u0131\u015f a\u00e7\u0131s\u0131 kazand\u0131racak.\u015eimdi bu kitapta yaz\u0131lanlara gel de inanma!<\/p>\n","protected":false},"excerpt":{"rendered":"<p>Gel de inanma! Neye mi? Tabii ki, Osmanl\u0131\u2019n\u0131n en tart\u0131\u015fmal\u0131 konular\u0131n\u0131n ayd\u0131nlat\u0131ld\u0131\u011f\u0131 bu kitapta yaz\u0131lanlara! Kafan\u0131zdaki soru i\u015faretleriyle ziyaret edece\u011finiz sayfalarda muhte\u015fem ger\u00e7ekleri \u00f6\u011freneceksiniz. Bazen \u00e7ok<span class=\"excerpt-hellip\"> [\u2026]<\/span><\/p>\n","protected":false},"featured_media":0,"template":"","meta":{"_monsterinsights_skip_tracking":false,"_monsterinsights_sitenote_active":false,"_monsterinsights_sitenote_note":"","_monsterinsights_sitenote_category":0},"product_brand":[],"product_cat":[12274,12284],"product_tag":[],"class_list":{"0":"post-733254","1":"product","2":"type-product","3":"status-publish","5":"product_cat-cocuk-ve-genclik-kitaplari","6":"product_cat-hikayeler","7":"pa_cilt-ciltsiz","8":"pa_tur-kitap","9":"pa_yayinevi-eglenceli-bilgi-yayinlari","10":"pa_yazar-nasuh-matrakci","12":"first","13":"instock","14":"sale","15":"shipping-taxable","16":"purchasable","17":"product-type-simple"},"_links":{"self":[{"href":"https:\/\/roveyayinevi.com.tr\/index.php\/wp-json\/wp\/v2\/product\/733254","targetHints":{"allow":["GET"]}}],"collection":[{"href":"https:\/\/roveyayinevi.com.tr\/index.php\/wp-json\/wp\/v2\/product"}],"about":[{"href":"https:\/\/roveyayinevi.com.tr\/index.php\/wp-json\/wp\/v2\/types\/product"}],"wp:attachment":[{"href":"https:\/\/roveyayinevi.com.tr\/index.php\/wp-json\/wp\/v2\/media?parent=733254"}],"wp:term":[{"taxonomy":"product_brand","embeddable":true,"href":"https:\/\/roveyayinevi.com.tr\/index.php\/wp-json\/wp\/v2\/product_brand?post=733254"},{"taxonomy":"product_cat","embeddable":true,"href":"https:\/\/roveyayinevi.com.tr\/index.php\/wp-json\/wp\/v2\/product_cat?post=733254"},{"taxonomy":"product_tag","embeddable":true,"href":"https:\/\/roveyayinevi.com.tr\/index.php\/wp-json\/wp\/v2\/product_tag?post=733254"}],"curies":[{"name":"wp","href":"https:\/\/api.w.org\/{rel}","templated":true}]}}