{"id":733250,"date":"2025-08-27T22:06:34","date_gmt":"2025-08-27T19:06:34","guid":{"rendered":"https:\/\/roveyayinevi.com.tr\/index.php\/urun\/intibah-8\/"},"modified":"2026-04-16T02:40:54","modified_gmt":"2026-04-15T23:40:54","slug":"intibah-8","status":"publish","type":"product","link":"https:\/\/roveyayinevi.com.tr\/index.php\/urun\/intibah-8\/","title":{"rendered":"\u0130ntibah"},"content":{"rendered":"<p>\u201c\u0130nsan her ad\u0131m\u0131n\u0131 mezardan uzakla\u015fmak i\u00e7in atar, yine her ad\u0131mda mezara bir ad\u0131m daha yakla\u015f\u0131r! (Nitekim her nefesini hayat\u0131n\u0131 uzatmak i\u00e7in al\u0131r. Yine her nefeste hayat\u0131ndan bir nefeslik zaman azal\u0131r!) \u0130\u015fte Ali Bey de bu t\u00fcrden olarak \u00c7aml\u0131ca\u2019dan uzak kalmak arzusuyla yol de\u011fi\u015ftirmeye ba\u015flad\u0131 fakat her yol de\u011fi\u015ftirdik\u00e7e \u00c7aml\u0131ca\u2019ya daha kestirme ula\u015fan bir soka\u011fa girerdi.\u201d   Yurtseverlik ve millet gibi kavramlar\u0131n T\u00fcrk d\u00fc\u015f\u00fcnce hayat\u0131na girmesine b\u00fcy\u00fck katk\u0131s\u0131 olan ve \u201cVatan \u015eairi\u201d olarak tarihe ge\u00e7en Nam\u0131k Kemal, \u00f6l\u00fcms\u00fcz eseri Vatan Yahut Silistre\u2019nin sahnelenmesinin ard\u0131ndan Ma\u011fusa\u2019ya s\u00fcrg\u00fcne g\u00f6nderildi. \u0130lk roman\u0131 \u0130ntibah\u2019\u0131 bu s\u00fcrg\u00fcnde kaleme alan Kemal, hem T\u00fcrk halk edebiyat\u0131ndan hem de Romantizm ak\u0131m\u0131ndan etkilenerek ortaya toplumsal ve psikolojik tahlillerle dolu unutulmaz bir eser \u00e7\u0131kard\u0131.   Zengin bir ailenin \u00e7ocu\u011fu olan Ali Bey, \u00c7aml\u0131ca\u2019da Mehpeyker adl\u0131 bir kad\u0131nla tan\u0131\u015f\u0131r. Mehpeyker\u2019in hayat tarz\u0131 nedeniyle Ali Bey\u2019in annesi, o\u011flunu b\u00f6yle bir kad\u0131ndan uzak tutmak ister ve Ali Bey\u2019in akl\u0131n\u0131 \u00e7elmek i\u00e7in evlerine Dila\u015fub ad\u0131nda bir k\u0131z getirir. Mehpeyker, ya\u015fad\u0131klar\u0131 tats\u0131zl\u0131klar\u0131n ard\u0131ndan Dila\u015fub\u2019la ilgilenmeye ba\u015flayan Ali Bey\u2019in kar\u015f\u0131s\u0131na tekrar \u00e7\u0131kacak ve hem kendisinin hem de Dila\u015fub ile Ali Bey\u2019in hayat\u0131 \u00f6l\u00fcmc\u00fcl bir \u015fekilde alt\u00fcst olacakt\u0131r.   \u0130ntibah, T\u00fcrk edebiyat\u0131n\u0131n ilk edebi roman\u0131. <\/p>\n","protected":false},"excerpt":{"rendered":"<p>\u201c\u0130nsan her ad\u0131m\u0131n\u0131 mezardan uzakla\u015fmak i\u00e7in atar, yine her ad\u0131mda mezara bir ad\u0131m daha yakla\u015f\u0131r! (Nitekim her nefesini hayat\u0131n\u0131 uzatmak i\u00e7in al\u0131r. Yine her nefeste hayat\u0131ndan<span class=\"excerpt-hellip\"> [\u2026]<\/span><\/p>\n","protected":false},"featured_media":0,"template":"","meta":{"_monsterinsights_skip_tracking":false,"_monsterinsights_sitenote_active":false,"_monsterinsights_sitenote_note":"","_monsterinsights_sitenote_category":0},"product_brand":[],"product_cat":[12291,12711],"product_tag":[],"class_list":{"0":"post-733250","1":"product","2":"type-product","3":"status-publish","5":"product_cat-edebiyat","6":"product_cat-roman-oyku","7":"pa_cilt-ciltsiz","8":"pa_tur-kitap","9":"pa_yayinevi-ithaki-yayinlari","10":"pa_yazar-namik-kemal","12":"first","13":"instock","14":"sale","15":"shipping-taxable","16":"purchasable","17":"product-type-simple"},"_links":{"self":[{"href":"https:\/\/roveyayinevi.com.tr\/index.php\/wp-json\/wp\/v2\/product\/733250","targetHints":{"allow":["GET"]}}],"collection":[{"href":"https:\/\/roveyayinevi.com.tr\/index.php\/wp-json\/wp\/v2\/product"}],"about":[{"href":"https:\/\/roveyayinevi.com.tr\/index.php\/wp-json\/wp\/v2\/types\/product"}],"wp:attachment":[{"href":"https:\/\/roveyayinevi.com.tr\/index.php\/wp-json\/wp\/v2\/media?parent=733250"}],"wp:term":[{"taxonomy":"product_brand","embeddable":true,"href":"https:\/\/roveyayinevi.com.tr\/index.php\/wp-json\/wp\/v2\/product_brand?post=733250"},{"taxonomy":"product_cat","embeddable":true,"href":"https:\/\/roveyayinevi.com.tr\/index.php\/wp-json\/wp\/v2\/product_cat?post=733250"},{"taxonomy":"product_tag","embeddable":true,"href":"https:\/\/roveyayinevi.com.tr\/index.php\/wp-json\/wp\/v2\/product_tag?post=733250"}],"curies":[{"name":"wp","href":"https:\/\/api.w.org\/{rel}","templated":true}]}}