{"id":733237,"date":"2025-08-27T22:06:19","date_gmt":"2025-08-27T19:06:19","guid":{"rendered":"https:\/\/roveyayinevi.com.tr\/index.php\/urun\/muslumanin-takvimi-arabi-aylar-ve-mubarek-zamanlar\/"},"modified":"2026-04-16T02:40:53","modified_gmt":"2026-04-15T23:40:53","slug":"muslumanin-takvimi-arabi-aylar-ve-mubarek-zamanlar","status":"publish","type":"product","link":"https:\/\/roveyayinevi.com.tr\/index.php\/urun\/muslumanin-takvimi-arabi-aylar-ve-mubarek-zamanlar\/","title":{"rendered":"M\u00fcsl\u00fcman\u0131n Takvimi &#8211; Arabi Aylar ve M\u00fcbarek Zamanlar"},"content":{"rendered":"<p>\u00c7ocuklu\u011funda saray terbiyesi alm\u0131\u015f, Naz\u0131me Sultan&#8217;\u0131n bir ara vekilhar\u00e7l\u0131\u011f\u0131n\u0131 yapm\u0131\u015f ve gen\u00e7 ya\u015f\u0131nda 1001 g\u00fcn Yenikap\u0131 Mevlevihanesi&#8217;nde \u00e7ile doldurarak &#8220;dede&#8221; olmu\u015f bir koca Mevlev\u00ee&#8230; Esad Dede&#8217;den Mesnev\u00ee okumu\u015f ve mesnevihanl\u0131k icazeti alm\u0131\u015f, mai\u015fetini vak\u0131f gelirinden ya da tekke tahsisat\u0131ndan de\u011fil elinin eme\u011fiyle \u00e7\u0131karmak i\u00e7in matbuat d\u00fcnyas\u0131na at\u0131lm\u0131\u015f bir kalem ehli&#8230; \u0130slam\u0131n temel ilimlerini ve tarihini as\u0131l kaynaklar\u0131ndan okumu\u015f bir \u0130slam \u00e2limi&#8230; II. Abd\u00fclhamid devrinden  cumhuriyete \u00e7ok zor zamanlar ya\u015fam\u0131\u015f bir \u00e7ileke\u015f&#8230; Sadece yay\u0131mlad\u0131\u011f\u0131 eserlerle de\u011fil hem mekteplerde hem de cami k\u00fcrs\u00fclerinde halka olan talim ve ir\u015fat g\u00f6revini ifa etmi\u015f bir dava insan\u0131&#8230; Kitaplarla ve k\u00fct\u00fcphane ile ge\u00e7en bereketli bir \u00f6m\u00fcr&#8230; Son devrin en b\u00fcy\u00fck mesnevih\u00e2nlar\u0131ndan Tahir\u00fc&#8217;l-Mevlev\u00ee&#8217;nin Mahfil dergisinde kaleme ald\u0131\u011f\u0131 kamer\u00ee ve \u0130slam\u00ee aylar sadece bu aylar\u0131n l\u00fcgat ve \u0131st\u0131lah manalar\u0131n\u0131 i\u00e7ermiyor, ayn\u0131 zamanda son d\u00f6nem Osmanl\u0131 co\u011frafyas\u0131nda bu aylara dair sosyal, k\u00fclt\u00fcrel ve g\u00fcndelik ya\u015fant\u0131y\u0131 da tasvir ediyor. \u0130badet ve zikir a\u00e7\u0131s\u0131ndan m\u00fcbarek g\u00fcnler, geceler, kandiller \u0130slam tarihinin zengin \u00f6rnekleri ile izah ediliyor. Hele Ramazan-\u0131 \u015eerif&#8217;e dair kaleme ald\u0131\u011f\u0131 yaz\u0131lar ba\u015ftan a\u015fa\u011f\u0131 zengin bir ar\u015fiv niteli\u011finde. Yakla\u015f\u0131k bir as\u0131r \u00f6nce bize b\u00f6yle b\u00fcy\u00fck bir hazine b\u0131rakan \u00dcstad Tahir\u00fc&#8217;l-Mevlev\u00ee&#8217;nin bu emek mahsul\u00fc yaz\u0131lar\u0131n\u0131 Tuba \u0130\u015f\u00e7imen yeni yaz\u0131ya aktarmakla kalmad\u0131, bug\u00fcn unutulmaya y\u00fcz tutmu\u015f kavramlar\u0131 ve kelimeleri de \u00fcstad\u0131n \u00fcslubuna zarar vermeyecek \u015fekilde metin i\u00e7erisinde g\u00f6sterdi.<\/p>\n","protected":false},"excerpt":{"rendered":"<p>\u00c7ocuklu\u011funda saray terbiyesi alm\u0131\u015f, Naz\u0131me Sultan&#8217;\u0131n bir ara vekilhar\u00e7l\u0131\u011f\u0131n\u0131 yapm\u0131\u015f ve gen\u00e7 ya\u015f\u0131nda 1001 g\u00fcn Yenikap\u0131 Mevlevihanesi&#8217;nde \u00e7ile doldurarak &#8220;dede&#8221; olmu\u015f bir koca Mevlev\u00ee&#8230; Esad Dede&#8217;den<span class=\"excerpt-hellip\"> [\u2026]<\/span><\/p>\n","protected":false},"featured_media":0,"template":"","meta":{"_monsterinsights_skip_tracking":false,"_monsterinsights_sitenote_active":false,"_monsterinsights_sitenote_note":"","_monsterinsights_sitenote_category":0},"product_brand":[],"product_cat":[12718,12719,12720],"product_tag":[],"class_list":{"0":"post-733237","1":"product","2":"type-product","3":"status-publish","5":"product_cat-din","6":"product_cat-islam","7":"product_cat-tasavvuf-mezhepler-tarikatlar","8":"pa_cilt-ciltsiz","9":"pa_tur-kitap","10":"pa_yayinevi-sufi-kitap","11":"pa_yazar-tahirul-mevlevi","13":"first","14":"instock","15":"sale","16":"shipping-taxable","17":"purchasable","18":"product-type-simple"},"_links":{"self":[{"href":"https:\/\/roveyayinevi.com.tr\/index.php\/wp-json\/wp\/v2\/product\/733237","targetHints":{"allow":["GET"]}}],"collection":[{"href":"https:\/\/roveyayinevi.com.tr\/index.php\/wp-json\/wp\/v2\/product"}],"about":[{"href":"https:\/\/roveyayinevi.com.tr\/index.php\/wp-json\/wp\/v2\/types\/product"}],"wp:attachment":[{"href":"https:\/\/roveyayinevi.com.tr\/index.php\/wp-json\/wp\/v2\/media?parent=733237"}],"wp:term":[{"taxonomy":"product_brand","embeddable":true,"href":"https:\/\/roveyayinevi.com.tr\/index.php\/wp-json\/wp\/v2\/product_brand?post=733237"},{"taxonomy":"product_cat","embeddable":true,"href":"https:\/\/roveyayinevi.com.tr\/index.php\/wp-json\/wp\/v2\/product_cat?post=733237"},{"taxonomy":"product_tag","embeddable":true,"href":"https:\/\/roveyayinevi.com.tr\/index.php\/wp-json\/wp\/v2\/product_tag?post=733237"}],"curies":[{"name":"wp","href":"https:\/\/api.w.org\/{rel}","templated":true}]}}