{"id":733222,"date":"2025-08-27T22:05:31","date_gmt":"2025-08-27T19:05:31","guid":{"rendered":"https:\/\/roveyayinevi.com.tr\/index.php\/urun\/kadinin-degisen-dunyasi\/"},"modified":"2026-04-16T02:40:53","modified_gmt":"2026-04-15T23:40:53","slug":"kadinin-degisen-dunyasi","status":"publish","type":"product","link":"https:\/\/roveyayinevi.com.tr\/index.php\/urun\/kadinin-degisen-dunyasi\/","title":{"rendered":"Kad\u0131n\u0131n De\u011fi\u015fen D\u00fcnyas\u0131"},"content":{"rendered":"<p>II. ME\u015eRUT\u0130YET\u2019TE KADINLARIN DE\u011e\u0130\u015eEN TOPLUMSAL KONUMU\u2026 \u201cBu kitap, feminist tarih yaz\u0131m\u0131n\u0131n, Osmanl\u0131\u2019dan Cumhuriyet\u2019e ge\u00e7i\u015f s\u00fcrecinde belirleyici \u00f6nemi olan ve ger\u00e7ekten de\u011fi\u015fimin ve de\u011fi\u015fime kar\u015f\u0131 direnmenin bir laboratuvar\u0131n\u0131 olu\u015fturan bu d\u00f6neme ili\u015fkin kurdu\u011fu teorik \u00e7er\u00e7eveyi do\u011fruluyor. Ama bunu yaparken birincil kaynaklara, ar\u015fivlere dayanarak o \u00e7er\u00e7evenin i\u00e7ini yeni ve de\u011ferli bilgilerle zenginle\u015ftiriyor.\u201d Fatmag\u00fcl Berktay II. Me\u015frutiyet d\u00f6neminin en \u00f6nemli \u00f6zelli\u011fi kad\u0131n ve aile ya\u015fam\u0131nda yol a\u00e7t\u0131\u011f\u0131 d\u00f6n\u00fc\u015f\u00fcmd\u00fcr. 1908 Devrimi\u2019ni ger\u00e7ekle\u015ftiren Gen\u00e7 T\u00fcrklerin \u015fiar\u0131 olan \u201ch\u00fcrriyet, m\u00fcsavat, adalet, uhuvvet\u201d ilkeleri, 19. y\u00fczy\u0131l\u0131n sonundan itibaren Osmanl\u0131 kad\u0131nlar\u0131n\u0131n g\u00fcndeminde olan \u201cm\u00fcsavat-\u0131 tamme\u201d hayalini g\u00fcndeme getirmi\u015f ve d\u00f6nemin siyasal, ekonomik ko\u015fullar\u0131yla birle\u015ferek s\u0131n\u0131rl\u0131 da olsa bu alanda \u00f6nemli ad\u0131mlar\u0131n at\u0131lmas\u0131na yol a\u00e7m\u0131\u015ft\u0131r. Gen\u00e7 Osmanl\u0131lar, siyasal devrimin toplumsal devrimle tamamlanmas\u0131 gerekti\u011fi d\u00fc\u015f\u00fcncesindeydiler ve \u201ctoplumsal devrim\u201din merkezinde kad\u0131n\u0131n konumunun iyile\u015ftirilmesi ve ailenin d\u00f6n\u00fc\u015ft\u00fcr\u00fclmesi yer al\u0131yordu. Alan\u0131n\u0131n yetkin isimlerinin yazd\u0131\u011f\u0131 makalelerden olu\u015fan elinizdeki kitap; II. Me\u015frutiyet d\u00f6neminde kad\u0131n\u0131n de\u011fi\u015fen toplumsal konumunu, geleneksel ya\u015famdan modern ya\u015fama ge\u00e7i\u015fte kad\u0131n\u0131n d\u00f6n\u00fc\u015f\u00fcm s\u00fcrecini, Moral\u0131zade Vass\u00e2f Kadri\u2019nin Kad\u0131nlar Komitesi roman\u0131n\u0131, kad\u0131n hapishanelerinin fiziki ko\u015fullar\u0131n\u0131 ve mahkumlar\u0131n ya\u015fam \u015fartlar\u0131n\u0131, kad\u0131n i\u015f\u00e7ileri, felsefe ile kad\u0131nlar aras\u0131ndaki ili\u015fkiyi, Bat\u0131l\u0131 kad\u0131nlar\u0131n Osmanl\u0131 hemcinslerine yakla\u015f\u0131mlar\u0131n\u0131 ve sanat\u00e7\u0131 kad\u0131nlar\u0131 yeniden g\u00fcndeme ta\u015f\u0131yor.  \u201cKad\u0131n\u0131n De\u011fi\u015fen D\u00fcnyas\u0131: Osmanl\u0131 Sosyal ve K\u00fclt\u00fcrel Ya\u015fam\u0131ndan \u0130zler (1908-1918)\u201d, tarihimizin tansiyonu \u00e7ok y\u00fcksek bir d\u00f6nemine mercek tutuyor ve II. Me\u015frutiyet kad\u0131nlar\u0131n\u0131n izini s\u00fcr\u00fcyor\u2026<\/p>\n","protected":false},"excerpt":{"rendered":"<p>II. ME\u015eRUT\u0130YET\u2019TE KADINLARIN DE\u011e\u0130\u015eEN TOPLUMSAL KONUMU\u2026 \u201cBu kitap, feminist tarih yaz\u0131m\u0131n\u0131n, Osmanl\u0131\u2019dan Cumhuriyet\u2019e ge\u00e7i\u015f s\u00fcrecinde belirleyici \u00f6nemi olan ve ger\u00e7ekten de\u011fi\u015fimin ve de\u011fi\u015fime kar\u015f\u0131 direnmenin bir<span class=\"excerpt-hellip\"> [\u2026]<\/span><\/p>\n","protected":false},"featured_media":0,"template":"","meta":{"_monsterinsights_skip_tracking":false,"_monsterinsights_sitenote_active":false,"_monsterinsights_sitenote_note":"","_monsterinsights_sitenote_category":0},"product_brand":[],"product_cat":[13517,12304],"product_tag":[],"class_list":{"0":"post-733222","1":"product","2":"type-product","3":"status-publish","5":"product_cat-osmanli-tarihi","6":"product_cat-tarih","7":"pa_cilt-ciltsiz","8":"pa_tur-kitap","9":"pa_yayinevi-kronik-kitap","10":"pa_yazar-aysen-muderrisoglu","12":"first","13":"instock","14":"sale","15":"shipping-taxable","16":"purchasable","17":"product-type-simple"},"_links":{"self":[{"href":"https:\/\/roveyayinevi.com.tr\/index.php\/wp-json\/wp\/v2\/product\/733222","targetHints":{"allow":["GET"]}}],"collection":[{"href":"https:\/\/roveyayinevi.com.tr\/index.php\/wp-json\/wp\/v2\/product"}],"about":[{"href":"https:\/\/roveyayinevi.com.tr\/index.php\/wp-json\/wp\/v2\/types\/product"}],"wp:attachment":[{"href":"https:\/\/roveyayinevi.com.tr\/index.php\/wp-json\/wp\/v2\/media?parent=733222"}],"wp:term":[{"taxonomy":"product_brand","embeddable":true,"href":"https:\/\/roveyayinevi.com.tr\/index.php\/wp-json\/wp\/v2\/product_brand?post=733222"},{"taxonomy":"product_cat","embeddable":true,"href":"https:\/\/roveyayinevi.com.tr\/index.php\/wp-json\/wp\/v2\/product_cat?post=733222"},{"taxonomy":"product_tag","embeddable":true,"href":"https:\/\/roveyayinevi.com.tr\/index.php\/wp-json\/wp\/v2\/product_tag?post=733222"}],"curies":[{"name":"wp","href":"https:\/\/api.w.org\/{rel}","templated":true}]}}

Kadının Değişen Dünyası

<p>II. MEŞRUTİYET’TE KADINLARIN DEĞİŞEN TOPLUMSAL KONUMU… “Bu kitap, feminist tarih yazımının, Osmanlı’dan Cumhuriyet’e geçiş sürecinde belirleyici önemi olan ve gerçekten değişimin ve değişime karşı direnmenin bir laboratuvarını oluşturan bu döneme ilişkin kurduğu teorik çerçeveyi doğruluyor. Ama bunu yaparken birincil kaynaklara, arşivlere dayanarak o çerçevenin içini yeni ve değerli bilgilerle zenginleştiriyor.” Fatmagül Berktay II. Meşrutiyet döneminin en önemli özelliği kadın ve aile yaşamında yol açtığı dönüşümdür. 1908 Devrimi’ni gerçekleştiren Genç Türklerin şiarı olan “hürriyet, müsavat, adalet, uhuvvet” ilkeleri, 19. yüzyılın sonundan itibaren Osmanlı kadınlarının gündeminde olan “müsavat-ı tamme” hayalini gündeme getirmiş ve dönemin siyasal, ekonomik koşullarıyla birleşerek sınırlı da olsa bu alanda önemli adımların atılmasına yol açmıştır. Genç Osmanlılar, siyasal devrimin toplumsal devrimle tamamlanması gerektiği düşüncesindeydiler ve “toplumsal devrim”in merkezinde kadının konumunun iyileştirilmesi ve ailenin dönüştürülmesi yer alıyordu. Alanının yetkin isimlerinin yazdığı makalelerden oluşan elinizdeki kitap; II. Meşrutiyet döneminde kadının değişen toplumsal konumunu, geleneksel yaşamdan modern yaşama geçişte kadının dönüşüm sürecini, Moralızade Vassâf Kadri’nin Kadınlar Komitesi romanını, kadın hapishanelerinin fiziki koşullarını ve mahkumların yaşam şartlarını, kadın işçileri, felsefe ile kadınlar arasındaki ilişkiyi, Batılı kadınların Osmanlı hemcinslerine yaklaşımlarını ve sanatçı kadınları yeniden gündeme taşıyor.  “Kadının Değişen Dünyası: Osmanlı Sosyal ve Kültürel Yaşamından İzler (1908-1918)”, tarihimizin tansiyonu çok yüksek bir dönemine mercek tutuyor ve II. Meşrutiyet kadınlarının izini sürüyor…</p>

<p>II. MEŞRUTİYET’TE KADINLARIN DEĞİŞEN TOPLUMSAL KONUMU… “Bu kitap, feminist tarih yazımının, Osmanlı’dan Cumhuriyet’e geçiş sürecinde belirleyici önemi olan ve gerçekten değişimin ve değişime karşı direnmenin bir<span class="excerpt-hellip"> […]</span></p>
