{"id":733221,"date":"2025-08-27T22:05:30","date_gmt":"2025-08-27T19:05:30","guid":{"rendered":"https:\/\/roveyayinevi.com.tr\/index.php\/urun\/bir-insan-yetistirmek\/"},"modified":"2026-04-16T02:40:53","modified_gmt":"2026-04-15T23:40:53","slug":"bir-insan-yetistirmek","status":"publish","type":"product","link":"https:\/\/roveyayinevi.com.tr\/index.php\/urun\/bir-insan-yetistirmek\/","title":{"rendered":"Bir \u0130nsan Yeti\u015ftirmek"},"content":{"rendered":"<p>Tipik Ebeveynlik Yakla\u015f\u0131mlar\u0131n\u0131Yeniden D\u00fc\u015f\u00fcnmek \u0130\u00e7in G\u00fc\u00e7l\u00fc Bir Gerek\u00e7e Ebeveynlerin \u00f6nemli bir g\u00f6revi vard\u0131r: \u00c7ocuklar\u0131n\u0131n kim oldu\u011funu -becerileri, tercihleri, inan\u00e7lar\u0131, de\u011ferleri, karakterleri ve hedefleri- ke\u015ffetmek, bunu kabullenmek ve sonra buna g\u00f6re bir hayat s\u00fcrd\u00fcrmelerine yard\u0131mc\u0131 olmak. Yine de konu nereden ba\u015flamak gerekti\u011fine gelince bug\u00fcnlerde pek \u00e7ok ebeveyn bocal\u0131yor. \u00c7ocuklar\u0131n\u0131n ba\u011f\u0131ms\u0131z olmas\u0131n\u0131 istiyorlar, ancak k\u00f6t\u00fc se\u00e7imler yapacaklarsa de\u011fil. A\u015f\u0131r\u0131 bask\u0131c\u0131 olmaktan ka\u00e7\u0131nmak istiyorlar; ancak sonucunda kural tan\u0131maz, sayg\u0131s\u0131z bir \u00e7ocuklar\u0131 olacaksa de\u011fil. \u00c7ocuklar\u0131yla iyi bir ili\u015fkileri olsun istiyorlar, ancak otoritelerini kaybetmelerine sebep olacaksa de\u011fil. Ger\u00e7ekten duyulmak istiyorlar, ancak \u00e7\u0131\u011fl\u0131k atarak de\u011fil. G\u00f6revinizin, bir kil \u00f6be\u011fini (\u00e7ocu\u011funuzu) \u00f6ng\u00f6rd\u00fc\u011f\u00fcn\u00fcz bi\u00e7ime sokmak olmad\u0131\u011f\u0131n\u0131 fark edin: O bir kil \u00f6be\u011fi de\u011fil ve sizin de bu t\u00fcr bir g\u00fcc\u00fcn\u00fcz yok. Bir ebeveyn olarak en \u00e7ok istedi\u011finiz \u015fey etkilemektir, kontrol etmek de\u011fil. Bu etkiyi yapman\u0131n da birden fazla yolu var. Bir yol g\u00fc\u00e7 ve bask\u0131dan ge\u00e7er ama ba\u015fka bir yol daha var; ileti\u015fimi art\u0131ran, ili\u015fkileri iyile\u015ftiren ve Ger\u00e7ek D\u00fcnya\u2019da kar\u015f\u0131lar\u0131na \u00e7\u0131kacak \u015feylere \u00e7ocuklar\u0131 daha iyi haz\u0131rlayan bir yol. Tan\u0131nm\u0131\u015f \u00e7ocuk psikolo\u011fu ve New York Times \u00e7ok satan yazar\u0131 Ross W. Greene, daha iyi bir ebeveyn-\u00e7ocuk ili\u015fkisinin nas\u0131l geli\u015ftirilece\u011fini a\u00e7\u0131klarken ayn\u0131 zamanda empati, d\u00fcr\u00fcstl\u00fck, dayan\u0131kl\u0131l\u0131k ve ba\u011f\u0131ms\u0131zl\u0131k gibi duygular\u0131 besliyor. Sorunlar\u0131 i\u015fbirli\u011fi i\u00e7inde \u00e7\u00f6zme modeli sayesinde her iki tarafa da geli\u015fmek i\u00e7in alan tan\u0131yan, bir g\u00fcn kanatlar\u0131n\u0131 a\u00e7\u0131p u\u00e7mas\u0131 i\u00e7in \u00e7ocu\u011funuza sa\u011flam bir temel kazand\u0131racak y\u00f6nergeler ve ilham verici tavsiyeler sunuyor. Bir \u0130nsan Yeti\u015ftirmek; ebeveynler, \u00f6\u011fretmenler ve di\u011fer bak\u0131mverenler i\u00e7in oyunun kural\u0131n\u0131 de\u011fi\u015ftirecek. \u00c7ocu\u011funuzla daha iyi bir ili\u015fki kurmaya haz\u0131r m\u0131s\u0131n\u0131z?<\/p>\n","protected":false},"excerpt":{"rendered":"<p>Tipik Ebeveynlik Yakla\u015f\u0131mlar\u0131n\u0131Yeniden D\u00fc\u015f\u00fcnmek \u0130\u00e7in G\u00fc\u00e7l\u00fc Bir Gerek\u00e7e Ebeveynlerin \u00f6nemli bir g\u00f6revi vard\u0131r: \u00c7ocuklar\u0131n\u0131n kim oldu\u011funu -becerileri, tercihleri, inan\u00e7lar\u0131, de\u011ferleri, karakterleri ve hedefleri- ke\u015ffetmek, bunu kabullenmek<span class=\"excerpt-hellip\"> [\u2026]<\/span><\/p>\n","protected":false},"featured_media":0,"template":"","meta":{"_monsterinsights_skip_tracking":false,"_monsterinsights_sitenote_active":false,"_monsterinsights_sitenote_note":"","_monsterinsights_sitenote_category":0},"product_brand":[],"product_cat":[12831,12324],"product_tag":[],"class_list":{"0":"post-733221","1":"product","2":"type-product","3":"status-publish","5":"product_cat-aile-ve-cocuk","6":"product_cat-sosyoloji","7":"pa_cilt-ciltsiz","8":"pa_tur-kitap","9":"pa_yayinevi-kronik-kitap","10":"pa_yazar-ross-w-greene","12":"first","13":"instock","14":"sale","15":"shipping-taxable","16":"purchasable","17":"product-type-simple"},"_links":{"self":[{"href":"https:\/\/roveyayinevi.com.tr\/index.php\/wp-json\/wp\/v2\/product\/733221","targetHints":{"allow":["GET"]}}],"collection":[{"href":"https:\/\/roveyayinevi.com.tr\/index.php\/wp-json\/wp\/v2\/product"}],"about":[{"href":"https:\/\/roveyayinevi.com.tr\/index.php\/wp-json\/wp\/v2\/types\/product"}],"wp:attachment":[{"href":"https:\/\/roveyayinevi.com.tr\/index.php\/wp-json\/wp\/v2\/media?parent=733221"}],"wp:term":[{"taxonomy":"product_brand","embeddable":true,"href":"https:\/\/roveyayinevi.com.tr\/index.php\/wp-json\/wp\/v2\/product_brand?post=733221"},{"taxonomy":"product_cat","embeddable":true,"href":"https:\/\/roveyayinevi.com.tr\/index.php\/wp-json\/wp\/v2\/product_cat?post=733221"},{"taxonomy":"product_tag","embeddable":true,"href":"https:\/\/roveyayinevi.com.tr\/index.php\/wp-json\/wp\/v2\/product_tag?post=733221"}],"curies":[{"name":"wp","href":"https:\/\/api.w.org\/{rel}","templated":true}]}}