{"id":733218,"date":"2025-08-27T22:05:28","date_gmt":"2025-08-27T19:05:28","guid":{"rendered":"https:\/\/roveyayinevi.com.tr\/index.php\/urun\/olum-melegi-2\/"},"modified":"2026-04-16T02:40:53","modified_gmt":"2026-04-15T23:40:53","slug":"olum-melegi-2","status":"publish","type":"product","link":"https:\/\/roveyayinevi.com.tr\/index.php\/urun\/olum-melegi-2\/","title":{"rendered":"\u00d6l\u00fcm Mele\u011fi"},"content":{"rendered":"<p>SIRADAN B\u0130R KADININ TAR\u0130H\u0130N EN \u00d6L\u00dcMC\u00dcL SAVA\u015eINDA OLA\u011eAN\u00dcST\u00dc B\u0130R KAHRAMANA D\u00d6N\u00dc\u015eME H\u0130K\u00c2YES\u0130\u2026 Lyudmila Pavli\u00e7enko \u0130kinci D\u00fcnya Sava\u015f\u0131\u2019n\u0131n en \u015fiddetli, Nazi Almanyas\u0131\u2019n\u0131n yenilmezlik imaj\u0131n\u0131n en g\u00fc\u00e7l\u00fc oldu\u011fu y\u0131llarda bir kad\u0131n olarak cephede \u00e7arp\u0131\u015fm\u0131\u015ft\u0131r. Sovyetler Birli\u011fi\u2019nin ileri mevzilerinde, hatta d\u00fc\u015fman hatlar\u0131nda Nazi sava\u015f makinesine kar\u015f\u0131 sonu gelmez bir m\u00fccadele vermi\u015ftir. Almanlar\u0131n Sovyetler Birli\u011fi\u2019ne taarruzuyla, Ruslar\u0131n deyi\u015fiyle, B\u00fcy\u00fck Vatan Sava\u015f\u0131 patlak verir vermez Pavli\u00e7enko g\u00f6n\u00fcll\u00fc olarak askere yaz\u0131lm\u0131\u015f, keskin ni\u015fanc\u0131l\u0131\u011fa yetenekli vatansever bir Sovyet kad\u0131n\u0131ndan; d\u00fcnya tarihinde en fazla d\u00fc\u015fman askeri \u00f6ld\u00fcrm\u00fc\u015f keskin ni\u015fanc\u0131lardan birine, Sovyet halk\u0131 i\u00e7in b\u00fcy\u00fck bir ilham kayna\u011f\u0131na d\u00f6n\u00fc\u015fm\u00fc\u015ft\u00fcr. Sava\u015fa 26 Haziran 1941\u2019de K\u0131z\u0131l Ordu saflar\u0131nda kat\u0131lan Pavli\u00e7enko ilk olarak Odessa, iki ay sonra ise Sivastopol savunmalar\u0131nda g\u00f6rev yapm\u0131\u015ft\u0131r. \u00d6nce Rumen ard\u0131ndan Alman i\u015fgalcilere kar\u015f\u0131 g\u00f6z\u00fc pek bir m\u00fccadele i\u00e7erisinde bulunan Pavli\u00e7enko kitap boyunca ald\u0131\u011f\u0131 e\u011fitimi, bulundu\u011fu ko\u015fullar\u0131, y\u00fcr\u00fctt\u00fc\u011f\u00fc operasyonlar\u0131, omuz omuza \u00e7arp\u0131\u015ft\u0131\u011f\u0131 yolda\u015flar\u0131n\u0131 b\u00fct\u00fcn a\u00e7\u0131kl\u0131\u011f\u0131yla aktar\u0131yor. Kitab\u0131n \u00e7ekirde\u011fini ise Pavli\u00e7enko\u2019nun cephede yasak olmas\u0131na ra\u011fmen gizlice tuttu\u011fu g\u00fcnl\u00fc\u011fe zaman zaman yazd\u0131\u011f\u0131 notlar olu\u015fturuyor. 1942 A\u011fustos\u2019unda bizzat Stalin\u2019in emriyle cepheden al\u0131narak Ulusal \u00d6\u011frenci Kongresi i\u00e7in ABD\u2019ye g\u00f6nderilen Lyudmila Pavli\u00e7enko burada ABD Ba\u015fkan\u0131 Franklin D. Roosevelt ile g\u00f6r\u00fc\u015fm\u00fc\u015f, e\u015fi Elanor Roosevelt ile arkada\u015fl\u0131k kurmu\u015ftur. ABD\u2019de Sovyetlerin cephede verdikleri \u00e7etin m\u00fccadeleyi \u00e7e\u015fitli mecralarda anlatm\u0131\u015f ve ard\u0131ndan bu g\u00f6revine \u0130ngiltere\u2019de devam etmi\u015ftir. Cepheden binlerce kilometre \u00f6tede vatan\u0131n\u0131 savunmaya devam eden Pavli\u00e7enko Sovyetler Birli\u011fi\u2019ne d\u00f6nd\u00fckten sonra da keskin ni\u015fanc\u0131 okulunda e\u011fitmen olarak orduda hizmet vermeyi s\u00fcrd\u00fcrm\u00fc\u015ft\u00fcr. \u00d6l\u00fcm Mele\u011fi keskin ni\u015fanc\u0131 t\u00fcfe\u011fiyle 309 d\u00fc\u015fman askerini \u00f6ld\u00fcrerek d\u00fcnya sava\u015f tarihine ge\u00e7en Pavli\u00e7enko\u2019nun (Lady Death) ya\u015fad\u0131klar\u0131n\u0131 canl\u0131 bir \u015fekilde sunuyor. <\/p>\n","protected":false},"excerpt":{"rendered":"<p>SIRADAN B\u0130R KADININ TAR\u0130H\u0130N EN \u00d6L\u00dcMC\u00dcL SAVA\u015eINDA OLA\u011eAN\u00dcST\u00dc B\u0130R KAHRAMANA D\u00d6N\u00dc\u015eME H\u0130K\u00c2YES\u0130\u2026 Lyudmila Pavli\u00e7enko \u0130kinci D\u00fcnya Sava\u015f\u0131\u2019n\u0131n en \u015fiddetli, Nazi Almanyas\u0131\u2019n\u0131n yenilmezlik imaj\u0131n\u0131n en g\u00fc\u00e7l\u00fc oldu\u011fu<span class=\"excerpt-hellip\"> [\u2026]<\/span><\/p>\n","protected":false},"featured_media":0,"template":"","meta":{"_monsterinsights_skip_tracking":false,"_monsterinsights_sitenote_active":false,"_monsterinsights_sitenote_note":"","_monsterinsights_sitenote_category":0},"product_brand":[],"product_cat":[13946,12304],"product_tag":[],"class_list":{"0":"post-733218","1":"product","2":"type-product","3":"status-publish","5":"product_cat-biyografi-otobiyografi","6":"product_cat-tarih","7":"pa_cilt-ciltsiz","8":"pa_tur-kitap","9":"pa_yayinevi-kronik-kitap","10":"pa_yazar-lyudmila-pavlicenko","12":"first","13":"instock","14":"sale","15":"shipping-taxable","16":"purchasable","17":"product-type-simple"},"_links":{"self":[{"href":"https:\/\/roveyayinevi.com.tr\/index.php\/wp-json\/wp\/v2\/product\/733218","targetHints":{"allow":["GET"]}}],"collection":[{"href":"https:\/\/roveyayinevi.com.tr\/index.php\/wp-json\/wp\/v2\/product"}],"about":[{"href":"https:\/\/roveyayinevi.com.tr\/index.php\/wp-json\/wp\/v2\/types\/product"}],"wp:attachment":[{"href":"https:\/\/roveyayinevi.com.tr\/index.php\/wp-json\/wp\/v2\/media?parent=733218"}],"wp:term":[{"taxonomy":"product_brand","embeddable":true,"href":"https:\/\/roveyayinevi.com.tr\/index.php\/wp-json\/wp\/v2\/product_brand?post=733218"},{"taxonomy":"product_cat","embeddable":true,"href":"https:\/\/roveyayinevi.com.tr\/index.php\/wp-json\/wp\/v2\/product_cat?post=733218"},{"taxonomy":"product_tag","embeddable":true,"href":"https:\/\/roveyayinevi.com.tr\/index.php\/wp-json\/wp\/v2\/product_tag?post=733218"}],"curies":[{"name":"wp","href":"https:\/\/api.w.org\/{rel}","templated":true}]}}