{"id":733207,"date":"2025-08-27T22:05:16","date_gmt":"2025-08-27T19:05:16","guid":{"rendered":"https:\/\/roveyayinevi.com.tr\/index.php\/urun\/kesif-yillari\/"},"modified":"2026-04-16T02:40:53","modified_gmt":"2026-04-15T23:40:53","slug":"kesif-yillari","status":"publish","type":"product","link":"https:\/\/roveyayinevi.com.tr\/index.php\/urun\/kesif-yillari\/","title":{"rendered":"Ke\u015fif Y\u0131llar\u0131"},"content":{"rendered":"<p>Bebeklikten \u00e7ocuklu\u011fa ge\u00e7i\u015f, geli\u015fimsel alanlar\u0131n her birinde ataklar\u0131n ya\u015fand\u0131\u011f\u0131, \u00e7ocu\u011fun becerileri kadar ihtiya\u00e7lar\u0131n\u0131n da g\u00f6zetilmesinin elzem oldu\u011fu \u00e7alkant\u0131l\u0131 bir s\u00fcre\u00e7tir. \u00c7ocu\u011funuzun duygular denizine yelken a\u00e7t\u0131\u011f\u0131 bu ilk yolculu\u011funda g\u00fcvenli liman sizsiniz; aran\u0131zdaki ba\u011f\u0131 in\u015fa edip kendini g\u00fcvende hissettirecek ve onunla birlikte y\u00fcr\u00fcyecek olan, sizsiniz.   Anne Baba Sihri ve Ho\u015f Geldin &#8211; \u0130lk \u0130ki Ya\u015f\u0131n Sihri ile \u00fclkemizde de \u00f6nemli bir okur kitlesi edinen \u00fcnl\u00fc psikolog ve aile terapisti Hedvig Montgomery, Ke\u015fif Y\u0131llar\u0131\u2019nda 2-6 ya\u015f d\u00f6nemini kapsayan kre\u015f ve anaokulu y\u0131llar\u0131na odaklan\u0131yor. Montgomery bu kitab\u0131nda, \u00e7ocu\u011fun \u00f6\u011frenme s\u00fcrecine e\u015flik etme, teknolojik alet kullan\u0131m\u0131, d\u00f6nemsel krizler, karde\u015f ve akran ili\u015fkileri, inatla\u015fma, \u00e7ocu\u011fun duygular\u0131n\u0131 g\u00f6rme, s\u0131n\u0131r koyma ve rehberlik etme gibi zorlay\u0131c\u0131 pek \u00e7ok alanda ebeveynlere \u0131\u015f\u0131k tutacak \u00f6nerilerini yal\u0131n ve i\u00e7ten bir dille sunuyor. Ke\u015fif Y\u0131llar\u0131, zorland\u0131\u011f\u0131m\u0131z konu ne olursa olsun, ba\u011f kurmaktan daha kolay ve \u015fefkatli bir yolun olmad\u0131\u011f\u0131n\u0131 fark etmemiz i\u00e7in harika bir yol g\u00f6sterici. <\/p>\n","protected":false},"excerpt":{"rendered":"<p>Bebeklikten \u00e7ocuklu\u011fa ge\u00e7i\u015f, geli\u015fimsel alanlar\u0131n her birinde ataklar\u0131n ya\u015fand\u0131\u011f\u0131, \u00e7ocu\u011fun becerileri kadar ihtiya\u00e7lar\u0131n\u0131n da g\u00f6zetilmesinin elzem oldu\u011fu \u00e7alkant\u0131l\u0131 bir s\u00fcre\u00e7tir. \u00c7ocu\u011funuzun duygular denizine yelken a\u00e7t\u0131\u011f\u0131 bu<span class=\"excerpt-hellip\"> [\u2026]<\/span><\/p>\n","protected":false},"featured_media":0,"template":"","meta":{"_monsterinsights_skip_tracking":false,"_monsterinsights_sitenote_active":false,"_monsterinsights_sitenote_note":"","_monsterinsights_sitenote_category":0},"product_brand":[],"product_cat":[12831,12324],"product_tag":[],"class_list":{"0":"post-733207","1":"product","2":"type-product","3":"status-publish","5":"product_cat-aile-ve-cocuk","6":"product_cat-sosyoloji","7":"pa_cilt-ciltsiz","8":"pa_tur-kitap","9":"pa_yayinevi-domingo-yayinevi","10":"pa_yazar-hedvig-montgomery","12":"first","13":"instock","14":"sale","15":"shipping-taxable","16":"purchasable","17":"product-type-simple"},"_links":{"self":[{"href":"https:\/\/roveyayinevi.com.tr\/index.php\/wp-json\/wp\/v2\/product\/733207","targetHints":{"allow":["GET"]}}],"collection":[{"href":"https:\/\/roveyayinevi.com.tr\/index.php\/wp-json\/wp\/v2\/product"}],"about":[{"href":"https:\/\/roveyayinevi.com.tr\/index.php\/wp-json\/wp\/v2\/types\/product"}],"wp:attachment":[{"href":"https:\/\/roveyayinevi.com.tr\/index.php\/wp-json\/wp\/v2\/media?parent=733207"}],"wp:term":[{"taxonomy":"product_brand","embeddable":true,"href":"https:\/\/roveyayinevi.com.tr\/index.php\/wp-json\/wp\/v2\/product_brand?post=733207"},{"taxonomy":"product_cat","embeddable":true,"href":"https:\/\/roveyayinevi.com.tr\/index.php\/wp-json\/wp\/v2\/product_cat?post=733207"},{"taxonomy":"product_tag","embeddable":true,"href":"https:\/\/roveyayinevi.com.tr\/index.php\/wp-json\/wp\/v2\/product_tag?post=733207"}],"curies":[{"name":"wp","href":"https:\/\/api.w.org\/{rel}","templated":true}]}}