{"id":733202,"date":"2025-08-27T22:05:11","date_gmt":"2025-08-27T19:05:11","guid":{"rendered":"https:\/\/roveyayinevi.com.tr\/index.php\/urun\/kendine-ait-bir-oda-8\/"},"modified":"2026-04-16T02:40:53","modified_gmt":"2026-04-15T23:40:53","slug":"kendine-ait-bir-oda-8","status":"publish","type":"product","link":"https:\/\/roveyayinevi.com.tr\/index.php\/urun\/kendine-ait-bir-oda-8\/","title":{"rendered":"Kendine Ait Bir Oda"},"content":{"rendered":"<p>Neden kad\u0131nlar de\u011fil de erkekler her yerde s\u00f6z sahibi olmak zorundaym\u0131\u015f? Woolf eli kalem tutan t\u00fcm kad\u0131nlara seslendi\u011fi bu metinde kad\u0131n\u0131n toplumdaki yerini ve ki\u015fisel de\u011ferini tart\u0131\u015f\u0131yor. Shakespeare\u2019e kendisi kadar yetenekli bir k\u0131z karde\u015f yaratarak onun d\u00f6neminde mahk\u00fbm edilece\u011fi sessizli\u011fi hayal ediyor ve bir \u00f6zg\u00fcrl\u00fck re\u00e7etesi yaz\u0131yor: Her kad\u0131n\u0131n yazmaya oturabilece\u011fi kendine ait bir odas\u0131 olmal\u0131! Kendine Ait Bir Oda, k\u00fclt\u00fcr d\u00fcnyas\u0131n\u0131n kap\u0131lar\u0131n\u0131 yumruklayan y\u00fcrekli bir manifesto. <\/p>\n","protected":false},"excerpt":{"rendered":"<p>Neden kad\u0131nlar de\u011fil de erkekler her yerde s\u00f6z sahibi olmak zorundaym\u0131\u015f? Woolf eli kalem tutan t\u00fcm kad\u0131nlara seslendi\u011fi bu metinde kad\u0131n\u0131n toplumdaki yerini ve ki\u015fisel de\u011ferini<span class=\"excerpt-hellip\"> [\u2026]<\/span><\/p>\n","protected":false},"featured_media":0,"template":"","meta":{"_monsterinsights_skip_tracking":false,"_monsterinsights_sitenote_active":false,"_monsterinsights_sitenote_note":"","_monsterinsights_sitenote_category":0},"product_brand":[],"product_cat":[12777,12291],"product_tag":[],"class_list":{"0":"post-733202","1":"product","2":"type-product","3":"status-publish","5":"product_cat-deneme","6":"product_cat-edebiyat","7":"pa_cilt-ciltsiz","8":"pa_tur-kitap","9":"pa_yayinevi-can-yayinlari","10":"pa_yazar-virginia-woolf","12":"first","13":"instock","14":"sale","15":"shipping-taxable","16":"purchasable","17":"product-type-simple"},"_links":{"self":[{"href":"https:\/\/roveyayinevi.com.tr\/index.php\/wp-json\/wp\/v2\/product\/733202","targetHints":{"allow":["GET"]}}],"collection":[{"href":"https:\/\/roveyayinevi.com.tr\/index.php\/wp-json\/wp\/v2\/product"}],"about":[{"href":"https:\/\/roveyayinevi.com.tr\/index.php\/wp-json\/wp\/v2\/types\/product"}],"wp:attachment":[{"href":"https:\/\/roveyayinevi.com.tr\/index.php\/wp-json\/wp\/v2\/media?parent=733202"}],"wp:term":[{"taxonomy":"product_brand","embeddable":true,"href":"https:\/\/roveyayinevi.com.tr\/index.php\/wp-json\/wp\/v2\/product_brand?post=733202"},{"taxonomy":"product_cat","embeddable":true,"href":"https:\/\/roveyayinevi.com.tr\/index.php\/wp-json\/wp\/v2\/product_cat?post=733202"},{"taxonomy":"product_tag","embeddable":true,"href":"https:\/\/roveyayinevi.com.tr\/index.php\/wp-json\/wp\/v2\/product_tag?post=733202"}],"curies":[{"name":"wp","href":"https:\/\/api.w.org\/{rel}","templated":true}]}}